{"id":702143,"date":"2025-08-27T15:14:12","date_gmt":"2025-08-27T12:14:12","guid":{"rendered":"https:\/\/roveyayinevi.com.tr\/index.php\/urun\/ilahi-komedya-araf\/"},"modified":"2026-04-16T02:11:23","modified_gmt":"2026-04-15T23:11:23","slug":"ilahi-komedya-araf","status":"publish","type":"product","link":"https:\/\/roveyayinevi.com.tr\/index.php\/urun\/ilahi-komedya-araf\/","title":{"rendered":"\u0130lahi Komedya &#8211; Araf"},"content":{"rendered":"<p>D\u00fcnya edebiyat\u0131n\u0131n en b\u00fcy\u00fck ba\u015fyap\u0131tlar\u0131ndan biri olan \u0130lahi Komedya \u00fc\u00e7 b\u00f6l\u00fcmden olu\u015fur: Cehennem, Araf ve Cennet. Dante Alighieri, hi\u00e7bir zaman sevgili Floransa\u2019s\u0131na d\u00f6nemedi\u011fi o me\u015fum s\u00fcrg\u00fcn y\u0131llar\u0131nda yazd\u0131\u011f\u0131 ve \u00f6teki d\u00fcnyaya yapt\u0131\u011f\u0131 d\u00fc\u015fsel geziyi anlatt\u0131\u011f\u0131 bu eserinde gen\u00e7 ya\u015f\u0131nda kaybetti\u011fi biricik a\u015fk\u0131 Beatrice\u2019sini ararken, bir yandan tanr\u0131sal d\u00fczenin gizlerini, bir yandan da antik \u00e7a\u011flar\u0131n ezoterik s\u0131rlar\u0131n\u0131 \u00e7\u00f6zmeye \u00e7al\u0131\u015f\u0131r. Elinizdeki kitap, Dante\u2019nin Araf\u2019a yapt\u0131\u011f\u0131 yolculu\u011fun \u00f6yk\u00fcs\u00fcd\u00fcr.  <\/p>\n","protected":false},"excerpt":{"rendered":"<p>D\u00fcnya edebiyat\u0131n\u0131n en b\u00fcy\u00fck ba\u015fyap\u0131tlar\u0131ndan biri olan \u0130lahi Komedya \u00fc\u00e7 b\u00f6l\u00fcmden olu\u015fur: Cehennem, Araf ve Cennet. Dante Alighieri, hi\u00e7bir zaman sevgili Floransa\u2019s\u0131na d\u00f6nemedi\u011fi o me\u015fum s\u00fcrg\u00fcn<span class=\"excerpt-hellip\"> [\u2026]<\/span><\/p>\n","protected":false},"featured_media":0,"template":"","meta":{"_monsterinsights_skip_tracking":false,"_monsterinsights_sitenote_active":false,"_monsterinsights_sitenote_note":"","_monsterinsights_sitenote_category":0},"product_brand":[],"product_cat":[12291,12711],"product_tag":[],"class_list":{"0":"post-702143","1":"product","2":"type-product","3":"status-publish","5":"product_cat-edebiyat","6":"product_cat-roman-oyku","7":"pa_cilt-ciltsiz","8":"pa_tur-kitap","9":"pa_yayinevi-altin-kitaplar","10":"pa_yazar-dante-alighieri","12":"first","13":"instock","14":"sale","15":"shipping-taxable","16":"purchasable","17":"product-type-simple"},"_links":{"self":[{"href":"https:\/\/roveyayinevi.com.tr\/index.php\/wp-json\/wp\/v2\/product\/702143","targetHints":{"allow":["GET"]}}],"collection":[{"href":"https:\/\/roveyayinevi.com.tr\/index.php\/wp-json\/wp\/v2\/product"}],"about":[{"href":"https:\/\/roveyayinevi.com.tr\/index.php\/wp-json\/wp\/v2\/types\/product"}],"wp:attachment":[{"href":"https:\/\/roveyayinevi.com.tr\/index.php\/wp-json\/wp\/v2\/media?parent=702143"}],"wp:term":[{"taxonomy":"product_brand","embeddable":true,"href":"https:\/\/roveyayinevi.com.tr\/index.php\/wp-json\/wp\/v2\/product_brand?post=702143"},{"taxonomy":"product_cat","embeddable":true,"href":"https:\/\/roveyayinevi.com.tr\/index.php\/wp-json\/wp\/v2\/product_cat?post=702143"},{"taxonomy":"product_tag","embeddable":true,"href":"https:\/\/roveyayinevi.com.tr\/index.php\/wp-json\/wp\/v2\/product_tag?post=702143"}],"curies":[{"name":"wp","href":"https:\/\/api.w.org\/{rel}","templated":true}]}}