{"id":702132,"date":"2025-08-27T15:14:08","date_gmt":"2025-08-27T12:14:08","guid":{"rendered":"https:\/\/roveyayinevi.com.tr\/index.php\/urun\/akpnin-onlenebilir-karsi-devrimi\/"},"modified":"2026-04-16T02:11:23","modified_gmt":"2026-04-15T23:11:23","slug":"akpnin-onlenebilir-karsi-devrimi","status":"publish","type":"product","link":"https:\/\/roveyayinevi.com.tr\/index.php\/urun\/akpnin-onlenebilir-karsi-devrimi\/","title":{"rendered":"AKP&#8217;nin \u00d6nlenebilir Kar\u015f\u0131 &#8211; Devrimi"},"content":{"rendered":"<p>12 y\u0131ll\u0131k AKP iktidar\u0131, 70 y\u0131ll\u0131k demokrasi kavgam\u0131zda nas\u0131l bir d\u00f6nemi temsil ediyor? Bu harekette sonunda milyonlarca insan\u0131 soka\u011fa d\u00f6ken kar\u015f\u0131-devrimci \u00f6\u011feler nelerdi? \ufffcTan\u0131t\u0131m Metni<\/p>\n","protected":false},"excerpt":{"rendered":"<p>12 y\u0131ll\u0131k AKP iktidar\u0131, 70 y\u0131ll\u0131k demokrasi kavgam\u0131zda nas\u0131l bir d\u00f6nemi temsil ediyor? Bu harekette sonunda milyonlarca insan\u0131 soka\u011fa d\u00f6ken kar\u015f\u0131-devrimci \u00f6\u011feler nelerdi? \ufffcTan\u0131t\u0131m Metni<\/p>\n","protected":false},"featured_media":0,"template":"","meta":{"_monsterinsights_skip_tracking":false,"_monsterinsights_sitenote_active":false,"_monsterinsights_sitenote_note":"","_monsterinsights_sitenote_category":0},"product_brand":[],"product_cat":[12337,14543],"product_tag":[],"class_list":{"0":"post-702132","1":"product","2":"type-product","3":"status-publish","5":"product_cat-politika-siyaset","6":"product_cat-turkiye-siyaseti-ve-politikasi","7":"pa_cilt-ciltsiz","8":"pa_tur-kitap","9":"pa_yayinevi-yordam-kitap","10":"pa_yazar-taner-timur","12":"first","13":"instock","14":"sale","15":"shipping-taxable","16":"purchasable","17":"product-type-simple"},"_links":{"self":[{"href":"https:\/\/roveyayinevi.com.tr\/index.php\/wp-json\/wp\/v2\/product\/702132","targetHints":{"allow":["GET"]}}],"collection":[{"href":"https:\/\/roveyayinevi.com.tr\/index.php\/wp-json\/wp\/v2\/product"}],"about":[{"href":"https:\/\/roveyayinevi.com.tr\/index.php\/wp-json\/wp\/v2\/types\/product"}],"wp:attachment":[{"href":"https:\/\/roveyayinevi.com.tr\/index.php\/wp-json\/wp\/v2\/media?parent=702132"}],"wp:term":[{"taxonomy":"product_brand","embeddable":true,"href":"https:\/\/roveyayinevi.com.tr\/index.php\/wp-json\/wp\/v2\/product_brand?post=702132"},{"taxonomy":"product_cat","embeddable":true,"href":"https:\/\/roveyayinevi.com.tr\/index.php\/wp-json\/wp\/v2\/product_cat?post=702132"},{"taxonomy":"product_tag","embeddable":true,"href":"https:\/\/roveyayinevi.com.tr\/index.php\/wp-json\/wp\/v2\/product_tag?post=702132"}],"curies":[{"name":"wp","href":"https:\/\/api.w.org\/{rel}","templated":true}]}}