{"id":702093,"date":"2025-08-27T15:13:54","date_gmt":"2025-08-27T12:13:54","guid":{"rendered":"https:\/\/roveyayinevi.com.tr\/index.php\/urun\/arapca-dilbilgisi-sarf-bilgisi\/"},"modified":"2025-08-31T14:20:14","modified_gmt":"2025-08-31T11:20:14","slug":"arapca-dilbilgisi-sarf-bilgisi","status":"publish","type":"product","link":"https:\/\/roveyayinevi.com.tr\/index.php\/urun\/arapca-dilbilgisi-sarf-bilgisi\/","title":{"rendered":"Arap\u00e7a Dilbilgisi Sarf Bilgisi"},"content":{"rendered":"<p>Bu kitap, Arap\u00e7a \u00d6\u011frenim s\u00fcrecindeki ilk a\u015famay\u0131 kat etmenize yard\u0131mc\u0131 olmay\u0131 sadece hedefleyen de\u011fil, ayn\u0131 zamanda bunu garanti etme iddias\u0131nda olan bir kitapt\u0131r. Bu kitab\u0131 okuyanlar, Arap\u00e7a \u00f6\u011frenmeye ilk ad\u0131m atan ki\u015finin hareke konusunda duydu\u011fu kayg\u0131 ve s\u0131k\u0131nt\u0131y\u0131 asla ya\u015famayacaklard\u0131r. Eser, bir ders kitab\u0131 niteli\u011finde haz\u0131rlanm\u0131\u015f olup, konular dengeli bir bi\u00e7imde da\u011f\u0131t\u0131lm\u0131\u015ft\u0131r. Sarf\u0131n belkemi\u011fini te\u015fkil eden fiil \u00e7ekimleri konusu, di\u011fer kitaplarda oldu\u011fu \u015fekliyle, b\u00fct\u00fcn varyantlar\u0131yla, tek bir yerde, y\u0131\u011fma bilgi halinde verilmemi\u015f, bunun yerine, her konuda fiil \u00e7ekimleri yer alacak \u015fekilde, konular\u0131n, zaman i\u00e7erisinde sindirilerek \u00f6\u011fretilmesi y\u00f6ntemi tercih edilmi\u015ftir. Konular\u0131n ders usul\u00fcne g\u00f6re haz\u0131rlanm\u0131\u015f olmas\u0131, gerek hoca,             gerekse \u00f6\u011frenci i\u00e7in b\u00fcy\u00fck bir avantaj sa\u011flamaktad\u0131r. Kitap; kolay ve anla\u015f\u0131l\u0131r bir anlat\u0131m diline sahip olu\u015fu, \u00f6zellikle tan\u0131mlar\u0131n\u0131n son derece a\u00e7\u0131k ve net olu\u015fu y\u00f6n\u00fcyle, amat\u00f6r dil merakl\u0131lar\u0131 ve A\u00e7\u0131k \u00d6\u011fretim Fak\u00fcltesi \u00f6\u011frencileri gibi, Arap\u00e7ay\u0131 bir hoca yard\u0131m\u0131 olmaks\u0131z\u0131n \u00f6\u011frenmek durumunda kalanlar i\u00e7in de son derece yararl\u0131 bir rehberdir.  \u0130\u015flenen konu ile ilgili olarak \u00e7ok say\u0131da \u00f6rnek ve al\u0131\u015ft\u0131rmalara yer verilmi\u015f olup, anlam\u0131n \u00f6n plana \u00e7\u0131kt\u0131\u011f\u0131 yerlerde \u00f6rnek kelimelerin T\u00fcrk\u00e7e kar\u015f\u0131l\u0131klar\u0131 da belirtilmi\u015ftir.<\/p>\n","protected":false},"excerpt":{"rendered":"<p>Bu kitap, Arap\u00e7a \u00d6\u011frenim s\u00fcrecindeki ilk a\u015famay\u0131 kat etmenize yard\u0131mc\u0131 olmay\u0131 sadece hedefleyen de\u011fil, ayn\u0131 zamanda bunu garanti etme iddias\u0131nda olan bir kitapt\u0131r. Bu kitab\u0131 okuyanlar,<span class=\"excerpt-hellip\"> [\u2026]<\/span><\/p>\n","protected":false},"featured_media":0,"template":"","meta":{"_monsterinsights_skip_tracking":false,"_monsterinsights_sitenote_active":false,"_monsterinsights_sitenote_note":"","_monsterinsights_sitenote_category":0},"product_brand":[],"product_cat":[14597,12566],"product_tag":[],"class_list":{"0":"post-702093","1":"product","2":"type-product","3":"status-publish","5":"product_cat-dil-ogrenimi","6":"product_cat-egitim","7":"pa_cilt-ciltsiz","8":"pa_tur-kitap","9":"pa_yayinevi-alfa-yayinlari","10":"pa_yazar-huseyin-gunday-sener-sahin","12":"first","13":"instock","14":"sale","15":"shipping-taxable","16":"purchasable","17":"product-type-simple"},"_links":{"self":[{"href":"https:\/\/roveyayinevi.com.tr\/index.php\/wp-json\/wp\/v2\/product\/702093","targetHints":{"allow":["GET"]}}],"collection":[{"href":"https:\/\/roveyayinevi.com.tr\/index.php\/wp-json\/wp\/v2\/product"}],"about":[{"href":"https:\/\/roveyayinevi.com.tr\/index.php\/wp-json\/wp\/v2\/types\/product"}],"wp:attachment":[{"href":"https:\/\/roveyayinevi.com.tr\/index.php\/wp-json\/wp\/v2\/media?parent=702093"}],"wp:term":[{"taxonomy":"product_brand","embeddable":true,"href":"https:\/\/roveyayinevi.com.tr\/index.php\/wp-json\/wp\/v2\/product_brand?post=702093"},{"taxonomy":"product_cat","embeddable":true,"href":"https:\/\/roveyayinevi.com.tr\/index.php\/wp-json\/wp\/v2\/product_cat?post=702093"},{"taxonomy":"product_tag","embeddable":true,"href":"https:\/\/roveyayinevi.com.tr\/index.php\/wp-json\/wp\/v2\/product_tag?post=702093"}],"curies":[{"name":"wp","href":"https:\/\/api.w.org\/{rel}","templated":true}]}}