{"id":702073,"date":"2025-08-27T15:13:46","date_gmt":"2025-08-27T12:13:46","guid":{"rendered":"https:\/\/roveyayinevi.com.tr\/index.php\/urun\/konusma-sanati-2\/"},"modified":"2026-01-26T02:17:47","modified_gmt":"2026-01-25T23:17:47","slug":"konusma-sanati-2","status":"publish","type":"product","link":"https:\/\/roveyayinevi.com.tr\/index.php\/urun\/konusma-sanati-2\/","title":{"rendered":"Konu\u015fma Sanat\u0131"},"content":{"rendered":"<p>Ki\u015fili\u011fimizi de, d\u00fc\u015f\u00fcnsel geli\u015fimimizi de belirleyen ana \u00f6l\u00e7\u00fct, konu\u015fmam\u0131zdaki yetkinli\u011fimizdir\u2026 Nas\u0131l konu\u015fuyoruz? S\u00f6ylemek istediklerimizi kar\u015f\u0131m\u0131zdakilere etkili, g\u00fczel bir bi\u00e7imde anlatabiliyor muyuz?Anlat\u0131m\u0131m\u0131z\u0131 engelleyen birtak\u0131m yanl\u0131\u015f al\u0131\u015fkanl\u0131klar\u0131m\u0131z var m\u0131? T\u00fcrk\u00e7eyi do\u011fru, g\u00fczel ve etkili bir bi\u00e7imde konu\u015fmak, yazmak isteyen herkes i\u00e7in\u2026 \ufffc<\/p>\n","protected":false},"excerpt":{"rendered":"<p>Ki\u015fili\u011fimizi de, d\u00fc\u015f\u00fcnsel geli\u015fimimizi de belirleyen ana \u00f6l\u00e7\u00fct, konu\u015fmam\u0131zdaki yetkinli\u011fimizdir\u2026 Nas\u0131l konu\u015fuyoruz? S\u00f6ylemek istediklerimizi kar\u015f\u0131m\u0131zdakilere etkili, g\u00fczel bir bi\u00e7imde anlatabiliyor muyuz?Anlat\u0131m\u0131m\u0131z\u0131 engelleyen birtak\u0131m yanl\u0131\u015f al\u0131\u015fkanl\u0131klar\u0131m\u0131z var<span class=\"excerpt-hellip\"> [\u2026]<\/span><\/p>\n","protected":false},"featured_media":0,"template":"","meta":{"_monsterinsights_skip_tracking":false,"_monsterinsights_sitenote_active":false,"_monsterinsights_sitenote_note":"","_monsterinsights_sitenote_category":0},"product_brand":[],"product_cat":[13072,12291],"product_tag":[],"class_list":{"0":"post-702073","1":"product","2":"type-product","3":"status-publish","5":"product_cat-arastirma-inceleme-referans","6":"product_cat-edebiyat","7":"pa_cilt-ciltsiz","8":"pa_tur-kitap","9":"pa_yayinevi-bilgi-yayinevi","10":"pa_yazar-emin-ozdemir","12":"first","13":"instock","14":"sale","15":"shipping-taxable","16":"purchasable","17":"product-type-simple"},"_links":{"self":[{"href":"https:\/\/roveyayinevi.com.tr\/index.php\/wp-json\/wp\/v2\/product\/702073","targetHints":{"allow":["GET"]}}],"collection":[{"href":"https:\/\/roveyayinevi.com.tr\/index.php\/wp-json\/wp\/v2\/product"}],"about":[{"href":"https:\/\/roveyayinevi.com.tr\/index.php\/wp-json\/wp\/v2\/types\/product"}],"wp:attachment":[{"href":"https:\/\/roveyayinevi.com.tr\/index.php\/wp-json\/wp\/v2\/media?parent=702073"}],"wp:term":[{"taxonomy":"product_brand","embeddable":true,"href":"https:\/\/roveyayinevi.com.tr\/index.php\/wp-json\/wp\/v2\/product_brand?post=702073"},{"taxonomy":"product_cat","embeddable":true,"href":"https:\/\/roveyayinevi.com.tr\/index.php\/wp-json\/wp\/v2\/product_cat?post=702073"},{"taxonomy":"product_tag","embeddable":true,"href":"https:\/\/roveyayinevi.com.tr\/index.php\/wp-json\/wp\/v2\/product_tag?post=702073"}],"curies":[{"name":"wp","href":"https:\/\/api.w.org\/{rel}","templated":true}]}}