{"id":702066,"date":"2025-08-27T15:13:44","date_gmt":"2025-08-27T12:13:44","guid":{"rendered":"https:\/\/roveyayinevi.com.tr\/index.php\/urun\/dirilis-6\/"},"modified":"2026-04-16T02:11:21","modified_gmt":"2026-04-15T23:11:21","slug":"dirilis-6","status":"publish","type":"product","link":"https:\/\/roveyayinevi.com.tr\/index.php\/urun\/dirilis-6\/","title":{"rendered":"Dirili\u015f"},"content":{"rendered":"<p>Tolstoy\u2019un en \u00f6nemli \u00fc\u00e7 roman\u0131ndan biri olan Dirili\u015f, insan\u0131n yozla\u015fm\u0131\u015f toplum i\u00e7inde ge\u00e7irdi\u011fi sars\u0131c\u0131 de\u011fi\u015fimin, vicdanla dirili\u015fin roman\u0131d\u0131r. Zengin Prens Nehl\u00fcdov, hizmet\u00e7i Maslova\u2019y\u0131 ba\u015ftan \u00e7\u0131kar\u0131p terk ederek h\u0131rs ve arzular\u0131n\u0131n pe\u015finden gider. Y\u0131llar sonra bir mahkeme salonunda Maslova ile kar\u015f\u0131la\u015f\u0131r Nehl\u00fcdov. Onu bu bata\u011fa kendisinin itti\u011finin fark\u0131na varan prens, adaletin yerine gelmesi i\u00e7in elinden geleni yapacak, bu k\u00f6kl\u00fc de\u011fi\u015fimin ya\u015fam\u0131n\u0131 d\u00f6n\u00fc\u015ft\u00fcrmesini y\u00fcrekten kabullenecektir. <\/p>\n","protected":false},"excerpt":{"rendered":"<p>Tolstoy\u2019un en \u00f6nemli \u00fc\u00e7 roman\u0131ndan biri olan Dirili\u015f, insan\u0131n yozla\u015fm\u0131\u015f toplum i\u00e7inde ge\u00e7irdi\u011fi sars\u0131c\u0131 de\u011fi\u015fimin, vicdanla dirili\u015fin roman\u0131d\u0131r. Zengin Prens Nehl\u00fcdov, hizmet\u00e7i Maslova\u2019y\u0131 ba\u015ftan \u00e7\u0131kar\u0131p terk<span class=\"excerpt-hellip\"> [\u2026]<\/span><\/p>\n","protected":false},"featured_media":0,"template":"","meta":{"_monsterinsights_skip_tracking":false,"_monsterinsights_sitenote_active":false,"_monsterinsights_sitenote_note":"","_monsterinsights_sitenote_category":0},"product_brand":[],"product_cat":[12291,13570],"product_tag":[],"class_list":{"0":"post-702066","1":"product","2":"type-product","3":"status-publish","5":"product_cat-edebiyat","6":"product_cat-rus-edebiyati","7":"pa_tur-kitap","8":"pa_yayinevi-timas-yayinlari","9":"pa_yazar-lev-nikolayevic-tolstoy","11":"first","12":"instock","13":"sale","14":"shipping-taxable","15":"purchasable","16":"product-type-simple"},"_links":{"self":[{"href":"https:\/\/roveyayinevi.com.tr\/index.php\/wp-json\/wp\/v2\/product\/702066","targetHints":{"allow":["GET"]}}],"collection":[{"href":"https:\/\/roveyayinevi.com.tr\/index.php\/wp-json\/wp\/v2\/product"}],"about":[{"href":"https:\/\/roveyayinevi.com.tr\/index.php\/wp-json\/wp\/v2\/types\/product"}],"wp:attachment":[{"href":"https:\/\/roveyayinevi.com.tr\/index.php\/wp-json\/wp\/v2\/media?parent=702066"}],"wp:term":[{"taxonomy":"product_brand","embeddable":true,"href":"https:\/\/roveyayinevi.com.tr\/index.php\/wp-json\/wp\/v2\/product_brand?post=702066"},{"taxonomy":"product_cat","embeddable":true,"href":"https:\/\/roveyayinevi.com.tr\/index.php\/wp-json\/wp\/v2\/product_cat?post=702066"},{"taxonomy":"product_tag","embeddable":true,"href":"https:\/\/roveyayinevi.com.tr\/index.php\/wp-json\/wp\/v2\/product_tag?post=702066"}],"curies":[{"name":"wp","href":"https:\/\/api.w.org\/{rel}","templated":true}]}}