{"id":702061,"date":"2025-08-27T15:13:42","date_gmt":"2025-08-27T12:13:42","guid":{"rendered":"https:\/\/roveyayinevi.com.tr\/index.php\/urun\/olimpiyatlar-ve-ilginc-tarihi\/"},"modified":"2026-04-16T02:11:21","modified_gmt":"2026-04-15T23:11:21","slug":"olimpiyatlar-ve-ilginc-tarihi","status":"publish","type":"product","link":"https:\/\/roveyayinevi.com.tr\/index.php\/urun\/olimpiyatlar-ve-ilginc-tarihi\/","title":{"rendered":"Olimpiyatlar ve \u0130lgin\u00e7 Tarihi"},"content":{"rendered":"<p>D\u00fcnyan\u0131n en \u00f6nemli spor olay\u0131 Olimpiyatlar hakk\u0131nda her \u015fey. Antik Yunan\u2019daki ba\u015flang\u0131c\u0131ndan g\u00fcn\u00fcm\u00fcze, Olimpiyatlar pek \u00e7ok spora ev sahipli\u011fi yapm\u0131\u015f, tarihin hangi d\u00f6neminde olursa olsun, \u00f6nemli ve heyecan verici bir spor olay\u0131 olarak g\u00f6r\u00fclm\u00fc\u015ft\u00fcr. <\/p>\n","protected":false},"excerpt":{"rendered":"<p>D\u00fcnyan\u0131n en \u00f6nemli spor olay\u0131 Olimpiyatlar hakk\u0131nda her \u015fey. Antik Yunan\u2019daki ba\u015flang\u0131c\u0131ndan g\u00fcn\u00fcm\u00fcze, Olimpiyatlar pek \u00e7ok spora ev sahipli\u011fi yapm\u0131\u015f, tarihin hangi d\u00f6neminde olursa olsun, \u00f6nemli<span class=\"excerpt-hellip\"> [\u2026]<\/span><\/p>\n","protected":false},"featured_media":0,"template":"","meta":{"_monsterinsights_skip_tracking":false,"_monsterinsights_sitenote_active":false,"_monsterinsights_sitenote_note":"","_monsterinsights_sitenote_category":0},"product_brand":[],"product_cat":[12370,12304],"product_tag":[],"class_list":{"0":"post-702061","1":"product","2":"type-product","3":"status-publish","5":"product_cat-arastirma-inceleme","6":"product_cat-tarih","7":"pa_tur-kitap","8":"pa_yayinevi-akil-celen-kitaplar","9":"pa_yazar-david-arscott","11":"first","12":"instock","13":"sale","14":"shipping-taxable","15":"purchasable","16":"product-type-simple"},"_links":{"self":[{"href":"https:\/\/roveyayinevi.com.tr\/index.php\/wp-json\/wp\/v2\/product\/702061","targetHints":{"allow":["GET"]}}],"collection":[{"href":"https:\/\/roveyayinevi.com.tr\/index.php\/wp-json\/wp\/v2\/product"}],"about":[{"href":"https:\/\/roveyayinevi.com.tr\/index.php\/wp-json\/wp\/v2\/types\/product"}],"wp:attachment":[{"href":"https:\/\/roveyayinevi.com.tr\/index.php\/wp-json\/wp\/v2\/media?parent=702061"}],"wp:term":[{"taxonomy":"product_brand","embeddable":true,"href":"https:\/\/roveyayinevi.com.tr\/index.php\/wp-json\/wp\/v2\/product_brand?post=702061"},{"taxonomy":"product_cat","embeddable":true,"href":"https:\/\/roveyayinevi.com.tr\/index.php\/wp-json\/wp\/v2\/product_cat?post=702061"},{"taxonomy":"product_tag","embeddable":true,"href":"https:\/\/roveyayinevi.com.tr\/index.php\/wp-json\/wp\/v2\/product_tag?post=702061"}],"curies":[{"name":"wp","href":"https:\/\/api.w.org\/{rel}","templated":true}]}}