{"id":702049,"date":"2025-08-27T15:13:38","date_gmt":"2025-08-27T12:13:38","guid":{"rendered":"https:\/\/roveyayinevi.com.tr\/index.php\/urun\/on-dokuzuncu-asir-turk-edebiyati-tarihi\/"},"modified":"2026-04-16T02:11:21","modified_gmt":"2026-04-15T23:11:21","slug":"on-dokuzuncu-asir-turk-edebiyati-tarihi","status":"publish","type":"product","link":"https:\/\/roveyayinevi.com.tr\/index.php\/urun\/on-dokuzuncu-asir-turk-edebiyati-tarihi\/","title":{"rendered":"On Dokuzuncu As\u0131r T\u00fcrk Edebiyat\u0131 Tarihi"},"content":{"rendered":"<p>T\u00fcrk edebiyat\u0131 tarihlerinin hi\u00e7bir zaman vazge\u00e7ilemeyecek olan\u0131 \u015f\u00fcphesiz ki Ahmet Hamdi Tanp\u0131nar\u2019\u0131n On Dokuzuncu As\u0131r T\u00fcrk Edebiyat\u0131 Tarihi\u2019dir. Bundan sonra da ne kadar edebiyat tarihi yaz\u0131l\u0131rsa yaz\u0131ls\u0131n, Tanp\u0131nar\u2019\u0131n verdi\u011fi h\u00fck\u00fcmler k\u00fclt\u00fcr\u00fcm\u00fczdeki yerini koruyacak niteliktedir. \u00c7\u00fcnk\u00fc yazar sadece malzemeyi nakletmekle yetinmemi\u015f, i\u00e7inde ya\u015fad\u0131\u011f\u0131 devri anlamaya ve anlatmaya \u00e7al\u0131\u015fm\u0131\u015ft\u0131r. Uzun 19. Y\u00fczy\u0131l olarak nitelendirilen T\u00fcrk modernle\u015fmesinin, asl\u0131nda do\u011fas\u0131 gere\u011fi, edeb\u00ee metinler \u00fczerinden bir okumas\u0131n\u0131 yapan yazar, T\u00fcrk d\u00fc\u015f\u00fcnce tarihinin meselelerini de masaya yat\u0131rmaktad\u0131r. Bu \u00e7er\u00e7evede siyas\u00ee olaylara paralel olarak, gazetenin y\u00fckseli\u015fi, roman ve \u015fiirin ald\u0131\u011f\u0131 yeni formlar Tanp\u0131nar\u2019a has bir \u00fcslupla metnin i\u00e7erisine dahil edilmektedir. Derg\u00e2h Yay\u0131nlar\u0131 olarak Ahmet Hamdi Tanp\u0131nar\u2019\u0131n b\u00fct\u00fcn eserlerini yay\u0131nlamaya, T\u00fcrk Edebiyat\u0131n\u0131n ve d\u00fc\u015f\u00fcnce tarihinin temel kitaplar\u0131ndan biri olan On Dokuzuncu As\u0131r T\u00fcrk Edebiyat\u0131 Tarihi ile devam ediyoruz. \ufffcTan\u0131t\u0131m Metni<\/p>\n","protected":false},"excerpt":{"rendered":"<p>T\u00fcrk edebiyat\u0131 tarihlerinin hi\u00e7bir zaman vazge\u00e7ilemeyecek olan\u0131 \u015f\u00fcphesiz ki Ahmet Hamdi Tanp\u0131nar\u2019\u0131n On Dokuzuncu As\u0131r T\u00fcrk Edebiyat\u0131 Tarihi\u2019dir. Bundan sonra da ne kadar edebiyat tarihi yaz\u0131l\u0131rsa<span class=\"excerpt-hellip\"> [\u2026]<\/span><\/p>\n","protected":false},"featured_media":0,"template":"","meta":{"_monsterinsights_skip_tracking":false,"_monsterinsights_sitenote_active":false,"_monsterinsights_sitenote_note":"","_monsterinsights_sitenote_category":0},"product_brand":[],"product_cat":[13072,12291],"product_tag":[],"class_list":{"0":"post-702049","1":"product","2":"type-product","3":"status-publish","5":"product_cat-arastirma-inceleme-referans","6":"product_cat-edebiyat","7":"pa_cilt-ciltsiz","8":"pa_tur-kitap","9":"pa_yayinevi-dergah-yayinlari","10":"pa_yazar-ahmet-hamdi-tanpinar","12":"first","13":"instock","14":"sale","15":"shipping-taxable","16":"purchasable","17":"product-type-simple"},"_links":{"self":[{"href":"https:\/\/roveyayinevi.com.tr\/index.php\/wp-json\/wp\/v2\/product\/702049","targetHints":{"allow":["GET"]}}],"collection":[{"href":"https:\/\/roveyayinevi.com.tr\/index.php\/wp-json\/wp\/v2\/product"}],"about":[{"href":"https:\/\/roveyayinevi.com.tr\/index.php\/wp-json\/wp\/v2\/types\/product"}],"wp:attachment":[{"href":"https:\/\/roveyayinevi.com.tr\/index.php\/wp-json\/wp\/v2\/media?parent=702049"}],"wp:term":[{"taxonomy":"product_brand","embeddable":true,"href":"https:\/\/roveyayinevi.com.tr\/index.php\/wp-json\/wp\/v2\/product_brand?post=702049"},{"taxonomy":"product_cat","embeddable":true,"href":"https:\/\/roveyayinevi.com.tr\/index.php\/wp-json\/wp\/v2\/product_cat?post=702049"},{"taxonomy":"product_tag","embeddable":true,"href":"https:\/\/roveyayinevi.com.tr\/index.php\/wp-json\/wp\/v2\/product_tag?post=702049"}],"curies":[{"name":"wp","href":"https:\/\/api.w.org\/{rel}","templated":true}]}}