{"id":702016,"date":"2025-08-27T15:13:18","date_gmt":"2025-08-27T12:13:18","guid":{"rendered":"https:\/\/roveyayinevi.com.tr\/index.php\/urun\/metafizik-dersleri\/"},"modified":"2026-04-16T02:11:20","modified_gmt":"2026-04-15T23:11:20","slug":"metafizik-dersleri","status":"publish","type":"product","link":"https:\/\/roveyayinevi.com.tr\/index.php\/urun\/metafizik-dersleri\/","title":{"rendered":"Metafizik Dersleri"},"content":{"rendered":"<p>Elinizdeki eser, Frans\u0131z filozof Henri Bergson\u2019un lisede verdi\u011fi derslerin bir k\u0131sm\u0131n\u0131 kapsar. Bergson, 1887-1888 derslerinde felsefeye genel bir giri\u015f yapar: Bilim kavram\u0131n\u0131, bilimlerin tasnifini, bilim felsefesini ve felsefe ile konusunu ana hatlar\u0131yla sorgular. 1893 dersleri ise metafizi\u011fe adanm\u0131\u015ft\u0131r: Bu derslerde Bergson, metafizi\u011fin temel kavramlar\u0131 olan uzay, zaman ve madde konular\u0131n\u0131 i\u015fler.Filozofun y\u00f6ntemi, \u00f6nce meseleyi nesnel bir \u015fekilde tart\u0131\u015fmak, daha sonra da konu hakk\u0131nda kendi d\u00fc\u015f\u00fcncesini takdim etmektir. Bu dersler bir yandan, doktora tezini 1889 y\u0131l\u0131nda sunan Bergson\u2019un d\u00fc\u015f\u00fcncesindeki temellerin ipu\u00e7lar\u0131n\u0131 verirken, di\u011fer yandan duru anlat\u0131m\u0131yla en zorlu felsefi temalar\u0131n anla\u015f\u0131lmas\u0131nda kolayl\u0131k sa\u011flar.<\/p>\n","protected":false},"excerpt":{"rendered":"<p>Elinizdeki eser, Frans\u0131z filozof Henri Bergson\u2019un lisede verdi\u011fi derslerin bir k\u0131sm\u0131n\u0131 kapsar. Bergson, 1887-1888 derslerinde felsefeye genel bir giri\u015f yapar: Bilim kavram\u0131n\u0131, bilimlerin tasnifini, bilim felsefesini<span class=\"excerpt-hellip\"> [\u2026]<\/span><\/p>\n","protected":false},"featured_media":0,"template":"","meta":{"_monsterinsights_skip_tracking":false,"_monsterinsights_sitenote_active":false,"_monsterinsights_sitenote_note":"","_monsterinsights_sitenote_category":0},"product_brand":[],"product_cat":[12573,12566],"product_tag":[],"class_list":{"0":"post-702016","1":"product","2":"type-product","3":"status-publish","5":"product_cat-akademik-kitaplar","6":"product_cat-egitim","7":"pa_cilt-ciltsiz","8":"pa_tur-kitap","9":"pa_yayinevi-pinhan-yayincilik","10":"pa_yazar-henri-bergson","12":"first","13":"instock","14":"sale","15":"shipping-taxable","16":"purchasable","17":"product-type-simple"},"_links":{"self":[{"href":"https:\/\/roveyayinevi.com.tr\/index.php\/wp-json\/wp\/v2\/product\/702016","targetHints":{"allow":["GET"]}}],"collection":[{"href":"https:\/\/roveyayinevi.com.tr\/index.php\/wp-json\/wp\/v2\/product"}],"about":[{"href":"https:\/\/roveyayinevi.com.tr\/index.php\/wp-json\/wp\/v2\/types\/product"}],"wp:attachment":[{"href":"https:\/\/roveyayinevi.com.tr\/index.php\/wp-json\/wp\/v2\/media?parent=702016"}],"wp:term":[{"taxonomy":"product_brand","embeddable":true,"href":"https:\/\/roveyayinevi.com.tr\/index.php\/wp-json\/wp\/v2\/product_brand?post=702016"},{"taxonomy":"product_cat","embeddable":true,"href":"https:\/\/roveyayinevi.com.tr\/index.php\/wp-json\/wp\/v2\/product_cat?post=702016"},{"taxonomy":"product_tag","embeddable":true,"href":"https:\/\/roveyayinevi.com.tr\/index.php\/wp-json\/wp\/v2\/product_tag?post=702016"}],"curies":[{"name":"wp","href":"https:\/\/api.w.org\/{rel}","templated":true}]}}