{"id":701974,"date":"2025-08-27T15:13:04","date_gmt":"2025-08-27T12:13:04","guid":{"rendered":"https:\/\/roveyayinevi.com.tr\/index.php\/urun\/kucuk-kelebegin-ruyasi\/"},"modified":"2026-04-16T02:11:19","modified_gmt":"2026-04-15T23:11:19","slug":"kucuk-kelebegin-ruyasi","status":"publish","type":"product","link":"https:\/\/roveyayinevi.com.tr\/index.php\/urun\/kucuk-kelebegin-ruyasi\/","title":{"rendered":"K\u00fc\u00e7\u00fck Kelebe\u011fin R\u00fcyas\u0131"},"content":{"rendered":"<p>K\u00fc\u00e7\u00fck kelebek, her ak\u015fam yata\u011f\u0131na yatt\u0131\u011f\u0131nda p\u0131r\u0131l p\u0131r\u0131l y\u0131ld\u0131zlar\u0131 ve bembeyaz y\u00fcz\u00fcyle g\u00fclen aydedeyi seyreder. En b\u00fcy\u00fck hayali de aydedeye ve y\u0131ld\u0131zlara gitmektir. Annesi onu, o kadar uza\u011fa u\u00e7amayaca\u011f\u0131 konusunda uyarsa da bu hayalinden vaz ge\u00e7mez. G\u00fc\u00e7lenmek i\u00e7in ball\u0131 ekmekler yer, kanatlar\u0131n\u0131 durmadan \u00e7al\u0131\u015ft\u0131r\u0131r! Ne dersiniz, k\u00fc\u00e7\u00fck kelebek y\u0131ld\u0131zlara ula\u015fabilecek mi acaba?<\/p>\n","protected":false},"excerpt":{"rendered":"<p>K\u00fc\u00e7\u00fck kelebek, her ak\u015fam yata\u011f\u0131na yatt\u0131\u011f\u0131nda p\u0131r\u0131l p\u0131r\u0131l y\u0131ld\u0131zlar\u0131 ve bembeyaz y\u00fcz\u00fcyle g\u00fclen aydedeyi seyreder. En b\u00fcy\u00fck hayali de aydedeye ve y\u0131ld\u0131zlara gitmektir. Annesi onu, o<span class=\"excerpt-hellip\"> [\u2026]<\/span><\/p>\n","protected":false},"featured_media":0,"template":"","meta":{"_monsterinsights_skip_tracking":false,"_monsterinsights_sitenote_active":false,"_monsterinsights_sitenote_note":"","_monsterinsights_sitenote_category":0},"product_brand":[],"product_cat":[12275,12274],"product_tag":[],"class_list":{"0":"post-701974","1":"product","2":"type-product","3":"status-publish","5":"product_cat-6-12-yas-kitaplari","6":"product_cat-cocuk-ve-genclik-kitaplari","7":"pa_cilt-ciltsiz","8":"pa_tur-kitap","9":"pa_yayinevi-kirmizi-kedi-yayinevi","10":"pa_yazar-burcu-bahar","12":"first","13":"instock","14":"sale","15":"shipping-taxable","16":"purchasable","17":"product-type-simple"},"_links":{"self":[{"href":"https:\/\/roveyayinevi.com.tr\/index.php\/wp-json\/wp\/v2\/product\/701974","targetHints":{"allow":["GET"]}}],"collection":[{"href":"https:\/\/roveyayinevi.com.tr\/index.php\/wp-json\/wp\/v2\/product"}],"about":[{"href":"https:\/\/roveyayinevi.com.tr\/index.php\/wp-json\/wp\/v2\/types\/product"}],"wp:attachment":[{"href":"https:\/\/roveyayinevi.com.tr\/index.php\/wp-json\/wp\/v2\/media?parent=701974"}],"wp:term":[{"taxonomy":"product_brand","embeddable":true,"href":"https:\/\/roveyayinevi.com.tr\/index.php\/wp-json\/wp\/v2\/product_brand?post=701974"},{"taxonomy":"product_cat","embeddable":true,"href":"https:\/\/roveyayinevi.com.tr\/index.php\/wp-json\/wp\/v2\/product_cat?post=701974"},{"taxonomy":"product_tag","embeddable":true,"href":"https:\/\/roveyayinevi.com.tr\/index.php\/wp-json\/wp\/v2\/product_tag?post=701974"}],"curies":[{"name":"wp","href":"https:\/\/api.w.org\/{rel}","templated":true}]}}