{"id":701969,"date":"2025-08-27T15:13:02","date_gmt":"2025-08-27T12:13:02","guid":{"rendered":"https:\/\/roveyayinevi.com.tr\/index.php\/urun\/buraya-kadarmis\/"},"modified":"2026-04-16T02:11:19","modified_gmt":"2026-04-15T23:11:19","slug":"buraya-kadarmis","status":"publish","type":"product","link":"https:\/\/roveyayinevi.com.tr\/index.php\/urun\/buraya-kadarmis\/","title":{"rendered":"Buraya Kadarm\u0131\u015f"},"content":{"rendered":"<p>Bir gen\u00e7 i\u00e7in adaleti \u00f6nyarg\u0131lar getirebilir mi?\u00c7a\u011fda\u015f Alman edebiyat\u0131n\u0131n etkili yazarlar\u0131ndan Daniel H\u00f6ra, ger\u00e7ek bir olaydan esinlendi\u011fi roman\u0131nda, adaletin aksayan \u00e7arklar\u0131na kar\u015f\u0131 bir gencin m\u00fccadelesini anlat\u0131yor. ON8\u2019deki ikinci roman\u0131 Vah\u015fi S\u00fcr\u00fc gibi \u00e7arp\u0131c\u0131 konularda kaleme ald\u0131\u011f\u0131, duygusal ritmi y\u00fcksek gen\u00e7lik romanlar\u0131yla tan\u0131nan yazar, \u00f6nyarg\u0131lar\u0131n ve toplumsal etiketlerin, adalet terazisindeki a\u011f\u0131rl\u0131\u011f\u0131n\u0131 sorguluyor. Bir yandan da san\u0131\u011f\u0131 yarg\u0131layacak ger\u00e7ek hakimin izini s\u00fcr\u00fcyor: Hakim mahkemedeki midir, yoksa elinde \u00e7amuru tutan toplum ve bireyler mi?Do\u011fu Almanya. Kendi haline terk edilmi\u015f; Bat\u0131\u2019n\u0131n s\u0131rt d\u00f6nd\u00fc\u011f\u00fc, k\u00f6hnemi\u015f bir ya\u015fam alan\u0131. Bo\u015falm\u0131\u015f binalar insans\u0131zl\u0131kla eskirken, b\u00fcy\u00fck kentin k\u0131y\u0131s\u0131nda kalan insanlar da verimsiz bir rutinin renksizli\u011finde kuruyor. Devlet yard\u0131mlar\u0131yla bo\u011faz toklu\u011funa g\u00fcnler, k\u00fc\u00e7\u00fck i\u015flerle zorlanan umutlar, yitirilen hayaller\u2026 Eski apartman bloklar\u0131n\u0131n gen\u00e7leri, gen\u00e7liklerini ya\u015fatmak \u00fczere bir arada, ortak duygu ve sembollerle, ama en \u00f6nemlisi de \u201ckankal\u0131klar\u0131yla\u201d var olmaya \u00e7al\u0131\u015f\u0131yor. Yar\u0131nlara fazla tak\u0131lmadan, bug\u00fcn\u00fc de bo\u015f b\u0131rakmadan. Alex de bu yar\u0131ns\u0131zlar tayfas\u0131n\u0131n bir par\u00e7as\u0131yd\u0131. Ta ki, bir olay\u0131n \u00e7ok yak\u0131n\u0131nda bulunup, ihtiyats\u0131zl\u0131\u011f\u0131yla iz b\u0131rak\u0131p, t\u00fcm ku\u015fkular\u0131 \u00fczerine \u00e7ekene kadar. \u015eimdi mesele, kime tutunup kime s\u0131rt d\u00f6nece\u011fini bilmekte\u2026<\/p>\n","protected":false},"excerpt":{"rendered":"<p>Bir gen\u00e7 i\u00e7in adaleti \u00f6nyarg\u0131lar getirebilir mi?\u00c7a\u011fda\u015f Alman edebiyat\u0131n\u0131n etkili yazarlar\u0131ndan Daniel H\u00f6ra, ger\u00e7ek bir olaydan esinlendi\u011fi roman\u0131nda, adaletin aksayan \u00e7arklar\u0131na kar\u015f\u0131 bir gencin m\u00fccadelesini anlat\u0131yor.<span class=\"excerpt-hellip\"> [\u2026]<\/span><\/p>\n","protected":false},"featured_media":0,"template":"","meta":{"_monsterinsights_skip_tracking":false,"_monsterinsights_sitenote_active":false,"_monsterinsights_sitenote_note":"","_monsterinsights_sitenote_category":0},"product_brand":[],"product_cat":[12782,12291],"product_tag":[],"class_list":{"0":"post-701969","1":"product","2":"type-product","3":"status-publish","5":"product_cat-alman-edebiyati","6":"product_cat-edebiyat","7":"pa_cilt-ciltsiz","8":"pa_tur-kitap","9":"pa_yayinevi-on8-kitap","10":"pa_yazar-daniel-hora","12":"first","13":"instock","14":"sale","15":"shipping-taxable","16":"purchasable","17":"product-type-simple"},"_links":{"self":[{"href":"https:\/\/roveyayinevi.com.tr\/index.php\/wp-json\/wp\/v2\/product\/701969","targetHints":{"allow":["GET"]}}],"collection":[{"href":"https:\/\/roveyayinevi.com.tr\/index.php\/wp-json\/wp\/v2\/product"}],"about":[{"href":"https:\/\/roveyayinevi.com.tr\/index.php\/wp-json\/wp\/v2\/types\/product"}],"wp:attachment":[{"href":"https:\/\/roveyayinevi.com.tr\/index.php\/wp-json\/wp\/v2\/media?parent=701969"}],"wp:term":[{"taxonomy":"product_brand","embeddable":true,"href":"https:\/\/roveyayinevi.com.tr\/index.php\/wp-json\/wp\/v2\/product_brand?post=701969"},{"taxonomy":"product_cat","embeddable":true,"href":"https:\/\/roveyayinevi.com.tr\/index.php\/wp-json\/wp\/v2\/product_cat?post=701969"},{"taxonomy":"product_tag","embeddable":true,"href":"https:\/\/roveyayinevi.com.tr\/index.php\/wp-json\/wp\/v2\/product_tag?post=701969"}],"curies":[{"name":"wp","href":"https:\/\/api.w.org\/{rel}","templated":true}]}}