{"id":701948,"date":"2025-08-27T15:12:54","date_gmt":"2025-08-27T12:12:54","guid":{"rendered":"https:\/\/roveyayinevi.com.tr\/index.php\/urun\/cakma-ogrenci\/"},"modified":"2026-04-12T02:13:21","modified_gmt":"2026-04-11T23:13:21","slug":"cakma-ogrenci","status":"publish","type":"product","link":"https:\/\/roveyayinevi.com.tr\/index.php\/urun\/cakma-ogrenci\/","title":{"rendered":"\u00c7akma \u00d6\u011frenci"},"content":{"rendered":"<p>Yusuf s\u0131ra d\u0131\u015f\u0131, bir o kadar da e\u011flenceli bir \u00e7ocuk. En yak\u0131n arkada\u015f\u0131 Mahir\u2019in de ondan alt kal\u0131ryan\u0131 yok! Kafalar\u0131n\u0131n i\u00e7inde birer ilgin\u00e7 fikirler makinesi ta\u015f\u0131yor gibiler.Ve o makineleri kapatacak bir d\u00fc\u011fme hen\u00fcz icat edilmemi\u015fken apartmana olduk\u00e7a esrarengiz birita\u015f\u0131n\u0131yor. Bizimkiler de kendilerini \u00e7ok \u00f6nemli bir hayalin kahraman\u0131 olarak buluveriyor.Art\u0131k isteseler de hi\u00e7bir \u015fey s\u0131radan olmayacak!<\/p>\n","protected":false},"excerpt":{"rendered":"<p>Yusuf s\u0131ra d\u0131\u015f\u0131, bir o kadar da e\u011flenceli bir \u00e7ocuk. En yak\u0131n arkada\u015f\u0131 Mahir\u2019in de ondan alt kal\u0131ryan\u0131 yok! Kafalar\u0131n\u0131n i\u00e7inde birer ilgin\u00e7 fikirler makinesi ta\u015f\u0131yor<span class=\"excerpt-hellip\"> [\u2026]<\/span><\/p>\n","protected":false},"featured_media":0,"template":"","meta":{"_monsterinsights_skip_tracking":false,"_monsterinsights_sitenote_active":false,"_monsterinsights_sitenote_note":"","_monsterinsights_sitenote_category":0},"product_brand":[],"product_cat":[12274,12284],"product_tag":[],"class_list":{"0":"post-701948","1":"product","2":"type-product","3":"status-publish","5":"product_cat-cocuk-ve-genclik-kitaplari","6":"product_cat-hikayeler","7":"pa_cilt-ciltsiz","8":"pa_tur-kitap","9":"pa_yayinevi-nesil-cocuk-yayinlari","10":"pa_yazar-fatma-cagdas","12":"first","13":"instock","14":"sale","15":"shipping-taxable","16":"purchasable","17":"product-type-simple"},"_links":{"self":[{"href":"https:\/\/roveyayinevi.com.tr\/index.php\/wp-json\/wp\/v2\/product\/701948","targetHints":{"allow":["GET"]}}],"collection":[{"href":"https:\/\/roveyayinevi.com.tr\/index.php\/wp-json\/wp\/v2\/product"}],"about":[{"href":"https:\/\/roveyayinevi.com.tr\/index.php\/wp-json\/wp\/v2\/types\/product"}],"wp:attachment":[{"href":"https:\/\/roveyayinevi.com.tr\/index.php\/wp-json\/wp\/v2\/media?parent=701948"}],"wp:term":[{"taxonomy":"product_brand","embeddable":true,"href":"https:\/\/roveyayinevi.com.tr\/index.php\/wp-json\/wp\/v2\/product_brand?post=701948"},{"taxonomy":"product_cat","embeddable":true,"href":"https:\/\/roveyayinevi.com.tr\/index.php\/wp-json\/wp\/v2\/product_cat?post=701948"},{"taxonomy":"product_tag","embeddable":true,"href":"https:\/\/roveyayinevi.com.tr\/index.php\/wp-json\/wp\/v2\/product_tag?post=701948"}],"curies":[{"name":"wp","href":"https:\/\/api.w.org\/{rel}","templated":true}]}}