{"id":701947,"date":"2025-08-27T15:12:54","date_gmt":"2025-08-27T12:12:54","guid":{"rendered":"https:\/\/roveyayinevi.com.tr\/index.php\/urun\/1071-malazgirt\/"},"modified":"2026-04-16T02:11:18","modified_gmt":"2026-04-15T23:11:18","slug":"1071-malazgirt","status":"publish","type":"product","link":"https:\/\/roveyayinevi.com.tr\/index.php\/urun\/1071-malazgirt\/","title":{"rendered":"1071 Malazgirt"},"content":{"rendered":"<p>Bir tarafta Sel\u00e7uklu Sultan\u0131 Alp Arslan di\u011fer tarafta Bizans \u0130mparatoru Romanos Diogenes ve d\u00fcnya tarihini de\u011fi\u015ftiren bir sava\u015f: MalazgirtMalazgirt Sava\u015f\u0131 bug\u00fcn \u00fczerinde ya\u015fad\u0131\u011f\u0131m\u0131z vatan\u0131n bizlere kadar intikalini sa\u011flayan en b\u00fcy\u00fck ve en \u00f6nemli ad\u0131md\u0131r. Ha\u00e7l\u0131 Seferleri\u2019nin d\u00fczenlenme nedenidir. Bizans \u0130mparatorlu\u011fu\u2019nun y\u0131k\u0131lmas\u0131n\u0131n \u00e7ok yak\u0131n bir gelecek oldu\u011funu bildiren bir ni\u015f\u00e2nedir. Malazgirt Zaferi, Anadolu co\u011frafyas\u0131n\u0131n T\u00fcrkle\u015fme ve \u0130sl\u00e2mla\u015fma s\u00fcrecine kap\u0131lar\u0131n\u0131 a\u00e7an b\u00fcy\u00fck bir ba\u015far\u0131n\u0131n ad\u0131d\u0131r. Yapt\u0131\u011f\u0131 Sel\u00e7uklu Tarihi ara\u015ft\u0131rmalar\u0131yla dikkatleri \u00fczerine \u00e7eken Do\u00e7. Dr. Muharrem Kesik, 1071 Malazgirt kitab\u0131yla literat\u00fcrdeki t\u00fcm kaynaklar\u0131 de\u011ferlendirerek tarihseverlerin be\u011fenisine sunuyor. Malazgirt bir meydan sava\u015f\u0131 m\u0131? Yoksa bir taktik sava\u015f\u0131 m\u0131yd\u0131?Sel\u00e7uklu ve Bizans ordular\u0131n\u0131n say\u0131s\u0131 ne kadard\u0131?K\u00fcrtler Sel\u00e7uklulara yard\u0131m etti mi?Sultan Alp Arslan, Bizans imparatorunu tokatlad\u0131 m\u0131?D\u00fc\u015fmana neden Cuma namaz\u0131 saatinde sald\u0131r\u0131ld\u0131?Sel\u00e7uklu el\u00e7isinin imparatora verdi\u011fi anlaml\u0131 cevap neydi?Bizansl\u0131lar kendi imparatorlar\u0131n\u0131 nas\u0131l \u00f6ld\u00fcrd\u00fcler?M\u00fcsl\u00fcman olmayan T\u00fcrkler saf de\u011fi\u015ftirdiler mi?Sultan Alp Arslan at\u0131n\u0131n kuyru\u011funu neden ba\u011flad\u0131?Alp Arslan\u2019\u0131n askerine yapt\u0131\u011f\u0131 konu\u015fma nas\u0131ld\u0131?Sava\u015fa kat\u0131lan Sel\u00e7uklu beyleri (kumandanlar\u0131) kimlerdi?Bizans imparatoru ma\u011flup olmas\u0131na ra\u011fmen neden ka\u00e7mad\u0131?Malazgirt Sava\u015f\u0131 hakk\u0131nda bunlara benzer bir\u00e7ok sorunun cevab\u0131 ve bilinmeyen t\u00fcm ayr\u0131nt\u0131lar 1071 Malazgirt kitab\u0131nda&#8230; <\/p>\n","protected":false},"excerpt":{"rendered":"<p>Bir tarafta Sel\u00e7uklu Sultan\u0131 Alp Arslan di\u011fer tarafta Bizans \u0130mparatoru Romanos Diogenes ve d\u00fcnya tarihini de\u011fi\u015ftiren bir sava\u015f: MalazgirtMalazgirt Sava\u015f\u0131 bug\u00fcn \u00fczerinde ya\u015fad\u0131\u011f\u0131m\u0131z vatan\u0131n bizlere kadar<span class=\"excerpt-hellip\"> [\u2026]<\/span><\/p>\n","protected":false},"featured_media":0,"template":"","meta":{"_monsterinsights_skip_tracking":false,"_monsterinsights_sitenote_active":false,"_monsterinsights_sitenote_note":"","_monsterinsights_sitenote_category":0},"product_brand":[],"product_cat":[13517,12304],"product_tag":[],"class_list":{"0":"post-701947","1":"product","2":"type-product","3":"status-publish","5":"product_cat-osmanli-tarihi","6":"product_cat-tarih","7":"pa_cilt-ciltsiz","8":"pa_tur-kitap","9":"pa_yayinevi-timas-yayinlari","10":"pa_yazar-muharrem-kesik","12":"first","13":"instock","14":"sale","15":"shipping-taxable","16":"purchasable","17":"product-type-simple"},"_links":{"self":[{"href":"https:\/\/roveyayinevi.com.tr\/index.php\/wp-json\/wp\/v2\/product\/701947","targetHints":{"allow":["GET"]}}],"collection":[{"href":"https:\/\/roveyayinevi.com.tr\/index.php\/wp-json\/wp\/v2\/product"}],"about":[{"href":"https:\/\/roveyayinevi.com.tr\/index.php\/wp-json\/wp\/v2\/types\/product"}],"wp:attachment":[{"href":"https:\/\/roveyayinevi.com.tr\/index.php\/wp-json\/wp\/v2\/media?parent=701947"}],"wp:term":[{"taxonomy":"product_brand","embeddable":true,"href":"https:\/\/roveyayinevi.com.tr\/index.php\/wp-json\/wp\/v2\/product_brand?post=701947"},{"taxonomy":"product_cat","embeddable":true,"href":"https:\/\/roveyayinevi.com.tr\/index.php\/wp-json\/wp\/v2\/product_cat?post=701947"},{"taxonomy":"product_tag","embeddable":true,"href":"https:\/\/roveyayinevi.com.tr\/index.php\/wp-json\/wp\/v2\/product_tag?post=701947"}],"curies":[{"name":"wp","href":"https:\/\/api.w.org\/{rel}","templated":true}]}}