{"id":701945,"date":"2025-08-27T15:12:53","date_gmt":"2025-08-27T12:12:53","guid":{"rendered":"https:\/\/roveyayinevi.com.tr\/index.php\/urun\/fen-bilimleri-ogretimi\/"},"modified":"2026-04-16T02:11:18","modified_gmt":"2026-04-15T23:11:18","slug":"fen-bilimleri-ogretimi","status":"publish","type":"product","link":"https:\/\/roveyayinevi.com.tr\/index.php\/urun\/fen-bilimleri-ogretimi\/","title":{"rendered":"Fen Bilimleri \u00d6\u011fretimi"},"content":{"rendered":"<p>Bilimin ilerlemesine paralel olarak bilim dallar\u0131nda ortaya \u00e7\u0131kan ba\u015f d\u00f6nd\u00fcr\u00fcc\u00fc geli\u015fmeler insan ya\u015fam\u0131n\u0131n her alan\u0131n\u0131 etkilemektedir. Fen bilimleri \u00f6\u011fretiminde de bu geli\u015fmeler \u0131\u015f\u0131\u011f\u0131nda paradigma de\u011fi\u015fimleri ya\u015fanmaktad\u0131r. 2013 y\u0131l\u0131nda revize edilen ilk\u00f6\u011fretim fen bilimleri program\u0131 ile \u00f6\u011fretmen yeti\u015ftiren kurumlar olarak e\u011fitim fak\u00fcltelerinin de uygulamalar\u0131n\u0131 de\u011fi\u015ftirmeleri gere\u011fi ortaya \u00e7\u0131km\u0131\u015ft\u0131r. Bu kitab\u0131n yaz\u0131m\u0131nda bu amaca hizmet etme gerek\u00e7esi ile yola \u00e7\u0131k\u0131lm\u0131\u015ft\u0131r. Kitap 3-8. s\u0131n\u0131flarda \u00f6\u011fretmenlik yapacak \u00f6\u011fretmen adaylar\u0131na ve \u00f6\u011fretmenlerine fen bilimleri \u00f6\u011fretimi konusunda \u0131\u015f\u0131k tutmay\u0131 ama\u00e7lamaktad\u0131r. Kitap; bilim tarihi, bilimin do\u011fas\u0131, fen bilimleri \u00f6\u011fretim program\u0131 ve programda yer verilen \u00f6\u011frenme alanlar\u0131n\u0131n a\u00e7\u0131klanmas\u0131, programda \u00f6nerilen \u00f6\u011fretim y\u00f6ntem ve teknikleri, \u00f6l\u00e7me ve de\u011ferlendirme, fen bilimlerinde laboratuar, kavram \u00f6\u011fretimi ve teknoloji destekli fen \u00f6\u011fretimi gibi ba\u015fl\u0131klardan olu\u015fmaktad\u0131r. E\u011fitimde reform hareketlerinin ba\u015far\u0131ya ula\u015fmas\u0131n\u0131n temelinde uygulay\u0131c\u0131 olan \u00f6\u011fretmenler bulunmaktad\u0131r. Bu nedenle \u00f6\u011fretmen adaylar\u0131n\u0131n donan\u0131ml\u0131 olarak yeti\u015fmesi de bu ba\u011flamda b\u00fcy\u00fck \u00f6nem ta\u015f\u0131maktad\u0131r. Kitab\u0131m\u0131z\u0131n bu y\u00f6n\u00fcyle fen e\u011fitimi alan\u0131na katk\u0131 sa\u011flayaca\u011f\u0131n\u0131 d\u00fc\u015f\u00fcnmekteyiz. \u00d6\u011fretmen adaylar\u0131n\u0131n niteli\u011fini art\u0131rmak ad\u0131na sadece teorik bilgilere de\u011fil uygulamalara da kitab\u0131n ilgili b\u00f6l\u00fcmlerinde yer verilmi\u015ftir. B\u00f6l\u00fcm yazarlar\u0131m\u0131z geni\u015f bir alanyaz\u0131n taramas\u0131 ile g\u00fcncel geli\u015fmeleri sizlere sunmay\u0131 ama\u00e7lam\u0131\u015ft\u0131r. <\/p>\n","protected":false},"excerpt":{"rendered":"<p>Bilimin ilerlemesine paralel olarak bilim dallar\u0131nda ortaya \u00e7\u0131kan ba\u015f d\u00f6nd\u00fcr\u00fcc\u00fc geli\u015fmeler insan ya\u015fam\u0131n\u0131n her alan\u0131n\u0131 etkilemektedir. Fen bilimleri \u00f6\u011fretiminde de bu geli\u015fmeler \u0131\u015f\u0131\u011f\u0131nda paradigma de\u011fi\u015fimleri ya\u015fanmaktad\u0131r.<span class=\"excerpt-hellip\"> [\u2026]<\/span><\/p>\n","protected":false},"featured_media":0,"template":"","meta":{"_monsterinsights_skip_tracking":false,"_monsterinsights_sitenote_active":false,"_monsterinsights_sitenote_note":"","_monsterinsights_sitenote_category":0},"product_brand":[],"product_cat":[12573,12566],"product_tag":[],"class_list":{"0":"post-701945","1":"product","2":"type-product","3":"status-publish","5":"product_cat-akademik-kitaplar","6":"product_cat-egitim","7":"pa_cilt-ciltsiz","8":"pa_tur-kitap","9":"pa_yayinevi-ani-yayincilik","10":"pa_yazar-behiye-bezir-akcay","12":"first","13":"instock","14":"sale","15":"shipping-taxable","16":"purchasable","17":"product-type-simple"},"_links":{"self":[{"href":"https:\/\/roveyayinevi.com.tr\/index.php\/wp-json\/wp\/v2\/product\/701945","targetHints":{"allow":["GET"]}}],"collection":[{"href":"https:\/\/roveyayinevi.com.tr\/index.php\/wp-json\/wp\/v2\/product"}],"about":[{"href":"https:\/\/roveyayinevi.com.tr\/index.php\/wp-json\/wp\/v2\/types\/product"}],"wp:attachment":[{"href":"https:\/\/roveyayinevi.com.tr\/index.php\/wp-json\/wp\/v2\/media?parent=701945"}],"wp:term":[{"taxonomy":"product_brand","embeddable":true,"href":"https:\/\/roveyayinevi.com.tr\/index.php\/wp-json\/wp\/v2\/product_brand?post=701945"},{"taxonomy":"product_cat","embeddable":true,"href":"https:\/\/roveyayinevi.com.tr\/index.php\/wp-json\/wp\/v2\/product_cat?post=701945"},{"taxonomy":"product_tag","embeddable":true,"href":"https:\/\/roveyayinevi.com.tr\/index.php\/wp-json\/wp\/v2\/product_tag?post=701945"}],"curies":[{"name":"wp","href":"https:\/\/api.w.org\/{rel}","templated":true}]}}