{"id":701944,"date":"2025-08-27T15:12:53","date_gmt":"2025-08-27T12:12:53","guid":{"rendered":"https:\/\/roveyayinevi.com.tr\/index.php\/urun\/luiza-teyze\/"},"modified":"2026-04-16T02:11:18","modified_gmt":"2026-04-15T23:11:18","slug":"luiza-teyze","status":"publish","type":"product","link":"https:\/\/roveyayinevi.com.tr\/index.php\/urun\/luiza-teyze\/","title":{"rendered":"Luiza Teyze"},"content":{"rendered":"<p>A\u011fa\u00e7lar\u0131 s\u0131k, yemye\u015fil yaprakl\u0131 bir orman\u0131n derinlerindeki \u00e7ok eski bir batakl\u0131kta, Luiza Teyze adl\u0131 b\u00fcy\u00fck m\u00fc b\u00fcy\u00fck, kurnaz m\u0131 kurnaz bir y\u0131lan ya\u015f\u0131yordu. \u00d6ylesine ya\u015fl\u0131yd\u0131 ki, orman sakinlerinden hi\u00e7biri onun buralarda ne zamandan beri ya\u015fad\u0131\u011f\u0131n\u0131 bilecek kadar ya\u015fl\u0131 de\u011fildi. Herkes o \u00e7evrede Luiza Teyze&#8217;den daha hain, daha kurnaz bir canl\u0131 olmad\u0131\u011f\u0131n\u0131 \u00e7ok iyi biliyordu.  Luiza Teyze&#8217;nin dinlenmek i\u00e7in alt\u0131na uzand\u0131\u011f\u0131 b\u00fcy\u00fck gri kayadan uzak durmak, gen\u00e7 ya\u015fl\u0131 herkes i\u00e7in en \u00f6nemli al\u0131\u015fkanl\u0131k haline gelmi\u015fti. \u00d6zellikle de anne tav\u015fan, oynayan yavrular\u0131n\u0131 o tehlikeli b\u00f6lgeden \u00e7eki\u015ftire \u00e7eki\u015ftire uzak tutmaya b\u00fcy\u00fck bir \u00f6zen g\u00f6steriyordu. Uyumay\u0131 \u00e7ok seven ve ortal\u0131kta pek gezinmeyen Luiza Teyze&#8217;nin ne zaman uyan\u0131p ava \u00e7\u0131kaca\u011f\u0131n\u0131 kimse bilmiyordu. Bakal\u0131m ormana yeni ta\u015f\u0131nan k\u00fc\u00e7\u00fck kurba\u011fa Dani ve karde\u015fleri, orman\u0131n ya\u015fl\u0131 m\u0131 ya\u015fl\u0131 Luiza Teyze&#8217;sinden kendilerini koruyabilecekler mi? <\/p>\n","protected":false},"excerpt":{"rendered":"<p>A\u011fa\u00e7lar\u0131 s\u0131k, yemye\u015fil yaprakl\u0131 bir orman\u0131n derinlerindeki \u00e7ok eski bir batakl\u0131kta, Luiza Teyze adl\u0131 b\u00fcy\u00fck m\u00fc b\u00fcy\u00fck, kurnaz m\u0131 kurnaz bir y\u0131lan ya\u015f\u0131yordu. \u00d6ylesine ya\u015fl\u0131yd\u0131 ki,<span class=\"excerpt-hellip\"> [\u2026]<\/span><\/p>\n","protected":false},"featured_media":0,"template":"","meta":{"_monsterinsights_skip_tracking":false,"_monsterinsights_sitenote_active":false,"_monsterinsights_sitenote_note":"","_monsterinsights_sitenote_category":0},"product_brand":[],"product_cat":[12913,12274],"product_tag":[],"class_list":{"0":"post-701944","1":"product","2":"type-product","3":"status-publish","5":"product_cat-3-6-yas-kitaplari","6":"product_cat-cocuk-ve-genclik-kitaplari","7":"pa_cilt-ciltsiz","8":"pa_tur-kitap","9":"pa_yayinevi-potikare-yayincilik","10":"pa_yazar-mariya-kelberg","12":"first","13":"instock","14":"sale","15":"shipping-taxable","16":"purchasable","17":"product-type-simple"},"_links":{"self":[{"href":"https:\/\/roveyayinevi.com.tr\/index.php\/wp-json\/wp\/v2\/product\/701944","targetHints":{"allow":["GET"]}}],"collection":[{"href":"https:\/\/roveyayinevi.com.tr\/index.php\/wp-json\/wp\/v2\/product"}],"about":[{"href":"https:\/\/roveyayinevi.com.tr\/index.php\/wp-json\/wp\/v2\/types\/product"}],"wp:attachment":[{"href":"https:\/\/roveyayinevi.com.tr\/index.php\/wp-json\/wp\/v2\/media?parent=701944"}],"wp:term":[{"taxonomy":"product_brand","embeddable":true,"href":"https:\/\/roveyayinevi.com.tr\/index.php\/wp-json\/wp\/v2\/product_brand?post=701944"},{"taxonomy":"product_cat","embeddable":true,"href":"https:\/\/roveyayinevi.com.tr\/index.php\/wp-json\/wp\/v2\/product_cat?post=701944"},{"taxonomy":"product_tag","embeddable":true,"href":"https:\/\/roveyayinevi.com.tr\/index.php\/wp-json\/wp\/v2\/product_tag?post=701944"}],"curies":[{"name":"wp","href":"https:\/\/api.w.org\/{rel}","templated":true}]}}