{"id":701939,"date":"2025-08-27T15:12:51","date_gmt":"2025-08-27T12:12:51","guid":{"rendered":"https:\/\/roveyayinevi.com.tr\/index.php\/urun\/ipotek-karsiligi-menkullestirilmis-krediler\/"},"modified":"2026-04-16T02:11:18","modified_gmt":"2026-04-15T23:11:18","slug":"ipotek-karsiligi-menkullestirilmis-krediler","status":"publish","type":"product","link":"https:\/\/roveyayinevi.com.tr\/index.php\/urun\/ipotek-karsiligi-menkullestirilmis-krediler\/","title":{"rendered":"\u0130potek Kar\u015f\u0131l\u0131\u011f\u0131 Menkulle\u015ftirilmi\u015f Krediler"},"content":{"rendered":"<p>Konut sorunu insanlar\u0131n temel problemlerinden birisidir. Geli\u015fmi\u015f veya geli\u015fmekte olan b\u00fct\u00fcn \u00fclkeler a\u00e7\u0131s\u0131ndan g\u00fcncelli\u011fini koruyan konut sorunu, bar\u0131nma ihtiyac\u0131 olarak veya gelir d\u00fczeyi artan gruplar\u0131n daha iyi mekanlarda ya\u015fama isteklerinin neden oldu\u011fu bir sorun olarak kendini g\u00f6stermektedir. <\/p>\n","protected":false},"excerpt":{"rendered":"<p>Konut sorunu insanlar\u0131n temel problemlerinden birisidir. Geli\u015fmi\u015f veya geli\u015fmekte olan b\u00fct\u00fcn \u00fclkeler a\u00e7\u0131s\u0131ndan g\u00fcncelli\u011fini koruyan konut sorunu, bar\u0131nma ihtiyac\u0131 olarak veya gelir d\u00fczeyi artan gruplar\u0131n daha<span class=\"excerpt-hellip\"> [\u2026]<\/span><\/p>\n","protected":false},"featured_media":0,"template":"","meta":{"_monsterinsights_skip_tracking":false,"_monsterinsights_sitenote_active":false,"_monsterinsights_sitenote_note":"","_monsterinsights_sitenote_category":0},"product_brand":[],"product_cat":[12573,12566],"product_tag":[],"class_list":{"0":"post-701939","1":"product","2":"type-product","3":"status-publish","5":"product_cat-akademik-kitaplar","6":"product_cat-egitim","7":"pa_cilt-ciltsiz","8":"pa_tur-kitap","9":"pa_yayinevi-gazi-kitabevi","10":"pa_yazar-kursat-yalciner","12":"first","13":"instock","14":"sale","15":"shipping-taxable","16":"purchasable","17":"product-type-simple"},"_links":{"self":[{"href":"https:\/\/roveyayinevi.com.tr\/index.php\/wp-json\/wp\/v2\/product\/701939","targetHints":{"allow":["GET"]}}],"collection":[{"href":"https:\/\/roveyayinevi.com.tr\/index.php\/wp-json\/wp\/v2\/product"}],"about":[{"href":"https:\/\/roveyayinevi.com.tr\/index.php\/wp-json\/wp\/v2\/types\/product"}],"wp:attachment":[{"href":"https:\/\/roveyayinevi.com.tr\/index.php\/wp-json\/wp\/v2\/media?parent=701939"}],"wp:term":[{"taxonomy":"product_brand","embeddable":true,"href":"https:\/\/roveyayinevi.com.tr\/index.php\/wp-json\/wp\/v2\/product_brand?post=701939"},{"taxonomy":"product_cat","embeddable":true,"href":"https:\/\/roveyayinevi.com.tr\/index.php\/wp-json\/wp\/v2\/product_cat?post=701939"},{"taxonomy":"product_tag","embeddable":true,"href":"https:\/\/roveyayinevi.com.tr\/index.php\/wp-json\/wp\/v2\/product_tag?post=701939"}],"curies":[{"name":"wp","href":"https:\/\/api.w.org\/{rel}","templated":true}]}}