{"id":701935,"date":"2025-08-27T15:12:50","date_gmt":"2025-08-27T12:12:50","guid":{"rendered":"https:\/\/roveyayinevi.com.tr\/index.php\/urun\/400-ilah-ormani\/"},"modified":"2026-04-16T02:11:18","modified_gmt":"2026-04-15T23:11:18","slug":"400-ilah-ormani","status":"publish","type":"product","link":"https:\/\/roveyayinevi.com.tr\/index.php\/urun\/400-ilah-ormani\/","title":{"rendered":"400 \u0130lah Orman\u0131"},"content":{"rendered":"<p>Afrika herkes i\u00e7in bir hikaye yazar, baz\u0131lar\u0131 ise onu aktarmakla kendisini y\u00fck\u00fcml\u00fc hisseder. Daniel O. Fagunwa, Nijerya\u2019n\u0131n kadim fantastik k\u00fclt\u00fcr\u00fcn\u00fc macera, ne\u015fe, m\u00fczik ve kaos ile bizlere anlat\u0131rken \u00f6nemli olan\u0131n ava gitmek de\u011fil, av\u0131na sayg\u0131 duymak oldu\u011funu yeniden akl\u0131m\u0131z\u0131n bir k\u00f6\u015fesine kaz\u0131yor. <\/p>\n","protected":false},"excerpt":{"rendered":"<p>Afrika herkes i\u00e7in bir hikaye yazar, baz\u0131lar\u0131 ise onu aktarmakla kendisini y\u00fck\u00fcml\u00fc hisseder. Daniel O. Fagunwa, Nijerya\u2019n\u0131n kadim fantastik k\u00fclt\u00fcr\u00fcn\u00fc macera, ne\u015fe, m\u00fczik ve kaos ile<span class=\"excerpt-hellip\"> [\u2026]<\/span><\/p>\n","protected":false},"featured_media":0,"template":"","meta":{"_monsterinsights_skip_tracking":false,"_monsterinsights_sitenote_active":false,"_monsterinsights_sitenote_note":"","_monsterinsights_sitenote_category":0},"product_brand":[],"product_cat":[12291,12711],"product_tag":[],"class_list":{"0":"post-701935","1":"product","2":"type-product","3":"status-publish","5":"product_cat-edebiyat","6":"product_cat-roman-oyku","7":"pa_tur-kitap","8":"pa_yayinevi-altikirkbes-yayinlari","9":"pa_yazar-daniel-o-fagunwa","11":"first","12":"instock","13":"sale","14":"shipping-taxable","15":"purchasable","16":"product-type-simple"},"_links":{"self":[{"href":"https:\/\/roveyayinevi.com.tr\/index.php\/wp-json\/wp\/v2\/product\/701935","targetHints":{"allow":["GET"]}}],"collection":[{"href":"https:\/\/roveyayinevi.com.tr\/index.php\/wp-json\/wp\/v2\/product"}],"about":[{"href":"https:\/\/roveyayinevi.com.tr\/index.php\/wp-json\/wp\/v2\/types\/product"}],"wp:attachment":[{"href":"https:\/\/roveyayinevi.com.tr\/index.php\/wp-json\/wp\/v2\/media?parent=701935"}],"wp:term":[{"taxonomy":"product_brand","embeddable":true,"href":"https:\/\/roveyayinevi.com.tr\/index.php\/wp-json\/wp\/v2\/product_brand?post=701935"},{"taxonomy":"product_cat","embeddable":true,"href":"https:\/\/roveyayinevi.com.tr\/index.php\/wp-json\/wp\/v2\/product_cat?post=701935"},{"taxonomy":"product_tag","embeddable":true,"href":"https:\/\/roveyayinevi.com.tr\/index.php\/wp-json\/wp\/v2\/product_tag?post=701935"}],"curies":[{"name":"wp","href":"https:\/\/api.w.org\/{rel}","templated":true}]}}