{"id":701908,"date":"2025-08-27T15:12:41","date_gmt":"2025-08-27T12:12:41","guid":{"rendered":"https:\/\/roveyayinevi.com.tr\/index.php\/urun\/kuram-ile-klinik-bulusunca\/"},"modified":"2026-04-16T02:11:17","modified_gmt":"2026-04-15T23:11:17","slug":"kuram-ile-klinik-bulusunca","status":"publish","type":"product","link":"https:\/\/roveyayinevi.com.tr\/index.php\/urun\/kuram-ile-klinik-bulusunca\/","title":{"rendered":"Kuram ile Klinik Bulu\u015funca"},"content":{"rendered":"<p>Kuram ile Klinik Bulu\u015funca, psikanalist Bella Habip&#8217;in Psikanalizin \u0130\u00e7inden adl\u0131 kitab\u0131n\u0131n devam\u0131d\u0131r.Bu kitapta da okur, yazar\u0131n mesleki geli\u015fimine vesile olan bilimsel etkinliklerinin yaz\u0131ya ge\u00e7irilmi\u015f halini bulacakt\u0131r. \ufffcTan\u0131t\u0131m Metni<\/p>\n","protected":false},"excerpt":{"rendered":"<p>Kuram ile Klinik Bulu\u015funca, psikanalist Bella Habip&#8217;in Psikanalizin \u0130\u00e7inden adl\u0131 kitab\u0131n\u0131n devam\u0131d\u0131r.Bu kitapta da okur, yazar\u0131n mesleki geli\u015fimine vesile olan bilimsel etkinliklerinin yaz\u0131ya ge\u00e7irilmi\u015f halini bulacakt\u0131r.<span class=\"excerpt-hellip\"> [\u2026]<\/span><\/p>\n","protected":false},"featured_media":0,"template":"","meta":{"_monsterinsights_skip_tracking":false,"_monsterinsights_sitenote_active":false,"_monsterinsights_sitenote_note":"","_monsterinsights_sitenote_category":0},"product_brand":[],"product_cat":[14787,13488],"product_tag":[],"class_list":{"0":"post-701908","1":"product","2":"type-product","3":"status-publish","5":"product_cat-diger-toplum-ve-insan","6":"product_cat-toplum-ve-insan","7":"pa_tur-kitap","8":"pa_yayinevi-yapi-kredi-yayinlari","9":"pa_yazar-bella-habip","11":"first","12":"instock","13":"sale","14":"shipping-taxable","15":"purchasable","16":"product-type-simple"},"_links":{"self":[{"href":"https:\/\/roveyayinevi.com.tr\/index.php\/wp-json\/wp\/v2\/product\/701908","targetHints":{"allow":["GET"]}}],"collection":[{"href":"https:\/\/roveyayinevi.com.tr\/index.php\/wp-json\/wp\/v2\/product"}],"about":[{"href":"https:\/\/roveyayinevi.com.tr\/index.php\/wp-json\/wp\/v2\/types\/product"}],"wp:attachment":[{"href":"https:\/\/roveyayinevi.com.tr\/index.php\/wp-json\/wp\/v2\/media?parent=701908"}],"wp:term":[{"taxonomy":"product_brand","embeddable":true,"href":"https:\/\/roveyayinevi.com.tr\/index.php\/wp-json\/wp\/v2\/product_brand?post=701908"},{"taxonomy":"product_cat","embeddable":true,"href":"https:\/\/roveyayinevi.com.tr\/index.php\/wp-json\/wp\/v2\/product_cat?post=701908"},{"taxonomy":"product_tag","embeddable":true,"href":"https:\/\/roveyayinevi.com.tr\/index.php\/wp-json\/wp\/v2\/product_tag?post=701908"}],"curies":[{"name":"wp","href":"https:\/\/api.w.org\/{rel}","templated":true}]}}