{"id":701902,"date":"2025-08-27T15:12:38","date_gmt":"2025-08-27T12:12:38","guid":{"rendered":"https:\/\/roveyayinevi.com.tr\/index.php\/urun\/cennet-ile-cehennemin-evliligi\/"},"modified":"2026-04-16T02:11:17","modified_gmt":"2026-04-15T23:11:17","slug":"cennet-ile-cehennemin-evliligi","status":"publish","type":"product","link":"https:\/\/roveyayinevi.com.tr\/index.php\/urun\/cennet-ile-cehennemin-evliligi\/","title":{"rendered":"Cennet ile Cehennemin Evlili\u011fi"},"content":{"rendered":"<p>Romantik \u00c7a\u011f\u2019\u0131n \u015fairi William Blake (1757-1827) iki y\u00fcz y\u0131ld\u0131r AldousHuxley gibi yazarlardan Bob Dylan gibi m\u00fczisyenlere kadar geni\u015f bir kesime esin kayna\u011f\u0131 oldu. En yetkin eseri say\u0131lan Cennet ile Cehennemin Evlili\u011fi\u2019nde dinin ve kurumlar\u0131n insana giydirdi\u011fi \u00f6rt\u00fcleri kald\u0131rmaya \u00e7al\u0131\u015ft\u0131. Kutsal kitaplar\u0131 \u00e7a\u011fr\u0131\u015ft\u0131ran ama arkaik s\u00f6yleme kap\u0131lmayan \u00f6zg\u00fcn bir dil yaratarak, geleneksel bak\u0131\u015flar\u0131n \u00f6tesine ge\u00e7ti. \u0130mparatorlu\u011fa kar\u015f\u0131 devrimin, akla kar\u015f\u0131 hayal g\u00fcc\u00fcn\u00fcn, her t\u00fcr bask\u0131ya kar\u015f\u0131 \u00f6zg\u00fcrl\u00fc\u011f\u00fcn felsefesini yaparken, insandaki haz ve sevin\u00e7 duygular\u0131n\u0131 y\u00fcceltti.  \ufffcTan\u0131t\u0131m Metni<\/p>\n","protected":false},"excerpt":{"rendered":"<p>Romantik \u00c7a\u011f\u2019\u0131n \u015fairi William Blake (1757-1827) iki y\u00fcz y\u0131ld\u0131r AldousHuxley gibi yazarlardan Bob Dylan gibi m\u00fczisyenlere kadar geni\u015f bir kesime esin kayna\u011f\u0131 oldu. En yetkin eseri<span class=\"excerpt-hellip\"> [\u2026]<\/span><\/p>\n","protected":false},"featured_media":0,"template":"","meta":{"_monsterinsights_skip_tracking":false,"_monsterinsights_sitenote_active":false,"_monsterinsights_sitenote_note":"","_monsterinsights_sitenote_category":0},"product_brand":[],"product_cat":[35958],"product_tag":[],"class_list":{"0":"post-701902","1":"product","2":"type-product","3":"status-publish","5":"product_cat-siir-2","6":"pa_cilt-ciltsiz","7":"pa_tur-kitap","8":"pa_yayinevi-ayrinti-yayinlari","9":"pa_yazar-william-blake","11":"first","12":"instock","13":"sale","14":"shipping-taxable","15":"purchasable","16":"product-type-simple"},"_links":{"self":[{"href":"https:\/\/roveyayinevi.com.tr\/index.php\/wp-json\/wp\/v2\/product\/701902","targetHints":{"allow":["GET"]}}],"collection":[{"href":"https:\/\/roveyayinevi.com.tr\/index.php\/wp-json\/wp\/v2\/product"}],"about":[{"href":"https:\/\/roveyayinevi.com.tr\/index.php\/wp-json\/wp\/v2\/types\/product"}],"wp:attachment":[{"href":"https:\/\/roveyayinevi.com.tr\/index.php\/wp-json\/wp\/v2\/media?parent=701902"}],"wp:term":[{"taxonomy":"product_brand","embeddable":true,"href":"https:\/\/roveyayinevi.com.tr\/index.php\/wp-json\/wp\/v2\/product_brand?post=701902"},{"taxonomy":"product_cat","embeddable":true,"href":"https:\/\/roveyayinevi.com.tr\/index.php\/wp-json\/wp\/v2\/product_cat?post=701902"},{"taxonomy":"product_tag","embeddable":true,"href":"https:\/\/roveyayinevi.com.tr\/index.php\/wp-json\/wp\/v2\/product_tag?post=701902"}],"curies":[{"name":"wp","href":"https:\/\/api.w.org\/{rel}","templated":true}]}}