{"id":701899,"date":"2025-08-27T15:12:37","date_gmt":"2025-08-27T12:12:37","guid":{"rendered":"https:\/\/roveyayinevi.com.tr\/index.php\/urun\/locke-lamoranin-yalanlari\/"},"modified":"2026-04-16T02:11:17","modified_gmt":"2026-04-15T23:11:17","slug":"locke-lamoranin-yalanlari","status":"publish","type":"product","link":"https:\/\/roveyayinevi.com.tr\/index.php\/urun\/locke-lamoranin-yalanlari\/","title":{"rendered":"Locke Lamora&#8217;n\u0131n Yalanlar\u0131"},"content":{"rendered":"<p>\u201cLocke Lamora\u2019n\u0131n Yalanlar\u0131 en sevdi\u011fim on kitap aras\u0131nda bulunuyor. Belki de ilk be\u015ftedir. Kitab\u0131 okumad\u0131ysan\u0131z, okumal\u0131s\u0131n\u0131z. Okuduysan\u0131z, muhtemelen yeniden okumal\u0131s\u0131n\u0131z\u2026\u201d- Patrick Rothfuss\u201cCanl\u0131, orijinal ve \u00e7ekici. Muhte\u015fem bir \u015fekilde yaz\u0131lm\u0131\u015f.\u201d &#8211; George R.R. Martin \u201cBo\u011faz\u0131nda kanayan bir kesik olsa ve bir hekim o kesi\u011fi dikmeye \u00e7al\u0131\u015fsa Lamora i\u011fneyle ipli\u011fi \u00e7alar ve kahkahalar atarak geberip gider. \u00c7ocuk\u2026 \u00e7ok fazla \u00e7al\u0131yor.\u201dCamorr \u015fehri, tarihi boyunca pek \u00e7ok soysuzlu\u011fa, yolsuzlu\u011fa, u\u011fursuzlu\u011fa, h\u0131rs\u0131zl\u0131\u011fa tan\u0131kl\u0131k etmi\u015f, b\u00fcy\u00fcl\u00fc atmosferinde her birini tek tek sindirebilmi\u015ftir; Camorr\u2019un Belas\u0131\u2019n\u0131n ismi \u015fehrin nemli duvarlar\u0131nda yank\u0131lanana dek\u2026Camorr\u2019un Belas\u0131\u2019n\u0131n yenilmez bir silah\u015for, usta bir h\u0131rs\u0131z, duvarlardan ge\u00e7ebilen bir hayalet ve fakirlerin dostu oldu\u011fu s\u00f6ylenir.\u0130\u015fte o efsanevi \u201cBela\u201d narin yap\u0131l\u0131, g\u00f6z\u00fc kara ve becerikli Locke Lamora\u2019d\u0131r. Locke kimsenin beceremedi\u011fi bir ustal\u0131kla zenginleri soymas\u0131na ra\u011fmen, bir ba\u015fka efsanedeki b\u00fcy\u00fck ok\u00e7unun aksine \u00e7ald\u0131klar\u0131ndan fakirlere tek bir kuru\u015f bile koklatmaz. Locke\u2019un t\u00fcm kazanc\u0131 kendisi ve isimlerinin hakk\u0131n\u0131 fazlas\u0131yla veren h\u0131rs\u0131zlar \u00e7etesi Centilmen Pi\u00e7ler i\u00e7indir.Onlar\u0131n sahip oldu\u011fu tek ev olan ve her t\u00fcrl\u00fc d\u00fcmen, hile ve numaralar\u0131n\u0131 ger\u00e7ekle\u015ftirdikleri kadim Camorr \u015fehrinin kaprisli ve renkli yeralt\u0131 d\u00fcnyas\u0131, i\u00e7ten i\u00e7e \u00e7\u00fcr\u00fcmekte ve gizli bir sava\u015f y\u00fcz\u00fcnden par\u00e7alanmaktad\u0131r. Tek ayak \u00fczerinde onlarca yalan s\u00f6yleyen Locke ve \u00e7etesi, bu b\u00fcy\u00fcl\u00fc d\u00fcnyada bu kez tek ayaklar\u0131n\u0131 bile yere basamadan i\u00e7erisine d\u00fc\u015ft\u00fckleri \u00f6l\u00fcm oyunundan kurtulmak zorundad\u0131r.Yaratt\u0131\u011f\u0131 d\u00fcnya ve kuvvetli kalemi sayesinde Patrick Rothfuss, Brandon Sanderson gibi isimlerle ad\u0131 s\u0131k s\u0131k an\u0131lan Scott Lynch, \u00e7arp\u0131c\u0131 roman\u0131 Locke Lamora\u2019n\u0131n Yalanlar\u0131\u2019\u0131nda bir macera kitab\u0131n\u0131n s\u00fcr\u00fckleyicili\u011fini, bir fantastik kitab\u0131n yarat\u0131c\u0131l\u0131\u011f\u0131yla birle\u015ftirip \u00fczerine George R. R. Martin\u2019in okuyucuyu beklemedi\u011fi yerden vurmay\u0131 ba\u015faran anlat\u0131m\u0131n\u0131 kat\u0131p, bizlere e\u015fsiz bir hayal d\u00fcnyas\u0131 sunuyor. <\/p>\n","protected":false},"excerpt":{"rendered":"<p>\u201cLocke Lamora\u2019n\u0131n Yalanlar\u0131 en sevdi\u011fim on kitap aras\u0131nda bulunuyor. Belki de ilk be\u015ftedir. Kitab\u0131 okumad\u0131ysan\u0131z, okumal\u0131s\u0131n\u0131z. Okuduysan\u0131z, muhtemelen yeniden okumal\u0131s\u0131n\u0131z\u2026\u201d- Patrick Rothfuss\u201cCanl\u0131, orijinal ve \u00e7ekici. Muhte\u015fem<span class=\"excerpt-hellip\"> [\u2026]<\/span><\/p>\n","protected":false},"featured_media":0,"template":"","meta":{"_monsterinsights_skip_tracking":false,"_monsterinsights_sitenote_active":false,"_monsterinsights_sitenote_note":"","_monsterinsights_sitenote_category":0},"product_brand":[],"product_cat":[12291,12711],"product_tag":[],"class_list":{"0":"post-701899","1":"product","2":"type-product","3":"status-publish","5":"product_cat-edebiyat","6":"product_cat-roman-oyku","7":"pa_cilt-ciltsiz","8":"pa_tur-kitap","9":"pa_yayinevi-ithaki-yayinlari","10":"pa_yazar-scott-lynch","12":"first","13":"instock","14":"sale","15":"shipping-taxable","16":"purchasable","17":"product-type-simple"},"_links":{"self":[{"href":"https:\/\/roveyayinevi.com.tr\/index.php\/wp-json\/wp\/v2\/product\/701899","targetHints":{"allow":["GET"]}}],"collection":[{"href":"https:\/\/roveyayinevi.com.tr\/index.php\/wp-json\/wp\/v2\/product"}],"about":[{"href":"https:\/\/roveyayinevi.com.tr\/index.php\/wp-json\/wp\/v2\/types\/product"}],"wp:attachment":[{"href":"https:\/\/roveyayinevi.com.tr\/index.php\/wp-json\/wp\/v2\/media?parent=701899"}],"wp:term":[{"taxonomy":"product_brand","embeddable":true,"href":"https:\/\/roveyayinevi.com.tr\/index.php\/wp-json\/wp\/v2\/product_brand?post=701899"},{"taxonomy":"product_cat","embeddable":true,"href":"https:\/\/roveyayinevi.com.tr\/index.php\/wp-json\/wp\/v2\/product_cat?post=701899"},{"taxonomy":"product_tag","embeddable":true,"href":"https:\/\/roveyayinevi.com.tr\/index.php\/wp-json\/wp\/v2\/product_tag?post=701899"}],"curies":[{"name":"wp","href":"https:\/\/api.w.org\/{rel}","templated":true}]}}