{"id":701888,"date":"2025-08-27T15:12:34","date_gmt":"2025-08-27T12:12:34","guid":{"rendered":"https:\/\/roveyayinevi.com.tr\/index.php\/urun\/momonun-sarayi\/"},"modified":"2026-04-16T02:11:16","modified_gmt":"2026-04-15T23:11:16","slug":"momonun-sarayi","status":"publish","type":"product","link":"https:\/\/roveyayinevi.com.tr\/index.php\/urun\/momonun-sarayi\/","title":{"rendered":"Momo&#8217;nun Saray\u0131"},"content":{"rendered":"<p>Sevilen yazar Pelin G\u00fcne\u015f, K\u00fclt\u00fcrel Miras Serisi&#8217;nin ilk kitab\u0131nda ku\u015fdilini \u00e7\u00f6z\u00fcyor ve unutulmaya y\u00fcz tutan minik, sevimli mimari yap\u0131lardan kafas\u0131n\u0131 uzat\u0131p soruyor: Sahi, ku\u015f saraylar\u0131na ne oldu? K\u0131\u015f yakla\u015ft\u0131, ku\u015flar i\u00e7in yeni diyarlara g\u00f6\u00e7 etme zaman\u0131. K\u0131rlang\u0131\u00e7 Momo ve ailesi, haritada i\u015faretlenmi\u015f noktalara do\u011fru yolculu\u011fa \u00e7\u0131kacak. Bu noktalar, ku\u015flar i\u00e7in \u00f6zel olarak yap\u0131lm\u0131\u015f yerler. Bir ku\u015ft\u00fcy\u00fc yast\u0131k kadar rahat, bir ku\u015f \u00f6t\u00fc\u015f\u00fc gibi ne\u015fe kayna\u011f\u0131d\u0131r onlar. Ne var ki bu yap\u0131lardan baz\u0131lar\u0131 yitip gitmi\u015f olabilir. Saraylara lay\u0131k bu g\u00fczel aile, yeni evine ula\u015fabilecek mi dersiniz? <\/p>\n","protected":false},"excerpt":{"rendered":"<p>Sevilen yazar Pelin G\u00fcne\u015f, K\u00fclt\u00fcrel Miras Serisi&#8217;nin ilk kitab\u0131nda ku\u015fdilini \u00e7\u00f6z\u00fcyor ve unutulmaya y\u00fcz tutan minik, sevimli mimari yap\u0131lardan kafas\u0131n\u0131 uzat\u0131p soruyor: Sahi, ku\u015f saraylar\u0131na ne<span class=\"excerpt-hellip\"> [\u2026]<\/span><\/p>\n","protected":false},"featured_media":0,"template":"","meta":{"_monsterinsights_skip_tracking":false,"_monsterinsights_sitenote_active":false,"_monsterinsights_sitenote_note":"","_monsterinsights_sitenote_category":0},"product_brand":[],"product_cat":[12275,12274],"product_tag":[],"class_list":{"0":"post-701888","1":"product","2":"type-product","3":"status-publish","5":"product_cat-6-12-yas-kitaplari","6":"product_cat-cocuk-ve-genclik-kitaplari","7":"pa_cilt-ciltsiz","8":"pa_tur-kitap","9":"pa_yayinevi-elma-cocuk","10":"pa_yazar-pelin-gunes","12":"first","13":"instock","14":"sale","15":"shipping-taxable","16":"purchasable","17":"product-type-simple"},"_links":{"self":[{"href":"https:\/\/roveyayinevi.com.tr\/index.php\/wp-json\/wp\/v2\/product\/701888","targetHints":{"allow":["GET"]}}],"collection":[{"href":"https:\/\/roveyayinevi.com.tr\/index.php\/wp-json\/wp\/v2\/product"}],"about":[{"href":"https:\/\/roveyayinevi.com.tr\/index.php\/wp-json\/wp\/v2\/types\/product"}],"wp:attachment":[{"href":"https:\/\/roveyayinevi.com.tr\/index.php\/wp-json\/wp\/v2\/media?parent=701888"}],"wp:term":[{"taxonomy":"product_brand","embeddable":true,"href":"https:\/\/roveyayinevi.com.tr\/index.php\/wp-json\/wp\/v2\/product_brand?post=701888"},{"taxonomy":"product_cat","embeddable":true,"href":"https:\/\/roveyayinevi.com.tr\/index.php\/wp-json\/wp\/v2\/product_cat?post=701888"},{"taxonomy":"product_tag","embeddable":true,"href":"https:\/\/roveyayinevi.com.tr\/index.php\/wp-json\/wp\/v2\/product_tag?post=701888"}],"curies":[{"name":"wp","href":"https:\/\/api.w.org\/{rel}","templated":true}]}}