{"id":701880,"date":"2025-08-27T15:12:31","date_gmt":"2025-08-27T12:12:31","guid":{"rendered":"https:\/\/roveyayinevi.com.tr\/index.php\/urun\/iletisim-bilimlerinin-unutulmus-kokenleri\/"},"modified":"2026-04-16T02:11:16","modified_gmt":"2026-04-15T23:11:16","slug":"iletisim-bilimlerinin-unutulmus-kokenleri","status":"publish","type":"product","link":"https:\/\/roveyayinevi.com.tr\/index.php\/urun\/iletisim-bilimlerinin-unutulmus-kokenleri\/","title":{"rendered":"\u0130leti\u015fim Bilimlerinin Unutulmu\u015f K\u00f6kenleri"},"content":{"rendered":"<p>\u0130leti\u015fim bilimleri alan\u0131na ili\u015fkin d\u00fc\u015f\u00fcncelerimizin genel bir ekolojisini tasarlama iddias\u0131ndaki kurucu metinlerin tarihi halen in\u015fa halinde olup, genellikle yirminci y\u00fczy\u0131l\u0131n ilk \u00e7eyre\u011fine tarihlenir. Her t\u00fcrden kaotik savrulmaya ve rizikoya a\u00e7\u0131k toplumsal ili\u015fkiler mimarisinin \u201conar\u0131c\u0131\u201d bir prati\u011fi olarak \u00f6ne s\u00fcr\u00fclen ileti\u015fim olgusunun teoride buldu\u011fu kar\u015f\u0131l\u0131k, i\u00e7inde eylem olanaklar\u0131n\u0131 ve kontrol amac\u0131n\u0131 da bar\u0131nd\u0131ran insanc\u0131l, etkili ve ikna edici bir etkile\u015fim s\u00fcrecini yeni yeni filizlenen disiplin a\u00e7\u0131s\u0131ndan egemen norm olarak saptar. Bu genel \u00e7er\u00e7eve, a\u015fa\u011f\u0131 yukar\u0131 1970\u2019li y\u0131llardan itibaren etkili olmaya ba\u015flayan g\u00f6stergebilimsel okulun ileti\u015fim pratiklerinin \u00e7\u0131k\u0131\u015f\u0131na kadar varl\u0131\u011f\u0131n\u0131 s\u00fcrd\u00fcr\u00fcr. B\u00f6ylece daha \u00f6nce iletilerin bir noktadan di\u011fer bir noktaya ya da noktalara do\u011fru ve etkili bi\u00e7imde aktar\u0131lmas\u0131 s\u00fcreci olarak tan\u0131mlanm\u0131\u015f olan ileti\u015fim kavram\u0131, yerini ileti\u015fimsel eylem ve metinlerin al\u0131mlanmas\u0131 s\u00fcrecine b\u0131rak\u0131r. Dahas\u0131, bu a\u00e7\u0131dan ileti\u015fimi eski d\u00fcnyan\u0131n yeni \u00fctopik tasar\u0131s\u0131 olarak g\u00f6renler aras\u0131nda neredeyse merkezi bir tutum s\u00f6z konusudur. \u0130leti\u015fim Bilimlerinin Unutulmu\u015f K\u00f6kenleri derlemesi i\u00e7inde yer alan metinler, ileti\u015fim ekseninde kendini yenileyen \u00fctopik tasar\u0131n\u0131n belli ba\u015fl\u0131 d\u00fc\u015f\u00fcnsel u\u011fraklar\u0131na buyur ediyor okuyucuyu. \u0130nsan\u0131n antropolojik a\u00e7\u0131dan yap\u0131lm\u0131\u015f farkl\u0131 bir tan\u0131m\u0131n\u0131 sunan kitap, ileti\u015fim \u00e7a\u011f\u0131nda ya\u015fayan biz homo communicantlar i\u00e7in\u2026 <\/p>\n","protected":false},"excerpt":{"rendered":"<p>\u0130leti\u015fim bilimleri alan\u0131na ili\u015fkin d\u00fc\u015f\u00fcncelerimizin genel bir ekolojisini tasarlama iddias\u0131ndaki kurucu metinlerin tarihi halen in\u015fa halinde olup, genellikle yirminci y\u00fczy\u0131l\u0131n ilk \u00e7eyre\u011fine tarihlenir. Her t\u00fcrden kaotik<span class=\"excerpt-hellip\"> [\u2026]<\/span><\/p>\n","protected":false},"featured_media":0,"template":"","meta":{"_monsterinsights_skip_tracking":false,"_monsterinsights_sitenote_active":false,"_monsterinsights_sitenote_note":"","_monsterinsights_sitenote_category":0},"product_brand":[],"product_cat":[13590,12337],"product_tag":[],"class_list":{"0":"post-701880","1":"product","2":"type-product","3":"status-publish","5":"product_cat-arastirma-inceleme-politika-siyaset","6":"product_cat-politika-siyaset","7":"pa_cilt-ciltsiz","8":"pa_tur-kitap","9":"pa_yayinevi-ayrinti-yayinlari","10":"pa_yazar-jacques-perriault","12":"first","13":"instock","14":"sale","15":"shipping-taxable","16":"purchasable","17":"product-type-simple"},"_links":{"self":[{"href":"https:\/\/roveyayinevi.com.tr\/index.php\/wp-json\/wp\/v2\/product\/701880","targetHints":{"allow":["GET"]}}],"collection":[{"href":"https:\/\/roveyayinevi.com.tr\/index.php\/wp-json\/wp\/v2\/product"}],"about":[{"href":"https:\/\/roveyayinevi.com.tr\/index.php\/wp-json\/wp\/v2\/types\/product"}],"wp:attachment":[{"href":"https:\/\/roveyayinevi.com.tr\/index.php\/wp-json\/wp\/v2\/media?parent=701880"}],"wp:term":[{"taxonomy":"product_brand","embeddable":true,"href":"https:\/\/roveyayinevi.com.tr\/index.php\/wp-json\/wp\/v2\/product_brand?post=701880"},{"taxonomy":"product_cat","embeddable":true,"href":"https:\/\/roveyayinevi.com.tr\/index.php\/wp-json\/wp\/v2\/product_cat?post=701880"},{"taxonomy":"product_tag","embeddable":true,"href":"https:\/\/roveyayinevi.com.tr\/index.php\/wp-json\/wp\/v2\/product_tag?post=701880"}],"curies":[{"name":"wp","href":"https:\/\/api.w.org\/{rel}","templated":true}]}}