{"id":701868,"date":"2025-08-27T15:12:27","date_gmt":"2025-08-27T12:12:27","guid":{"rendered":"https:\/\/roveyayinevi.com.tr\/index.php\/urun\/gunisigina-yolculuk-kacis-1\/"},"modified":"2026-04-16T02:11:16","modified_gmt":"2026-04-15T23:11:16","slug":"gunisigina-yolculuk-kacis-1","status":"publish","type":"product","link":"https:\/\/roveyayinevi.com.tr\/index.php\/urun\/gunisigina-yolculuk-kacis-1\/","title":{"rendered":"G\u00fcn\u0131\u015f\u0131\u011f\u0131na Yolculuk &#8211; Ka\u00e7\u0131\u015f 1"},"content":{"rendered":"<p>Ku\u015f gibi kanad\u0131m olsayd\u0131&#8230; &#8220;Ka\u00e7ma hayalleri kurarken \u00e7ekti\u011fim ac\u0131lar\u0131 unutuyorum. Karar verdi\u011fim g\u00fcnden beri ot yata\u011f\u0131mda r\u00fcya i\u00e7inde r\u00fcya g\u00f6r\u00fcyorum. Ka\u00e7ma plan\u0131m\u0131 s\u0131r saysam da r\u00fcyamda bir arkada\u015fa anlatt\u0131m. \u00d6yle korktum ki, \u2018Eyvah, herkes \u00f6\u011frenip ustaya duyuracak ka\u00e7aca\u011f\u0131m\u0131!\u2019 diye ba\u011f\u0131rarak yataktan f\u0131rlad\u0131m.&#8221;<\/p>\n","protected":false},"excerpt":{"rendered":"<p>Ku\u015f gibi kanad\u0131m olsayd\u0131&#8230; &#8220;Ka\u00e7ma hayalleri kurarken \u00e7ekti\u011fim ac\u0131lar\u0131 unutuyorum. Karar verdi\u011fim g\u00fcnden beri ot yata\u011f\u0131mda r\u00fcya i\u00e7inde r\u00fcya g\u00f6r\u00fcyorum. Ka\u00e7ma plan\u0131m\u0131 s\u0131r saysam da r\u00fcyamda<span class=\"excerpt-hellip\"> [\u2026]<\/span><\/p>\n","protected":false},"featured_media":0,"template":"","meta":{"_monsterinsights_skip_tracking":false,"_monsterinsights_sitenote_active":false,"_monsterinsights_sitenote_note":"","_monsterinsights_sitenote_category":0},"product_brand":[],"product_cat":[12274,12284],"product_tag":[],"class_list":{"0":"post-701868","1":"product","2":"type-product","3":"status-publish","5":"product_cat-cocuk-ve-genclik-kitaplari","6":"product_cat-hikayeler","7":"pa_cilt-ciltsiz","8":"pa_tur-kitap","9":"pa_yayinevi-can-cocuk-yayinlari","10":"pa_yazar-adnan-binyazar","12":"first","13":"instock","14":"sale","15":"shipping-taxable","16":"purchasable","17":"product-type-simple"},"_links":{"self":[{"href":"https:\/\/roveyayinevi.com.tr\/index.php\/wp-json\/wp\/v2\/product\/701868","targetHints":{"allow":["GET"]}}],"collection":[{"href":"https:\/\/roveyayinevi.com.tr\/index.php\/wp-json\/wp\/v2\/product"}],"about":[{"href":"https:\/\/roveyayinevi.com.tr\/index.php\/wp-json\/wp\/v2\/types\/product"}],"wp:attachment":[{"href":"https:\/\/roveyayinevi.com.tr\/index.php\/wp-json\/wp\/v2\/media?parent=701868"}],"wp:term":[{"taxonomy":"product_brand","embeddable":true,"href":"https:\/\/roveyayinevi.com.tr\/index.php\/wp-json\/wp\/v2\/product_brand?post=701868"},{"taxonomy":"product_cat","embeddable":true,"href":"https:\/\/roveyayinevi.com.tr\/index.php\/wp-json\/wp\/v2\/product_cat?post=701868"},{"taxonomy":"product_tag","embeddable":true,"href":"https:\/\/roveyayinevi.com.tr\/index.php\/wp-json\/wp\/v2\/product_tag?post=701868"}],"curies":[{"name":"wp","href":"https:\/\/api.w.org\/{rel}","templated":true}]}}