{"id":701867,"date":"2025-08-27T15:12:26","date_gmt":"2025-08-27T12:12:26","guid":{"rendered":"https:\/\/roveyayinevi.com.tr\/index.php\/urun\/genlerin-sifresi\/"},"modified":"2026-04-16T02:11:16","modified_gmt":"2026-04-15T23:11:16","slug":"genlerin-sifresi","status":"publish","type":"product","link":"https:\/\/roveyayinevi.com.tr\/index.php\/urun\/genlerin-sifresi\/","title":{"rendered":"Genlerin \u015eifresi"},"content":{"rendered":"<p>Her \u015fey, \u0130lke\u2019nin N\u00fckleer Ara\u015ft\u0131rmalar Merkezi\u2019nde \u00e7al\u0131\u015fan day\u0131s\u0131n\u0131 ziyaret etmesiyle ba\u015flad\u0131. O ziyaretin ard\u0131ndan tuhaf, canl\u0131 r\u00fcyalar g\u00f6r\u00fcr oldu \u0130lke. Bu r\u00fcyalar\u0131n her birinde farkl\u0131 bir insan olarak beliriyordu. Eski \u00e7a\u011flardan g\u00fcn\u00fcm\u00fcze, \u00e7ok farkl\u0131 d\u00f6nemlerin ve olaylar\u0131n i\u00e7inde buluyordu kendini. Kimdi bu insanlar? \u0130lke\u2019nin g\u00f6rd\u00fckleri yaln\u0131zca birer d\u00fc\u015f m\u00fcyd\u00fc? Okurlar\u0131n\u0131 farkl\u0131 \u00e7a\u011flara davet eden Bilgin Adal\u0131, bu roman\u0131nda insanl\u0131k tarihi kadar r\u00fcya, bellek ve genetik \u00fczerine de d\u00fc\u015f\u00fcn\u00fcyor. Kitap, k\u0131sa \u00f6yk\u00fc tad\u0131ndaki b\u00f6l\u00fcmleri ve \u00d6yk\u00fc Akarca\u2019n\u0131n renkli atmosferiyle, okuru d\u00fc\u015f ile ger\u00e7e\u011fin i\u00e7 i\u00e7e ge\u00e7ti\u011fi bir zaman yolculu\u011funa \u00e7\u0131kar\u0131yor.<\/p>\n","protected":false},"excerpt":{"rendered":"<p>Her \u015fey, \u0130lke\u2019nin N\u00fckleer Ara\u015ft\u0131rmalar Merkezi\u2019nde \u00e7al\u0131\u015fan day\u0131s\u0131n\u0131 ziyaret etmesiyle ba\u015flad\u0131. O ziyaretin ard\u0131ndan tuhaf, canl\u0131 r\u00fcyalar g\u00f6r\u00fcr oldu \u0130lke. Bu r\u00fcyalar\u0131n her birinde farkl\u0131 bir<span class=\"excerpt-hellip\"> [\u2026]<\/span><\/p>\n","protected":false},"featured_media":0,"template":"","meta":{"_monsterinsights_skip_tracking":false,"_monsterinsights_sitenote_active":false,"_monsterinsights_sitenote_note":"","_monsterinsights_sitenote_category":0},"product_brand":[],"product_cat":[12274,12284],"product_tag":[],"class_list":{"0":"post-701867","1":"product","2":"type-product","3":"status-publish","5":"product_cat-cocuk-ve-genclik-kitaplari","6":"product_cat-hikayeler","7":"pa_cilt-ciltsiz","8":"pa_tur-kitap","9":"pa_yayinevi-can-cocuk-yayinlari","10":"pa_yazar-bilgin-adali","12":"first","13":"instock","14":"sale","15":"shipping-taxable","16":"purchasable","17":"product-type-simple"},"_links":{"self":[{"href":"https:\/\/roveyayinevi.com.tr\/index.php\/wp-json\/wp\/v2\/product\/701867","targetHints":{"allow":["GET"]}}],"collection":[{"href":"https:\/\/roveyayinevi.com.tr\/index.php\/wp-json\/wp\/v2\/product"}],"about":[{"href":"https:\/\/roveyayinevi.com.tr\/index.php\/wp-json\/wp\/v2\/types\/product"}],"wp:attachment":[{"href":"https:\/\/roveyayinevi.com.tr\/index.php\/wp-json\/wp\/v2\/media?parent=701867"}],"wp:term":[{"taxonomy":"product_brand","embeddable":true,"href":"https:\/\/roveyayinevi.com.tr\/index.php\/wp-json\/wp\/v2\/product_brand?post=701867"},{"taxonomy":"product_cat","embeddable":true,"href":"https:\/\/roveyayinevi.com.tr\/index.php\/wp-json\/wp\/v2\/product_cat?post=701867"},{"taxonomy":"product_tag","embeddable":true,"href":"https:\/\/roveyayinevi.com.tr\/index.php\/wp-json\/wp\/v2\/product_tag?post=701867"}],"curies":[{"name":"wp","href":"https:\/\/api.w.org\/{rel}","templated":true}]}}