{"id":701836,"date":"2025-08-27T15:12:09","date_gmt":"2025-08-27T12:12:09","guid":{"rendered":"https:\/\/roveyayinevi.com.tr\/index.php\/urun\/metis-otekini-dinlemek-dizisi-15-freudun-otoanalizi-ve-psikanalizin-kesfi\/"},"modified":"2026-04-16T02:11:15","modified_gmt":"2026-04-15T23:11:15","slug":"metis-otekini-dinlemek-dizisi-15-freudun-otoanalizi-ve-psikanalizin-kesfi","status":"publish","type":"product","link":"https:\/\/roveyayinevi.com.tr\/index.php\/urun\/metis-otekini-dinlemek-dizisi-15-freudun-otoanalizi-ve-psikanalizin-kesfi\/","title":{"rendered":"Metis \u00d6tekini Dinlemek Dizisi 15 &#8211; Freud&#8217;un Otoanalizi ve Psikanalizin Ke\u015ffi"},"content":{"rendered":"<p>Psikanaliz tarihinin en ilgi \u00e7ekici yap\u0131tlar\u0131ndan biri. Psikanalizin &#8220;kurucu babas\u0131&#8221; olarak Freud&#8217;un otoanalizi, onun psikanalizi nas\u0131l ad\u0131m ad\u0131m kendi r\u00fcyalar\u0131ndan, dil s\u00fcr\u00e7melerinden, unutma ve benzeri bilin\u00e7d\u0131\u015f\u0131 \u00fcr\u00fcnlerinden hareketle yaratt\u0131\u011f\u0131n\u0131 ortaya koyar. <\/p>\n","protected":false},"excerpt":{"rendered":"<p>Psikanaliz tarihinin en ilgi \u00e7ekici yap\u0131tlar\u0131ndan biri. Psikanalizin &#8220;kurucu babas\u0131&#8221; olarak Freud&#8217;un otoanalizi, onun psikanalizi nas\u0131l ad\u0131m ad\u0131m kendi r\u00fcyalar\u0131ndan, dil s\u00fcr\u00e7melerinden, unutma ve benzeri bilin\u00e7d\u0131\u015f\u0131<span class=\"excerpt-hellip\"> [\u2026]<\/span><\/p>\n","protected":false},"featured_media":0,"template":"","meta":{"_monsterinsights_skip_tracking":false,"_monsterinsights_sitenote_active":false,"_monsterinsights_sitenote_note":"","_monsterinsights_sitenote_category":0},"product_brand":[],"product_cat":[12358,12357],"product_tag":[],"class_list":{"0":"post-701836","1":"product","2":"type-product","3":"status-publish","5":"product_cat-genel-psikoloji","6":"product_cat-psikoloji","7":"pa_cilt-ciltsiz","8":"pa_tur-kitap","9":"pa_yayinevi-metis-yayinlari","10":"pa_yazar-didier-anzieu","12":"first","13":"instock","14":"sale","15":"shipping-taxable","16":"purchasable","17":"product-type-simple"},"_links":{"self":[{"href":"https:\/\/roveyayinevi.com.tr\/index.php\/wp-json\/wp\/v2\/product\/701836","targetHints":{"allow":["GET"]}}],"collection":[{"href":"https:\/\/roveyayinevi.com.tr\/index.php\/wp-json\/wp\/v2\/product"}],"about":[{"href":"https:\/\/roveyayinevi.com.tr\/index.php\/wp-json\/wp\/v2\/types\/product"}],"wp:attachment":[{"href":"https:\/\/roveyayinevi.com.tr\/index.php\/wp-json\/wp\/v2\/media?parent=701836"}],"wp:term":[{"taxonomy":"product_brand","embeddable":true,"href":"https:\/\/roveyayinevi.com.tr\/index.php\/wp-json\/wp\/v2\/product_brand?post=701836"},{"taxonomy":"product_cat","embeddable":true,"href":"https:\/\/roveyayinevi.com.tr\/index.php\/wp-json\/wp\/v2\/product_cat?post=701836"},{"taxonomy":"product_tag","embeddable":true,"href":"https:\/\/roveyayinevi.com.tr\/index.php\/wp-json\/wp\/v2\/product_tag?post=701836"}],"curies":[{"name":"wp","href":"https:\/\/api.w.org\/{rel}","templated":true}]}}