{"id":701829,"date":"2025-08-27T15:12:06","date_gmt":"2025-08-27T12:12:06","guid":{"rendered":"https:\/\/roveyayinevi.com.tr\/index.php\/urun\/gokte-biri-var\/"},"modified":"2026-04-16T02:11:15","modified_gmt":"2026-04-15T23:11:15","slug":"gokte-biri-var","status":"publish","type":"product","link":"https:\/\/roveyayinevi.com.tr\/index.php\/urun\/gokte-biri-var\/","title":{"rendered":"G\u00f6kte Biri Var"},"content":{"rendered":"<p>Peki ama kimdi bu teldeki adam? Teldeki adam bak\u0131\u015f a\u00e7\u0131m\u0131 de\u011fi\u015ftirmi\u015fti. Konu\u015fulanlardan \u00e7ok konu\u015fulmayanlar, g\u00f6r\u00fcnenden \u00e7ok g\u00f6r\u00fcnmeyenler \u00e7ekmeye ba\u015flam\u0131\u015ft\u0131 ilgimi. Teldeki adam g\u00f6zl\u00fckl\u00fcyd\u00fc. G\u00f6zl\u00fcklerinin benimkinden ve babam\u0131n arkada\u015flar\u0131n\u0131nkilerden farkl\u0131 oldu\u011funu anlam\u0131\u015ft\u0131m. Kimsenin g\u00f6remedi\u011fi ayr\u0131nt\u0131lar\u0131 b\u00fcy\u00fcte\u00e7 gibi b\u00fcy\u00fct\u00fcyordu onunki. Y\u0131k\u0131lma tehlikesine kar\u015f\u0131 bo\u015falt\u0131lm\u0131\u015f ah\u015fap evin tahta oymal\u0131 kap\u0131 kolunu, \u00e7at\u0131 aralar\u0131ndaki ku\u015f yuvalar\u0131n\u0131, \u00e7ocuk park\u0131n\u0131n k\u00f6\u015fesindeki, \u00e7evresini otlar b\u00fcy\u00fcm\u00fc\u015f ba\u015f\u0131 kopuk heykeli, fare deliklerini, eski binalar\u0131n birindeki kirden pastan kararm\u0131\u015f armay\u0131 o g\u00f6stermese hangimiz g\u00f6rebilecektik? \ufffc<\/p>\n","protected":false},"excerpt":{"rendered":"<p>Peki ama kimdi bu teldeki adam? Teldeki adam bak\u0131\u015f a\u00e7\u0131m\u0131 de\u011fi\u015ftirmi\u015fti. Konu\u015fulanlardan \u00e7ok konu\u015fulmayanlar, g\u00f6r\u00fcnenden \u00e7ok g\u00f6r\u00fcnmeyenler \u00e7ekmeye ba\u015flam\u0131\u015ft\u0131 ilgimi. Teldeki adam g\u00f6zl\u00fckl\u00fcyd\u00fc. G\u00f6zl\u00fcklerinin benimkinden ve<span class=\"excerpt-hellip\"> [\u2026]<\/span><\/p>\n","protected":false},"featured_media":0,"template":"","meta":{"_monsterinsights_skip_tracking":false,"_monsterinsights_sitenote_active":false,"_monsterinsights_sitenote_note":"","_monsterinsights_sitenote_category":0},"product_brand":[],"product_cat":[12274,12284],"product_tag":[],"class_list":{"0":"post-701829","1":"product","2":"type-product","3":"status-publish","5":"product_cat-cocuk-ve-genclik-kitaplari","6":"product_cat-hikayeler","7":"pa_cilt-ciltsiz","8":"pa_tur-kitap","9":"pa_yayinevi-can-cocuk-yayinlari","10":"pa_yazar-sevim-ak","12":"first","13":"instock","14":"sale","15":"shipping-taxable","16":"purchasable","17":"product-type-simple"},"_links":{"self":[{"href":"https:\/\/roveyayinevi.com.tr\/index.php\/wp-json\/wp\/v2\/product\/701829","targetHints":{"allow":["GET"]}}],"collection":[{"href":"https:\/\/roveyayinevi.com.tr\/index.php\/wp-json\/wp\/v2\/product"}],"about":[{"href":"https:\/\/roveyayinevi.com.tr\/index.php\/wp-json\/wp\/v2\/types\/product"}],"wp:attachment":[{"href":"https:\/\/roveyayinevi.com.tr\/index.php\/wp-json\/wp\/v2\/media?parent=701829"}],"wp:term":[{"taxonomy":"product_brand","embeddable":true,"href":"https:\/\/roveyayinevi.com.tr\/index.php\/wp-json\/wp\/v2\/product_brand?post=701829"},{"taxonomy":"product_cat","embeddable":true,"href":"https:\/\/roveyayinevi.com.tr\/index.php\/wp-json\/wp\/v2\/product_cat?post=701829"},{"taxonomy":"product_tag","embeddable":true,"href":"https:\/\/roveyayinevi.com.tr\/index.php\/wp-json\/wp\/v2\/product_tag?post=701829"}],"curies":[{"name":"wp","href":"https:\/\/api.w.org\/{rel}","templated":true}]}}