{"id":701817,"date":"2025-08-27T15:12:02","date_gmt":"2025-08-27T12:12:02","guid":{"rendered":"https:\/\/roveyayinevi.com.tr\/index.php\/urun\/bitmeyen-gece\/"},"modified":"2026-04-16T02:11:15","modified_gmt":"2026-04-15T23:11:15","slug":"bitmeyen-gece","status":"publish","type":"product","link":"https:\/\/roveyayinevi.com.tr\/index.php\/urun\/bitmeyen-gece\/","title":{"rendered":"Bitmeyen Gece"},"content":{"rendered":"<p>\u00c7ocukluk ve gen\u00e7lik y\u0131llar\u0131 b\u00fct\u00fcn di\u011fer iki kitab\u0131nda anlatt\u0131\u011f\u0131 zorluklar\u0131 \u00f6nemsizle\u015ftiren mesut hat\u0131ralarla dolu olan yazara talih bitmeyen bir gece haz\u0131rlar. G\u00f6zlerinin \u0131\u015f\u0131\u011f\u0131 s\u00f6ner ve sonra \u00e7ileler ba\u015flar.Bitmeyen gece insani ve edeb\u00ee bak\u0131mdan ibretlik bir azim \u015faheseri, sab\u0131r, metanet ve vekar destan\u0131d\u0131r. Eser yazar\u0131n g\u00f6zlerinin ferine kavu\u015fmak i\u00e7in \u00e7\u0131kt\u0131\u011f\u0131 yolculu\u011fu anlat\u0131r. Hangi \u015fartlar alt\u0131nda olursa olsun, hayat kar\u015f\u0131s\u0131nda yenilmeyen ve direnmekten vazge\u00e7meyen bir insan\u0131n tok ve \u00fcmit a\u015f\u0131layan sesiyle yaz\u0131lm\u0131\u015ft\u0131r. O ses bazen kendi kendine yak\u0131n\u0131r, bazen dipdiridir, bazen de tatl\u0131 bir \u00fcslupla okuyucuyla konu\u015fur.Bu kitab\u0131 da g\u00f6stermektedir ki Mitat En\u00e7 hem edebiyat\u0131m\u0131z hem de cemiyetimiz i\u00e7in bir \u00f6v\u00fcn\u00e7 kayna\u011f\u0131d\u0131r, olmal\u0131d\u0131r.<\/p>\n","protected":false},"excerpt":{"rendered":"<p>\u00c7ocukluk ve gen\u00e7lik y\u0131llar\u0131 b\u00fct\u00fcn di\u011fer iki kitab\u0131nda anlatt\u0131\u011f\u0131 zorluklar\u0131 \u00f6nemsizle\u015ftiren mesut hat\u0131ralarla dolu olan yazara talih bitmeyen bir gece haz\u0131rlar. G\u00f6zlerinin \u0131\u015f\u0131\u011f\u0131 s\u00f6ner ve sonra<span class=\"excerpt-hellip\"> [\u2026]<\/span><\/p>\n","protected":false},"featured_media":0,"template":"","meta":{"_monsterinsights_skip_tracking":false,"_monsterinsights_sitenote_active":false,"_monsterinsights_sitenote_note":"","_monsterinsights_sitenote_category":0},"product_brand":[],"product_cat":[13366,13365],"product_tag":[],"class_list":{"0":"post-701817","1":"product","2":"type-product","3":"status-publish","5":"product_cat-diger-saglik","6":"product_cat-saglik","7":"pa_cilt-ciltsiz","8":"pa_tur-kitap","9":"pa_yayinevi-otuken-nesriyat","10":"pa_yazar-mitat-enc","12":"first","13":"instock","14":"sale","15":"shipping-taxable","16":"purchasable","17":"product-type-simple"},"_links":{"self":[{"href":"https:\/\/roveyayinevi.com.tr\/index.php\/wp-json\/wp\/v2\/product\/701817","targetHints":{"allow":["GET"]}}],"collection":[{"href":"https:\/\/roveyayinevi.com.tr\/index.php\/wp-json\/wp\/v2\/product"}],"about":[{"href":"https:\/\/roveyayinevi.com.tr\/index.php\/wp-json\/wp\/v2\/types\/product"}],"wp:attachment":[{"href":"https:\/\/roveyayinevi.com.tr\/index.php\/wp-json\/wp\/v2\/media?parent=701817"}],"wp:term":[{"taxonomy":"product_brand","embeddable":true,"href":"https:\/\/roveyayinevi.com.tr\/index.php\/wp-json\/wp\/v2\/product_brand?post=701817"},{"taxonomy":"product_cat","embeddable":true,"href":"https:\/\/roveyayinevi.com.tr\/index.php\/wp-json\/wp\/v2\/product_cat?post=701817"},{"taxonomy":"product_tag","embeddable":true,"href":"https:\/\/roveyayinevi.com.tr\/index.php\/wp-json\/wp\/v2\/product_tag?post=701817"}],"curies":[{"name":"wp","href":"https:\/\/api.w.org\/{rel}","templated":true}]}}