{"id":701808,"date":"2025-08-27T15:11:59","date_gmt":"2025-08-27T12:11:59","guid":{"rendered":"https:\/\/roveyayinevi.com.tr\/index.php\/urun\/ekmek-ve-haysiyet-mucadelesi-gunumuz-turkiyesinde-uc-isci-hareketinin-etnografisi\/"},"modified":"2026-04-16T02:11:15","modified_gmt":"2026-04-15T23:11:15","slug":"ekmek-ve-haysiyet-mucadelesi-gunumuz-turkiyesinde-uc-isci-hareketinin-etnografisi","status":"publish","type":"product","link":"https:\/\/roveyayinevi.com.tr\/index.php\/urun\/ekmek-ve-haysiyet-mucadelesi-gunumuz-turkiyesinde-uc-isci-hareketinin-etnografisi\/","title":{"rendered":"Ekmek ve Haysiyet M\u00fccadelesi: G\u00fcn\u00fcm\u00fcz T\u00fcrkiyesi&#8217;nde \u00dc\u00e7 \u0130\u015f\u00e7i Hareketinin Etnografisi"},"content":{"rendered":"<p>Ben Ali Bey\u2019e dedim. Biz, dedim, ne yapt\u0131k ya? Biz dedim, ne yapt\u0131k? Fabrikan\u0131n mal\u0131n\u0131 m\u0131 \u00e7ald\u0131k? Fabrikan\u0131n mal\u0131na zarar m\u0131 verdik? Biz dedim, namusumuz, \u015ferefimiz i\u00e7in sendika getirmeye \u00e7al\u0131\u015ft\u0131k ya! Ne yapt\u0131k? Biz ne yapt\u0131k? Semih Bey\u2019e dedim, ya Semih Bey dedim, benden ne zarar g\u00f6rd\u00fcn dedim ya. Benim ne hatam var dedim, benim neyim var dedim, beni dedim niye \u00e7\u0131kard\u0131n ya!\u201d <\/p>\n","protected":false},"excerpt":{"rendered":"<p>Ben Ali Bey\u2019e dedim. Biz, dedim, ne yapt\u0131k ya? Biz dedim, ne yapt\u0131k? Fabrikan\u0131n mal\u0131n\u0131 m\u0131 \u00e7ald\u0131k? Fabrikan\u0131n mal\u0131na zarar m\u0131 verdik? Biz dedim, namusumuz, \u015ferefimiz<span class=\"excerpt-hellip\"> [\u2026]<\/span><\/p>\n","protected":false},"featured_media":0,"template":"","meta":{"_monsterinsights_skip_tracking":false,"_monsterinsights_sitenote_active":false,"_monsterinsights_sitenote_note":"","_monsterinsights_sitenote_category":0},"product_brand":[],"product_cat":[12312,12304],"product_tag":[],"class_list":{"0":"post-701808","1":"product","2":"type-product","3":"status-publish","5":"product_cat-diger","6":"product_cat-tarih","7":"pa_cilt-ciltsiz","8":"pa_tur-kitap","9":"pa_yayinevi-iletisim-yayinlari","10":"pa_yazar-alpkan-birelma","12":"first","13":"instock","14":"sale","15":"shipping-taxable","16":"purchasable","17":"product-type-simple"},"_links":{"self":[{"href":"https:\/\/roveyayinevi.com.tr\/index.php\/wp-json\/wp\/v2\/product\/701808","targetHints":{"allow":["GET"]}}],"collection":[{"href":"https:\/\/roveyayinevi.com.tr\/index.php\/wp-json\/wp\/v2\/product"}],"about":[{"href":"https:\/\/roveyayinevi.com.tr\/index.php\/wp-json\/wp\/v2\/types\/product"}],"wp:attachment":[{"href":"https:\/\/roveyayinevi.com.tr\/index.php\/wp-json\/wp\/v2\/media?parent=701808"}],"wp:term":[{"taxonomy":"product_brand","embeddable":true,"href":"https:\/\/roveyayinevi.com.tr\/index.php\/wp-json\/wp\/v2\/product_brand?post=701808"},{"taxonomy":"product_cat","embeddable":true,"href":"https:\/\/roveyayinevi.com.tr\/index.php\/wp-json\/wp\/v2\/product_cat?post=701808"},{"taxonomy":"product_tag","embeddable":true,"href":"https:\/\/roveyayinevi.com.tr\/index.php\/wp-json\/wp\/v2\/product_tag?post=701808"}],"curies":[{"name":"wp","href":"https:\/\/api.w.org\/{rel}","templated":true}]}}