{"id":701767,"date":"2025-08-27T15:11:45","date_gmt":"2025-08-27T12:11:45","guid":{"rendered":"https:\/\/roveyayinevi.com.tr\/index.php\/urun\/guz-dusuncesi\/"},"modified":"2026-04-16T02:11:14","modified_gmt":"2026-04-15T23:11:14","slug":"guz-dusuncesi","status":"publish","type":"product","link":"https:\/\/roveyayinevi.com.tr\/index.php\/urun\/guz-dusuncesi\/","title":{"rendered":"G\u00fcz D\u00fc\u015f\u00fcncesi"},"content":{"rendered":"<p>\u00dclkeyi bir arada tutan b\u00fct\u00fcn ba\u011flar g\u00f6r\u00fclmedik bir hesaps\u0131zl\u0131k ve i\u015f bilmezlik sonucu bir bir \u00e7\u00f6z\u00fcl\u00fcyor. A\u015fa\u011f\u0131larda hazin \u015feyler oluyor. Yery\u00fcz\u00fc, tarihi boyunca insanlar aras\u0131nda hi\u00e7 tan\u0131k olmad\u0131\u011f\u0131 \u015feylere tan\u0131k oluyor. <\/p>\n","protected":false},"excerpt":{"rendered":"<p>\u00dclkeyi bir arada tutan b\u00fct\u00fcn ba\u011flar g\u00f6r\u00fclmedik bir hesaps\u0131zl\u0131k ve i\u015f bilmezlik sonucu bir bir \u00e7\u00f6z\u00fcl\u00fcyor. A\u015fa\u011f\u0131larda hazin \u015feyler oluyor. Yery\u00fcz\u00fc, tarihi boyunca insanlar aras\u0131nda hi\u00e7<span class=\"excerpt-hellip\"> [\u2026]<\/span><\/p>\n","protected":false},"featured_media":0,"template":"","meta":{"_monsterinsights_skip_tracking":false,"_monsterinsights_sitenote_active":false,"_monsterinsights_sitenote_note":"","_monsterinsights_sitenote_category":0},"product_brand":[],"product_cat":[12777,12291],"product_tag":[],"class_list":{"0":"post-701767","1":"product","2":"type-product","3":"status-publish","5":"product_cat-deneme","6":"product_cat-edebiyat","7":"pa_cilt-ciltsiz","8":"pa_tur-kitap","9":"pa_yayinevi-say-yayinlari","10":"pa_yazar-ahmet-aydogan","12":"first","13":"instock","14":"sale","15":"shipping-taxable","16":"purchasable","17":"product-type-simple"},"_links":{"self":[{"href":"https:\/\/roveyayinevi.com.tr\/index.php\/wp-json\/wp\/v2\/product\/701767","targetHints":{"allow":["GET"]}}],"collection":[{"href":"https:\/\/roveyayinevi.com.tr\/index.php\/wp-json\/wp\/v2\/product"}],"about":[{"href":"https:\/\/roveyayinevi.com.tr\/index.php\/wp-json\/wp\/v2\/types\/product"}],"wp:attachment":[{"href":"https:\/\/roveyayinevi.com.tr\/index.php\/wp-json\/wp\/v2\/media?parent=701767"}],"wp:term":[{"taxonomy":"product_brand","embeddable":true,"href":"https:\/\/roveyayinevi.com.tr\/index.php\/wp-json\/wp\/v2\/product_brand?post=701767"},{"taxonomy":"product_cat","embeddable":true,"href":"https:\/\/roveyayinevi.com.tr\/index.php\/wp-json\/wp\/v2\/product_cat?post=701767"},{"taxonomy":"product_tag","embeddable":true,"href":"https:\/\/roveyayinevi.com.tr\/index.php\/wp-json\/wp\/v2\/product_tag?post=701767"}],"curies":[{"name":"wp","href":"https:\/\/api.w.org\/{rel}","templated":true}]}}