{"id":701744,"date":"2025-08-27T15:11:37","date_gmt":"2025-08-27T12:11:37","guid":{"rendered":"https:\/\/roveyayinevi.com.tr\/index.php\/urun\/birakin-sanimiz-yurusun\/"},"modified":"2026-04-16T02:11:13","modified_gmt":"2026-04-15T23:11:13","slug":"birakin-sanimiz-yurusun","status":"publish","type":"product","link":"https:\/\/roveyayinevi.com.tr\/index.php\/urun\/birakin-sanimiz-yurusun\/","title":{"rendered":"B\u0131rak\u0131n \u015ean\u0131m\u0131z Y\u00fcr\u00fcs\u00fcn"},"content":{"rendered":"<p>Bug\u00fcnde etraf\u0131nda sonu gelmez kavga ve sava\u015flar\u0131n ya\u015fand\u0131\u011f\u0131 bir co\u011frafya olan Kafkasya\u2019n\u0131n d\u00fcn\u00fc ve bug\u00fcn\u00fcn\u00fcn anla\u015f\u0131lmas\u0131 i\u00e7in okunmas\u0131 gereken bir \u00e7al\u0131\u015fma. Kitap Rus \u00c7arl\u0131\u011f\u0131\u2019n\u0131n K\u0131r\u0131m ve Karadeniz\u2019e ula\u015fmak i\u00e7in Kafkasya\u2019da y\u00fczy\u0131llarca uygulad\u0131\u011f\u0131 istila, katliam ve bask\u0131lar\u0131 aktar\u0131rken g\u00fcn\u00fcm\u00fczle i\u00e7 i\u00e7e ge\u00e7en bilgiler veriyor. Ruslar\u0131n Kafkasya\u2019y\u0131 ele ge\u00e7irmesi kar\u015f\u0131s\u0131nda Osmanl\u0131 \u0130mparatorlu\u011fu\u2019nun tavr\u0131, Anadolu\u2019ya g\u00f6\u00e7 etmi\u015f Kafkas halklar\u0131n\u0131n bug\u00fcnk\u00fc konumlar\u0131, Kafkasya\u2019n\u0131n Rus edebiyat\u0131nda b\u0131rakt\u0131\u011f\u0131 izler, \u0130srail\u2019den Avusturya\u2019ya kadar \u00c7erkes, \u00c7e\u00e7en, Abhaz diasporas\u0131nda ya\u015fanan geli\u015fmeler konusunda benzersiz bir \u00e7al\u0131\u015fma. \ufffcTan\u0131t\u0131m Metni<\/p>\n","protected":false},"excerpt":{"rendered":"<p>Bug\u00fcnde etraf\u0131nda sonu gelmez kavga ve sava\u015flar\u0131n ya\u015fand\u0131\u011f\u0131 bir co\u011frafya olan Kafkasya\u2019n\u0131n d\u00fcn\u00fc ve bug\u00fcn\u00fcn\u00fcn anla\u015f\u0131lmas\u0131 i\u00e7in okunmas\u0131 gereken bir \u00e7al\u0131\u015fma. Kitap Rus \u00c7arl\u0131\u011f\u0131\u2019n\u0131n K\u0131r\u0131m ve<span class=\"excerpt-hellip\"> [\u2026]<\/span><\/p>\n","protected":false},"featured_media":0,"template":"","meta":{"_monsterinsights_skip_tracking":false,"_monsterinsights_sitenote_active":false,"_monsterinsights_sitenote_note":"","_monsterinsights_sitenote_category":0},"product_brand":[],"product_cat":[12370,12304],"product_tag":[],"class_list":{"0":"post-701744","1":"product","2":"type-product","3":"status-publish","5":"product_cat-arastirma-inceleme","6":"product_cat-tarih","7":"pa_tur-kitap","8":"pa_yayinevi-abis-yayincilik","9":"pa_yazar-oliver-bullough","11":"first","12":"instock","13":"sale","14":"shipping-taxable","15":"purchasable","16":"product-type-simple"},"_links":{"self":[{"href":"https:\/\/roveyayinevi.com.tr\/index.php\/wp-json\/wp\/v2\/product\/701744","targetHints":{"allow":["GET"]}}],"collection":[{"href":"https:\/\/roveyayinevi.com.tr\/index.php\/wp-json\/wp\/v2\/product"}],"about":[{"href":"https:\/\/roveyayinevi.com.tr\/index.php\/wp-json\/wp\/v2\/types\/product"}],"wp:attachment":[{"href":"https:\/\/roveyayinevi.com.tr\/index.php\/wp-json\/wp\/v2\/media?parent=701744"}],"wp:term":[{"taxonomy":"product_brand","embeddable":true,"href":"https:\/\/roveyayinevi.com.tr\/index.php\/wp-json\/wp\/v2\/product_brand?post=701744"},{"taxonomy":"product_cat","embeddable":true,"href":"https:\/\/roveyayinevi.com.tr\/index.php\/wp-json\/wp\/v2\/product_cat?post=701744"},{"taxonomy":"product_tag","embeddable":true,"href":"https:\/\/roveyayinevi.com.tr\/index.php\/wp-json\/wp\/v2\/product_tag?post=701744"}],"curies":[{"name":"wp","href":"https:\/\/api.w.org\/{rel}","templated":true}]}}