{"id":701738,"date":"2025-08-27T15:11:35","date_gmt":"2025-08-27T12:11:35","guid":{"rendered":"https:\/\/roveyayinevi.com.tr\/index.php\/urun\/sartre\/"},"modified":"2026-04-16T02:11:13","modified_gmt":"2026-04-15T23:11:13","slug":"sartre","status":"publish","type":"product","link":"https:\/\/roveyayinevi.com.tr\/index.php\/urun\/sartre\/","title":{"rendered":"Sartre"},"content":{"rendered":"<p>Toplant\u0131 k\u00f6t\u00fc ba\u015flar. Sartre, &#8220;Peki ya sen, neden ayaktas\u0131n? \u00dczerimizde daha iyi h\u00e2kimiyet kurmak i\u00e7in mi?&#8221; der Geismar&#8217;a hayk\u0131rarak. Bu su\u00e7lama kar\u015f\u0131s\u0131nda Geismar -ki otuz d\u00f6rt y\u0131l sonra bile bu an onun akl\u0131ndan gitmeyecektir-, g\u00fcl\u00fcmseyerek, Sant\u00e9 Hapishanesi\u2019ndeki a\u00e7l\u0131k grevinden beri b\u00f6breklerinden rahats\u0131z oldu\u011funu s\u00f6yler. Ku\u015fkusuz Sartre bu durumu bilmiyor de\u011fildi; duru\u015fman\u0131n yap\u0131ld\u0131\u011f\u0131 g\u00fcn, pasl\u0131 f\u0131\u00e7\u0131s\u0131n\u0131n \u00fczerine \u00e7\u0131k\u0131p Geismar&#8217;\u0131n lehinde tan\u0131kl\u0131k yapan kendisiydi. S\u00f6zlerini \u015f\u00f6yle s\u00fcrd\u00fcr\u00fcr Sartre: &#8220;Bir ayd\u0131nda olmamas\u0131 gereken t\u00fcm \u00f6zellikler sizde!&#8221;Jean-Pierre Barau&#8217;nun, &#8216;Sartre Ba\u015fkald\u0131r\u0131 Zaman\u0131&#8217; adl\u0131 kitab\u0131, d\u00fc\u015f\u00fcn\u00fcr\u00fcn 1968 &#8216;den 1980\u2019deki \u00f6l\u00fcm\u00fcne kadar y\u0131llar\u0131n\u0131, onun siyasal eylemlerini merkezine alarak, Foucault\u2019dan Raymond Aron&#8217;a, Simone de Beauvoir &#8216;dan Bernard-Henry Levy\u2019e, Frans\u0131z entelijensiyas\u0131n\u0131n ya\u015fad\u0131\u011f\u0131 d\u00f6n\u00fc\u015f\u00fcm\u00fc Proleter Sol adl\u0131 \u00f6rg\u00fcte mensup yazar\u0131n\u0131n g\u00f6z\u00fcnden inceliyor. Sartre&#8217;\u0131n militan siyasal eylemlili\u011fiyle d\u00fc\u015f\u00fcnceleri aras\u0131ndaki ili\u015fkiyi anlamak i\u00e7in \u00f6nemli bir \u00e7al\u0131\u015fma.<\/p>\n","protected":false},"excerpt":{"rendered":"<p>Toplant\u0131 k\u00f6t\u00fc ba\u015flar. Sartre, &#8220;Peki ya sen, neden ayaktas\u0131n? \u00dczerimizde daha iyi h\u00e2kimiyet kurmak i\u00e7in mi?&#8221; der Geismar&#8217;a hayk\u0131rarak. Bu su\u00e7lama kar\u015f\u0131s\u0131nda Geismar -ki otuz d\u00f6rt<span class=\"excerpt-hellip\"> [\u2026]<\/span><\/p>\n","protected":false},"featured_media":0,"template":"","meta":{"_monsterinsights_skip_tracking":false,"_monsterinsights_sitenote_active":false,"_monsterinsights_sitenote_note":"","_monsterinsights_sitenote_category":0},"product_brand":[],"product_cat":[12388,26788],"product_tag":[],"class_list":{"0":"post-701738","1":"product","2":"type-product","3":"status-publish","5":"product_cat-felsefe","6":"product_cat-filozoflar","7":"pa_cilt-ciltsiz","8":"pa_tur-kitap","9":"pa_yayinevi-abis-yayincilik","10":"pa_yazar-jean-pierre-barou","12":"first","13":"instock","14":"sale","15":"shipping-taxable","16":"purchasable","17":"product-type-simple"},"_links":{"self":[{"href":"https:\/\/roveyayinevi.com.tr\/index.php\/wp-json\/wp\/v2\/product\/701738","targetHints":{"allow":["GET"]}}],"collection":[{"href":"https:\/\/roveyayinevi.com.tr\/index.php\/wp-json\/wp\/v2\/product"}],"about":[{"href":"https:\/\/roveyayinevi.com.tr\/index.php\/wp-json\/wp\/v2\/types\/product"}],"wp:attachment":[{"href":"https:\/\/roveyayinevi.com.tr\/index.php\/wp-json\/wp\/v2\/media?parent=701738"}],"wp:term":[{"taxonomy":"product_brand","embeddable":true,"href":"https:\/\/roveyayinevi.com.tr\/index.php\/wp-json\/wp\/v2\/product_brand?post=701738"},{"taxonomy":"product_cat","embeddable":true,"href":"https:\/\/roveyayinevi.com.tr\/index.php\/wp-json\/wp\/v2\/product_cat?post=701738"},{"taxonomy":"product_tag","embeddable":true,"href":"https:\/\/roveyayinevi.com.tr\/index.php\/wp-json\/wp\/v2\/product_tag?post=701738"}],"curies":[{"name":"wp","href":"https:\/\/api.w.org\/{rel}","templated":true}]}}