{"id":701724,"date":"2025-08-27T15:11:30","date_gmt":"2025-08-27T12:11:30","guid":{"rendered":"https:\/\/roveyayinevi.com.tr\/index.php\/urun\/bir-dunyanin-esiginde\/"},"modified":"2026-04-16T02:10:53","modified_gmt":"2026-04-15T23:10:53","slug":"bir-dunyanin-esiginde","status":"publish","type":"product","link":"https:\/\/roveyayinevi.com.tr\/index.php\/urun\/bir-dunyanin-esiginde\/","title":{"rendered":"Bir D\u00fcnyan\u0131n E\u015fi\u011finde"},"content":{"rendered":"<p>Cemil Meri\u00e7&#8217;in ilk telif eseri ve yazar\u0131n d\u00fc\u015f\u00fcnce ser\u00fcveninde bir d\u00f6n\u00fcm noktas\u0131. Avrupa d\u0131\u015f\u0131 k\u00fclt\u00fcrler ve Do\u011fu, yazar\u0131n &#8220;tecess\u00fcslerin co\u011frafyas\u0131na&#8221; Hint&#8217;le, Hint Edebiyat\u0131 \u00e7al\u0131\u015fmas\u0131yla girdi. &#8220;Olemp&#8217;i ararken Himalaya \u00e7\u0131km\u0131\u015ft\u0131&#8221; kar\u015f\u0131s\u0131na. Kitap, al\u0131\u015f\u0131lm\u0131\u015f edebiyat tarihi ve incelemesi kal\u0131b\u0131na uymaz. Meri\u00e7&#8217;in Do\u011fu&#8217;yu ve &#8220;mazlum medeniyetler&#8221;i T\u00fcrkiye&#8217;nin d\u00fc\u015f\u00fcnce g\u00fcndemine sokma \u00e7abas\u0131n\u0131n ilk ifadesi, hatta manifestosudur: &#8220;Hint, bir kitab\u0131n ilk c\u00fcmlesi. Onu sizler i\u00e7in yazd\u0131m.&#8221;<\/p>\n","protected":false},"excerpt":{"rendered":"<p>Cemil Meri\u00e7&#8217;in ilk telif eseri ve yazar\u0131n d\u00fc\u015f\u00fcnce ser\u00fcveninde bir d\u00f6n\u00fcm noktas\u0131. Avrupa d\u0131\u015f\u0131 k\u00fclt\u00fcrler ve Do\u011fu, yazar\u0131n &#8220;tecess\u00fcslerin co\u011frafyas\u0131na&#8221; Hint&#8217;le, Hint Edebiyat\u0131 \u00e7al\u0131\u015fmas\u0131yla girdi. &#8220;Olemp&#8217;i<span class=\"excerpt-hellip\"> [\u2026]<\/span><\/p>\n","protected":false},"featured_media":0,"template":"","meta":{"_monsterinsights_skip_tracking":false,"_monsterinsights_sitenote_active":false,"_monsterinsights_sitenote_note":"","_monsterinsights_sitenote_category":0},"product_brand":[],"product_cat":[13633,12324],"product_tag":[],"class_list":{"0":"post-701724","1":"product","2":"type-product","3":"status-publish","5":"product_cat-kultur-ve-bilim","6":"product_cat-sosyoloji","7":"pa_cilt-ciltsiz","8":"pa_tur-kitap","9":"pa_yayinevi-iletisim-yayinlari","10":"pa_yazar-cemil-meric","12":"first","13":"instock","14":"sale","15":"shipping-taxable","16":"purchasable","17":"product-type-simple"},"_links":{"self":[{"href":"https:\/\/roveyayinevi.com.tr\/index.php\/wp-json\/wp\/v2\/product\/701724","targetHints":{"allow":["GET"]}}],"collection":[{"href":"https:\/\/roveyayinevi.com.tr\/index.php\/wp-json\/wp\/v2\/product"}],"about":[{"href":"https:\/\/roveyayinevi.com.tr\/index.php\/wp-json\/wp\/v2\/types\/product"}],"wp:attachment":[{"href":"https:\/\/roveyayinevi.com.tr\/index.php\/wp-json\/wp\/v2\/media?parent=701724"}],"wp:term":[{"taxonomy":"product_brand","embeddable":true,"href":"https:\/\/roveyayinevi.com.tr\/index.php\/wp-json\/wp\/v2\/product_brand?post=701724"},{"taxonomy":"product_cat","embeddable":true,"href":"https:\/\/roveyayinevi.com.tr\/index.php\/wp-json\/wp\/v2\/product_cat?post=701724"},{"taxonomy":"product_tag","embeddable":true,"href":"https:\/\/roveyayinevi.com.tr\/index.php\/wp-json\/wp\/v2\/product_tag?post=701724"}],"curies":[{"name":"wp","href":"https:\/\/api.w.org\/{rel}","templated":true}]}}

Bir Dünyanın Eşiğinde

<p>Cemil Meriç&#8217;in ilk telif eseri ve yazarın düşünce serüveninde bir dönüm noktası. Avrupa dışı kültürler ve Doğu, yazarın &#8220;tecessüslerin coğrafyasına&#8221; Hint&#8217;le, Hint Edebiyatı çalışmasıyla girdi. &#8220;Olemp&#8217;i ararken Himalaya çıkmıştı&#8221; karşısına. Kitap, alışılmış edebiyat tarihi ve incelemesi kalıbına uymaz. Meriç&#8217;in Doğu&#8217;yu ve &#8220;mazlum medeniyetler&#8221;i Türkiye&#8217;nin düşünce gündemine sokma çabasının ilk ifadesi, hatta manifestosudur: &#8220;Hint, bir kitabın ilk cümlesi. Onu sizler için yazdım.&#8221;</p>

<p>Cemil Meriç&#8217;in ilk telif eseri ve yazarın düşünce serüveninde bir dönüm noktası. Avrupa dışı kültürler ve Doğu, yazarın &#8220;tecessüslerin coğrafyasına&#8221; Hint&#8217;le, Hint Edebiyatı çalışmasıyla girdi. &#8220;Olemp&#8217;i<span class="excerpt-hellip"> […]</span></p>
