{"id":701676,"date":"2025-08-27T15:11:14","date_gmt":"2025-08-27T12:11:14","guid":{"rendered":"https:\/\/roveyayinevi.com.tr\/index.php\/urun\/donusum-5\/"},"modified":"2026-04-16T02:10:52","modified_gmt":"2026-04-15T23:10:52","slug":"donusum-5","status":"publish","type":"product","link":"https:\/\/roveyayinevi.com.tr\/index.php\/urun\/donusum-5\/","title":{"rendered":"D\u00f6n\u00fc\u015f\u00fcm"},"content":{"rendered":"<p>Yaz\u0131nsal ya\u015fam\u0131n\u0131 iktidarlarla \u00e7at\u0131\u015fma \u00fczerine kuran Franz Kafka\u2019n\u0131n eserlerinde, r\u00fcyalardan al\u0131nan ve k\u00e2busa yakla\u015fan yerinellerle (alegori), insan\u0131n anlamad\u0131\u011f\u0131 yasalarla y\u00f6netilen bir d\u00fcnyayla uzla\u015fma giri\u015fimindeki birey ruhunun yaln\u0131zl\u0131\u011f\u0131 vard\u0131r. Ya\u015farken \u00e7ok az eseri bas\u0131lan Kafka\u2019n\u0131n romanlar\u0131n\u0131 \u00f6zellikle psikanaliz kuram\u0131na oturttu\u011fu, bilin\u00e7alt\u0131n\u0131n \u00e7al\u0131\u015fmalar\u0131ndan \u00f6rnek ald\u0131\u011f\u0131 d\u00fc\u015f\u00fcn\u00fclm\u00fc\u015ft\u00fcr. D\u00f6n\u00fc\u015f\u00fcm yazar\u0131n tan\u0131nm\u0131\u015f eserlerinden biridir.<\/p>\n","protected":false},"excerpt":{"rendered":"<p>Yaz\u0131nsal ya\u015fam\u0131n\u0131 iktidarlarla \u00e7at\u0131\u015fma \u00fczerine kuran Franz Kafka\u2019n\u0131n eserlerinde, r\u00fcyalardan al\u0131nan ve k\u00e2busa yakla\u015fan yerinellerle (alegori), insan\u0131n anlamad\u0131\u011f\u0131 yasalarla y\u00f6netilen bir d\u00fcnyayla uzla\u015fma giri\u015fimindeki birey ruhunun<span class=\"excerpt-hellip\"> [\u2026]<\/span><\/p>\n","protected":false},"featured_media":0,"template":"","meta":{"_monsterinsights_skip_tracking":false,"_monsterinsights_sitenote_active":false,"_monsterinsights_sitenote_note":"","_monsterinsights_sitenote_category":0},"product_brand":[],"product_cat":[13661,12291],"product_tag":[],"class_list":{"0":"post-701676","1":"product","2":"type-product","3":"status-publish","5":"product_cat-diger-ulke-edebiyatlari","6":"product_cat-edebiyat","7":"pa_cilt-ciltsiz","8":"pa_tur-kitap","9":"pa_yayinevi-oda-yayinlari","10":"pa_yazar-franz-kafka","12":"first","13":"instock","14":"sale","15":"shipping-taxable","16":"purchasable","17":"product-type-simple"},"_links":{"self":[{"href":"https:\/\/roveyayinevi.com.tr\/index.php\/wp-json\/wp\/v2\/product\/701676","targetHints":{"allow":["GET"]}}],"collection":[{"href":"https:\/\/roveyayinevi.com.tr\/index.php\/wp-json\/wp\/v2\/product"}],"about":[{"href":"https:\/\/roveyayinevi.com.tr\/index.php\/wp-json\/wp\/v2\/types\/product"}],"wp:attachment":[{"href":"https:\/\/roveyayinevi.com.tr\/index.php\/wp-json\/wp\/v2\/media?parent=701676"}],"wp:term":[{"taxonomy":"product_brand","embeddable":true,"href":"https:\/\/roveyayinevi.com.tr\/index.php\/wp-json\/wp\/v2\/product_brand?post=701676"},{"taxonomy":"product_cat","embeddable":true,"href":"https:\/\/roveyayinevi.com.tr\/index.php\/wp-json\/wp\/v2\/product_cat?post=701676"},{"taxonomy":"product_tag","embeddable":true,"href":"https:\/\/roveyayinevi.com.tr\/index.php\/wp-json\/wp\/v2\/product_tag?post=701676"}],"curies":[{"name":"wp","href":"https:\/\/api.w.org\/{rel}","templated":true}]}}