{"id":701667,"date":"2025-08-27T15:11:12","date_gmt":"2025-08-27T12:11:12","guid":{"rendered":"https:\/\/roveyayinevi.com.tr\/index.php\/urun\/kadin-kitabi\/"},"modified":"2026-04-16T02:10:52","modified_gmt":"2026-04-15T23:10:52","slug":"kadin-kitabi","status":"publish","type":"product","link":"https:\/\/roveyayinevi.com.tr\/index.php\/urun\/kadin-kitabi\/","title":{"rendered":"Kad\u0131n Kitab\u0131"},"content":{"rendered":"<p>Kad\u0131n konusu, erkek konusudur. Erkek konusuysa hen\u00fcz kad\u0131n konusu olamam\u0131\u015ft\u0131r. Bir toplum, kad\u0131na tavr\u0131yla s\u0131nan\u0131r. Kad\u0131nlar\u0131n \u00e7ekti\u011fi ac\u0131lar ve cinsler aras\u0131 e\u015fitsizlik, insanl\u0131\u011f\u0131n en k\u00f6kl\u00fc, en ta\u015fla\u015fm\u0131\u015f sorunudur. Bir devrim, kad\u0131na getirdi\u011fi ki\u015filik ve \u00f6zg\u00fcrl\u00fck kadar devrimdir. Bir devrimin ne kadar devrim oldu\u011funu anlamak i\u00e7in kad\u0131n\u0131n durumuna bakmak gerekir. <\/p>\n","protected":false},"excerpt":{"rendered":"<p>Kad\u0131n konusu, erkek konusudur. Erkek konusuysa hen\u00fcz kad\u0131n konusu olamam\u0131\u015ft\u0131r. Bir toplum, kad\u0131na tavr\u0131yla s\u0131nan\u0131r. Kad\u0131nlar\u0131n \u00e7ekti\u011fi ac\u0131lar ve cinsler aras\u0131 e\u015fitsizlik, insanl\u0131\u011f\u0131n en k\u00f6kl\u00fc, en<span class=\"excerpt-hellip\"> [\u2026]<\/span><\/p>\n","protected":false},"featured_media":0,"template":"","meta":{"_monsterinsights_skip_tracking":false,"_monsterinsights_sitenote_active":false,"_monsterinsights_sitenote_note":"","_monsterinsights_sitenote_category":0},"product_brand":[],"product_cat":[13252,12324],"product_tag":[],"class_list":{"0":"post-701667","1":"product","2":"type-product","3":"status-publish","5":"product_cat-kadin-calismalari","6":"product_cat-sosyoloji","7":"pa_tur-kitap","8":"pa_yayinevi-kaynak-yayinlari","9":"pa_yazar-dogu-perincek","11":"first","12":"instock","13":"sale","14":"shipping-taxable","15":"purchasable","16":"product-type-simple"},"_links":{"self":[{"href":"https:\/\/roveyayinevi.com.tr\/index.php\/wp-json\/wp\/v2\/product\/701667","targetHints":{"allow":["GET"]}}],"collection":[{"href":"https:\/\/roveyayinevi.com.tr\/index.php\/wp-json\/wp\/v2\/product"}],"about":[{"href":"https:\/\/roveyayinevi.com.tr\/index.php\/wp-json\/wp\/v2\/types\/product"}],"wp:attachment":[{"href":"https:\/\/roveyayinevi.com.tr\/index.php\/wp-json\/wp\/v2\/media?parent=701667"}],"wp:term":[{"taxonomy":"product_brand","embeddable":true,"href":"https:\/\/roveyayinevi.com.tr\/index.php\/wp-json\/wp\/v2\/product_brand?post=701667"},{"taxonomy":"product_cat","embeddable":true,"href":"https:\/\/roveyayinevi.com.tr\/index.php\/wp-json\/wp\/v2\/product_cat?post=701667"},{"taxonomy":"product_tag","embeddable":true,"href":"https:\/\/roveyayinevi.com.tr\/index.php\/wp-json\/wp\/v2\/product_tag?post=701667"}],"curies":[{"name":"wp","href":"https:\/\/api.w.org\/{rel}","templated":true}]}}