{"id":701654,"date":"2025-08-27T15:11:08","date_gmt":"2025-08-27T12:11:08","guid":{"rendered":"https:\/\/roveyayinevi.com.tr\/index.php\/urun\/demir-yolu-cocuklari\/"},"modified":"2026-04-16T02:10:51","modified_gmt":"2026-04-15T23:10:51","slug":"demir-yolu-cocuklari","status":"publish","type":"product","link":"https:\/\/roveyayinevi.com.tr\/index.php\/urun\/demir-yolu-cocuklari\/","title":{"rendered":"Demir Yolu \u00c7ocuklar\u0131"},"content":{"rendered":"<p>Babalar\u0131 bir gece ortadan kaybolan \u00fc\u00e7 karde\u015f, Londra&#8217;da mutluluk i\u00e7inde ya\u015fad\u0131klar\u0131 evi, anneleriyle birlikte terk etmek zorunda kal\u0131r. Demir yolu yak\u0131nlar\u0131nda bir kul\u00fcbeye yerle\u015fip kendilerine raylardan bir d\u00fcnya kurarlar. Bir yandan da babalar\u0131n\u0131n neden kayboldu\u011funu bulmaya \u00e7al\u0131\u015f\u0131rlar.<\/p>\n","protected":false},"excerpt":{"rendered":"<p>Babalar\u0131 bir gece ortadan kaybolan \u00fc\u00e7 karde\u015f, Londra&#8217;da mutluluk i\u00e7inde ya\u015fad\u0131klar\u0131 evi, anneleriyle birlikte terk etmek zorunda kal\u0131r. Demir yolu yak\u0131nlar\u0131nda bir kul\u00fcbeye yerle\u015fip kendilerine raylardan<span class=\"excerpt-hellip\"> [\u2026]<\/span><\/p>\n","protected":false},"featured_media":0,"template":"","meta":{"_monsterinsights_skip_tracking":false,"_monsterinsights_sitenote_active":false,"_monsterinsights_sitenote_note":"","_monsterinsights_sitenote_category":0},"product_brand":[],"product_cat":[12644,12274],"product_tag":[],"class_list":{"0":"post-701654","1":"product","2":"type-product","3":"status-publish","5":"product_cat-boyama-kitaplari","6":"product_cat-cocuk-ve-genclik-kitaplari","7":"pa_cilt-ciltsiz","8":"pa_tur-kitap","9":"pa_yayinevi-erdem-cocuk","10":"pa_yazar-edith-nesbit","12":"first","13":"instock","14":"sale","15":"shipping-taxable","16":"purchasable","17":"product-type-simple"},"_links":{"self":[{"href":"https:\/\/roveyayinevi.com.tr\/index.php\/wp-json\/wp\/v2\/product\/701654","targetHints":{"allow":["GET"]}}],"collection":[{"href":"https:\/\/roveyayinevi.com.tr\/index.php\/wp-json\/wp\/v2\/product"}],"about":[{"href":"https:\/\/roveyayinevi.com.tr\/index.php\/wp-json\/wp\/v2\/types\/product"}],"wp:attachment":[{"href":"https:\/\/roveyayinevi.com.tr\/index.php\/wp-json\/wp\/v2\/media?parent=701654"}],"wp:term":[{"taxonomy":"product_brand","embeddable":true,"href":"https:\/\/roveyayinevi.com.tr\/index.php\/wp-json\/wp\/v2\/product_brand?post=701654"},{"taxonomy":"product_cat","embeddable":true,"href":"https:\/\/roveyayinevi.com.tr\/index.php\/wp-json\/wp\/v2\/product_cat?post=701654"},{"taxonomy":"product_tag","embeddable":true,"href":"https:\/\/roveyayinevi.com.tr\/index.php\/wp-json\/wp\/v2\/product_tag?post=701654"}],"curies":[{"name":"wp","href":"https:\/\/api.w.org\/{rel}","templated":true}]}}