{"id":701608,"date":"2025-08-27T15:10:22","date_gmt":"2025-08-27T12:10:22","guid":{"rendered":"https:\/\/roveyayinevi.com.tr\/index.php\/urun\/dorian-grayin-portresi\/"},"modified":"2026-04-16T02:10:50","modified_gmt":"2026-04-15T23:10:50","slug":"dorian-grayin-portresi","status":"publish","type":"product","link":"https:\/\/roveyayinevi.com.tr\/index.php\/urun\/dorian-grayin-portresi\/","title":{"rendered":"Dorian Gray\u2019in Portresi"},"content":{"rendered":"<p>\u0130rlandal\u0131 \u015fair ve oyun yazar\u0131 Oscar Wilde, 1854\u2019te do\u011fdu. B\u00fct\u00fcn \u00f6mr\u00fcn\u00fc G\u00fczel in pe\u015finden ko\u015fmaya adad\u0131. Dorian Gray in Portresi adl\u0131 eserinde kendi d\u00fcnyas\u0131n\u0131n olanca estetizmini ortaya koyar: \u015eiddetli ve az rastlan\u0131r duyular\u0131 aramak, zevki ve ruhu bask\u0131layan her \u015feye ba\u015fkald\u0131rmak, ger\u00e7ek sanat\u00e7\u0131n\u0131n toplum veya ahlak kurallar\u0131na \u00fcst\u00fcnl\u00fc\u011f\u00fc gibi \u00f6zelliklerin hepsi bu eserinde vard\u0131r. \ufffcTan\u0131t\u0131m Metni<\/p>\n","protected":false},"excerpt":{"rendered":"<p>\u0130rlandal\u0131 \u015fair ve oyun yazar\u0131 Oscar Wilde, 1854\u2019te do\u011fdu. B\u00fct\u00fcn \u00f6mr\u00fcn\u00fc G\u00fczel in pe\u015finden ko\u015fmaya adad\u0131. Dorian Gray in Portresi adl\u0131 eserinde kendi d\u00fcnyas\u0131n\u0131n olanca estetizmini<span class=\"excerpt-hellip\"> [\u2026]<\/span><\/p>\n","protected":false},"featured_media":0,"template":"","meta":{"_monsterinsights_skip_tracking":false,"_monsterinsights_sitenote_active":false,"_monsterinsights_sitenote_note":"","_monsterinsights_sitenote_category":0},"product_brand":[],"product_cat":[12291,12866],"product_tag":[],"class_list":{"0":"post-701608","1":"product","2":"type-product","3":"status-publish","5":"product_cat-edebiyat","6":"product_cat-ingiliz-edebiyati","7":"pa_tur-kitap","8":"pa_yayinevi-oda-yayinlari","9":"pa_yazar-oscar-wilde","11":"first","12":"instock","13":"sale","14":"shipping-taxable","15":"purchasable","16":"product-type-simple"},"_links":{"self":[{"href":"https:\/\/roveyayinevi.com.tr\/index.php\/wp-json\/wp\/v2\/product\/701608","targetHints":{"allow":["GET"]}}],"collection":[{"href":"https:\/\/roveyayinevi.com.tr\/index.php\/wp-json\/wp\/v2\/product"}],"about":[{"href":"https:\/\/roveyayinevi.com.tr\/index.php\/wp-json\/wp\/v2\/types\/product"}],"wp:attachment":[{"href":"https:\/\/roveyayinevi.com.tr\/index.php\/wp-json\/wp\/v2\/media?parent=701608"}],"wp:term":[{"taxonomy":"product_brand","embeddable":true,"href":"https:\/\/roveyayinevi.com.tr\/index.php\/wp-json\/wp\/v2\/product_brand?post=701608"},{"taxonomy":"product_cat","embeddable":true,"href":"https:\/\/roveyayinevi.com.tr\/index.php\/wp-json\/wp\/v2\/product_cat?post=701608"},{"taxonomy":"product_tag","embeddable":true,"href":"https:\/\/roveyayinevi.com.tr\/index.php\/wp-json\/wp\/v2\/product_tag?post=701608"}],"curies":[{"name":"wp","href":"https:\/\/api.w.org\/{rel}","templated":true}]}}