{"id":701606,"date":"2025-08-27T15:10:21","date_gmt":"2025-08-27T12:10:21","guid":{"rendered":"https:\/\/roveyayinevi.com.tr\/index.php\/urun\/karanligin-yuregi\/"},"modified":"2026-04-16T02:10:50","modified_gmt":"2026-04-15T23:10:50","slug":"karanligin-yuregi","status":"publish","type":"product","link":"https:\/\/roveyayinevi.com.tr\/index.php\/urun\/karanligin-yuregi\/","title":{"rendered":"Karanl\u0131\u011f\u0131n Y\u00fcre\u011fi"},"content":{"rendered":"<p>&#8220;Kaburga kemiklerinin her birini se\u00e7ebiliyordum. Kollar\u0131 ile bacaklar\u0131n\u0131n eklem yerleri, t\u0131pk\u0131 bir ipe at\u0131lm\u0131\u015f d\u00fc\u011f\u00fcmler gibiydi. Her birinin boynunda, demirden bir tasma vard\u0131 ve hepsi, de aralar\u0131nda ritmik bir \u015f\u0131ng\u0131rt\u0131yla sallanan bir zincirle birbirlerine ba\u011flanm\u0131\u015ft\u0131.&#8221;<\/p>\n","protected":false},"excerpt":{"rendered":"<p>&#8220;Kaburga kemiklerinin her birini se\u00e7ebiliyordum. Kollar\u0131 ile bacaklar\u0131n\u0131n eklem yerleri, t\u0131pk\u0131 bir ipe at\u0131lm\u0131\u015f d\u00fc\u011f\u00fcmler gibiydi. Her birinin boynunda, demirden bir tasma vard\u0131 ve hepsi, de<span class=\"excerpt-hellip\"> [\u2026]<\/span><\/p>\n","protected":false},"featured_media":0,"template":"","meta":{"_monsterinsights_skip_tracking":false,"_monsterinsights_sitenote_active":false,"_monsterinsights_sitenote_note":"","_monsterinsights_sitenote_category":0},"product_brand":[],"product_cat":[12291,12866],"product_tag":[],"class_list":{"0":"post-701606","1":"product","2":"type-product","3":"status-publish","5":"product_cat-edebiyat","6":"product_cat-ingiliz-edebiyati","7":"pa_cilt-ciltsiz","8":"pa_tur-kitap","9":"pa_yayinevi-oda-yayinlari","10":"pa_yazar-joseph-conrad","12":"first","13":"instock","14":"sale","15":"shipping-taxable","16":"purchasable","17":"product-type-simple"},"_links":{"self":[{"href":"https:\/\/roveyayinevi.com.tr\/index.php\/wp-json\/wp\/v2\/product\/701606","targetHints":{"allow":["GET"]}}],"collection":[{"href":"https:\/\/roveyayinevi.com.tr\/index.php\/wp-json\/wp\/v2\/product"}],"about":[{"href":"https:\/\/roveyayinevi.com.tr\/index.php\/wp-json\/wp\/v2\/types\/product"}],"wp:attachment":[{"href":"https:\/\/roveyayinevi.com.tr\/index.php\/wp-json\/wp\/v2\/media?parent=701606"}],"wp:term":[{"taxonomy":"product_brand","embeddable":true,"href":"https:\/\/roveyayinevi.com.tr\/index.php\/wp-json\/wp\/v2\/product_brand?post=701606"},{"taxonomy":"product_cat","embeddable":true,"href":"https:\/\/roveyayinevi.com.tr\/index.php\/wp-json\/wp\/v2\/product_cat?post=701606"},{"taxonomy":"product_tag","embeddable":true,"href":"https:\/\/roveyayinevi.com.tr\/index.php\/wp-json\/wp\/v2\/product_tag?post=701606"}],"curies":[{"name":"wp","href":"https:\/\/api.w.org\/{rel}","templated":true}]}}