{"id":701602,"date":"2025-08-27T15:10:20","date_gmt":"2025-08-27T12:10:20","guid":{"rendered":"https:\/\/roveyayinevi.com.tr\/index.php\/urun\/budala-3\/"},"modified":"2026-04-16T02:10:50","modified_gmt":"2026-04-15T23:10:50","slug":"budala-3","status":"publish","type":"product","link":"https:\/\/roveyayinevi.com.tr\/index.php\/urun\/budala-3\/","title":{"rendered":"Budala"},"content":{"rendered":"<p>G\u00fcl\u00fcn\u00e7 olma d\u00fc\u015f\u00fcncesi bizi utand\u0131rmamal\u0131, de\u011fil mi?&#8230; G\u00fcl\u00fcn\u00e7 olmak bazen iyi hatta \u00e7ok iyidir. O zaman insan ba\u015fkalar\u0131na kar\u015f\u0131 daha ho\u015fg\u00f6r\u00fcl\u00fc olabiliyor. Her \u015feyi birden anlamak m\u00fcmk\u00fcn m\u00fc? \u0130nsan bir anda m\u00fckemmel olamaz&#8230; Sizin ad\u0131n\u0131za, hepimizin ad\u0131na korkuyorum&#8230; T\u00fcm\u00fcm\u00fcz\u00fcn kurtulu\u015fu i\u00e7in, karanl\u0131kta bir k\u00f6r d\u00f6\u011f\u00fc\u015f\u00fcne kap\u0131larak mahvolmam\u0131zdan kurtulmak i\u00e7in s\u00f6yl\u00fcyorum bunlar\u0131. \u0130lerici at\u0131l\u0131mlarla toplumu y\u00f6netmek olana\u011f\u0131m\u0131z varken, neden \u00e7ekilip yerimizi ba\u015fkalar\u0131na b\u0131rakmal\u0131y\u0131z? \u0130lerici insanlar olal\u0131m ve toplumun \u00f6n s\u0131ralar\u0131nda yer alal\u0131m. Y\u00fckseklerde olmak i\u00e7in hizmet edelim. \ufffcTan\u0131t\u0131m Metni<\/p>\n","protected":false},"excerpt":{"rendered":"<p>G\u00fcl\u00fcn\u00e7 olma d\u00fc\u015f\u00fcncesi bizi utand\u0131rmamal\u0131, de\u011fil mi?&#8230; G\u00fcl\u00fcn\u00e7 olmak bazen iyi hatta \u00e7ok iyidir. O zaman insan ba\u015fkalar\u0131na kar\u015f\u0131 daha ho\u015fg\u00f6r\u00fcl\u00fc olabiliyor. Her \u015feyi birden anlamak<span class=\"excerpt-hellip\"> [\u2026]<\/span><\/p>\n","protected":false},"featured_media":0,"template":"","meta":{"_monsterinsights_skip_tracking":false,"_monsterinsights_sitenote_active":false,"_monsterinsights_sitenote_note":"","_monsterinsights_sitenote_category":0},"product_brand":[],"product_cat":[12291,13570],"product_tag":[],"class_list":{"0":"post-701602","1":"product","2":"type-product","3":"status-publish","5":"product_cat-edebiyat","6":"product_cat-rus-edebiyati","7":"pa_tur-kitap","8":"pa_yayinevi-oda-yayinlari","9":"pa_yazar-fyodor-mihaylovic-dostoyevski","11":"first","12":"instock","13":"sale","14":"shipping-taxable","15":"purchasable","16":"product-type-simple"},"_links":{"self":[{"href":"https:\/\/roveyayinevi.com.tr\/index.php\/wp-json\/wp\/v2\/product\/701602","targetHints":{"allow":["GET"]}}],"collection":[{"href":"https:\/\/roveyayinevi.com.tr\/index.php\/wp-json\/wp\/v2\/product"}],"about":[{"href":"https:\/\/roveyayinevi.com.tr\/index.php\/wp-json\/wp\/v2\/types\/product"}],"wp:attachment":[{"href":"https:\/\/roveyayinevi.com.tr\/index.php\/wp-json\/wp\/v2\/media?parent=701602"}],"wp:term":[{"taxonomy":"product_brand","embeddable":true,"href":"https:\/\/roveyayinevi.com.tr\/index.php\/wp-json\/wp\/v2\/product_brand?post=701602"},{"taxonomy":"product_cat","embeddable":true,"href":"https:\/\/roveyayinevi.com.tr\/index.php\/wp-json\/wp\/v2\/product_cat?post=701602"},{"taxonomy":"product_tag","embeddable":true,"href":"https:\/\/roveyayinevi.com.tr\/index.php\/wp-json\/wp\/v2\/product_tag?post=701602"}],"curies":[{"name":"wp","href":"https:\/\/api.w.org\/{rel}","templated":true}]}}