{"id":701595,"date":"2025-08-27T15:10:17","date_gmt":"2025-08-27T12:10:17","guid":{"rendered":"https:\/\/roveyayinevi.com.tr\/index.php\/urun\/turk-milliyetciliginin-meseleleri\/"},"modified":"2026-04-16T02:10:50","modified_gmt":"2026-04-15T23:10:50","slug":"turk-milliyetciliginin-meseleleri","status":"publish","type":"product","link":"https:\/\/roveyayinevi.com.tr\/index.php\/urun\/turk-milliyetciliginin-meseleleri\/","title":{"rendered":"T\u00fcrk Milliyet\u00e7ili\u011finin Meseleleri"},"content":{"rendered":"<p>T\u00fcrk olman\u0131n ger\u00e7ekten mutluluk say\u0131ld\u0131\u011f\u0131 Cumhuriyetin ilk y\u0131llar\u0131nda, istiklal, huzur ve emniyetin bah\u015fetti\u011fi rahatl\u0131k i\u00e7inde, albayrak g\u00f6lgesindeki aziz T\u00fcrk topraklar\u0131 \u00fczerine mes&#8217;ut bir tevekk\u00fclle e\u011filen T\u00fcrk k\u00f6yl\u00fcs\u00fc; yurdu yeniden kurmak \u015fevki ile tezgah\u0131na ve makinas\u0131na sar\u0131lan i\u015f\u00e7isi; T\u00fcrkl\u00fc\u011f\u00fc gen\u00e7 dima\u011flara a\u015f\u0131lamak heyecan\u0131 ile g\u00f6nl\u00fc dolu \u00f6\u011fretmeni; vazife namustur \u015fiar\u0131 ile \u00e7al\u0131\u015fan memuru; milliyet\u00e7ilik a\u015fk\u0131 ile gelece\u011fin bahtiyar T\u00fcrkiye&#8217;sinde vazife alma n\u00f6betine haz\u0131rlanan iradeli, vatanperver asil genci ile T\u00fcrkl\u00fck \u015fuurunun \u00e7elikle\u015ftirdi\u011fi bir millet vard\u0131.Halbuki o zaman\u0131n parolas\u0131 da, t\u0131pk\u0131 \u015fimdiki gibi, Bat\u0131l\u0131 bir cemiyet olmak,  yurdu muas\u0131r medeniyet seviyesine ula\u015ft\u0131rmak t\u0131. Ancak, medeniyet yolunun milli k\u00fclt\u00fcrden ge\u00e7ti\u011fi hakikatine erildi\u011fi i\u00e7in, e\u011fitim ve \u00f6\u011fretim T\u00fcrk tarih ve k\u00fclt\u00fcr\u00fcne y\u00f6neltilmi\u015f, ilk ve orta \u00f6\u011fretim programlar\u0131 bu maksada g\u00f6re d\u00fczenlenmi\u015f, \u00fcniversite k\u00fcrs\u00fclerinde T\u00fcrkl\u00fck bahisleri ana mevzu haline getirilmi\u015fti. T\u00fcrk milletinin zihninde iftihara de\u011fer tarihi ve zengin k\u00fclt\u00fcr\u00fc ile T\u00fcrkl\u00fck \u015fuurunun yerle\u015ftirilmesine \u00e7al\u0131\u015f\u0131l\u0131rd\u0131. Medeni&#8217;e\u015fmede hareket noktas\u0131n\u0131n milli k\u00fclt\u00fcr\u00fc geli\u015ftirme oldu\u011funun idrak edildi\u011fi o heyecan \u00e7a\u011f\u0131nda T\u00fcrkiye&#8217;nin k\u00fclt\u00fcrel panoramas\u0131 b\u00f6yle oldu\u011fu i\u00e7in ba\u015far\u0131 kazan\u0131lm\u0131\u015ft\u0131. Fakat sonra durum de\u011fi\u015fti. <\/p>\n","protected":false},"excerpt":{"rendered":"<p>T\u00fcrk olman\u0131n ger\u00e7ekten mutluluk say\u0131ld\u0131\u011f\u0131 Cumhuriyetin ilk y\u0131llar\u0131nda, istiklal, huzur ve emniyetin bah\u015fetti\u011fi rahatl\u0131k i\u00e7inde, albayrak g\u00f6lgesindeki aziz T\u00fcrk topraklar\u0131 \u00fczerine mes&#8217;ut bir tevekk\u00fclle e\u011filen T\u00fcrk<span class=\"excerpt-hellip\"> [\u2026]<\/span><\/p>\n","protected":false},"featured_media":0,"template":"","meta":{"_monsterinsights_skip_tracking":false,"_monsterinsights_sitenote_active":false,"_monsterinsights_sitenote_note":"","_monsterinsights_sitenote_category":0},"product_brand":[],"product_cat":[13656,12337],"product_tag":[],"class_list":{"0":"post-701595","1":"product","2":"type-product","3":"status-publish","5":"product_cat-azinliklar-etnik-sorunlar","6":"product_cat-politika-siyaset","7":"pa_cilt-ciltsiz","8":"pa_tur-kitap","9":"pa_yayinevi-otuken-nesriyat","10":"pa_yazar-ibrahim-kafesoglu","12":"first","13":"instock","14":"sale","15":"shipping-taxable","16":"purchasable","17":"product-type-simple"},"_links":{"self":[{"href":"https:\/\/roveyayinevi.com.tr\/index.php\/wp-json\/wp\/v2\/product\/701595","targetHints":{"allow":["GET"]}}],"collection":[{"href":"https:\/\/roveyayinevi.com.tr\/index.php\/wp-json\/wp\/v2\/product"}],"about":[{"href":"https:\/\/roveyayinevi.com.tr\/index.php\/wp-json\/wp\/v2\/types\/product"}],"wp:attachment":[{"href":"https:\/\/roveyayinevi.com.tr\/index.php\/wp-json\/wp\/v2\/media?parent=701595"}],"wp:term":[{"taxonomy":"product_brand","embeddable":true,"href":"https:\/\/roveyayinevi.com.tr\/index.php\/wp-json\/wp\/v2\/product_brand?post=701595"},{"taxonomy":"product_cat","embeddable":true,"href":"https:\/\/roveyayinevi.com.tr\/index.php\/wp-json\/wp\/v2\/product_cat?post=701595"},{"taxonomy":"product_tag","embeddable":true,"href":"https:\/\/roveyayinevi.com.tr\/index.php\/wp-json\/wp\/v2\/product_tag?post=701595"}],"curies":[{"name":"wp","href":"https:\/\/api.w.org\/{rel}","templated":true}]}}