{"id":701593,"date":"2025-08-27T15:10:17","date_gmt":"2025-08-27T12:10:17","guid":{"rendered":"https:\/\/roveyayinevi.com.tr\/index.php\/urun\/civi-corbasi\/"},"modified":"2026-04-16T02:10:50","modified_gmt":"2026-04-15T23:10:50","slug":"civi-corbasi","status":"publish","type":"product","link":"https:\/\/roveyayinevi.com.tr\/index.php\/urun\/civi-corbasi\/","title":{"rendered":"\u00c7ivi \u00c7orbas\u0131"},"content":{"rendered":"<p>A\u011fa\u00e7lar\u0131n \u00e7\u0131plak dallar\u0131na karlar d\u00fc\u015ferken ormanda ilerleyen bir seyyah, geceyi ge\u00e7irebilmek umuduyla bir kul\u00fcbenin \u00f6n\u00fcnde durur. Kap\u0131y\u0131 a\u00e7an as\u0131k suratl\u0131 kad\u0131n seyyaha yerde k\u0131vr\u0131l\u0131p yatabilece\u011fini ama yiyecek bir \u015feyi olmad\u0131\u011f\u0131n\u0131 s\u00f6yler. Bunu duyan seyyah, cebinden pasl\u0131 bir \u00e7ivi \u00e7\u0131kararak, \u2018O halde sahip oldu\u011fum her \u015feyi sizinle payla\u015faca\u011f\u0131m,\u2019 der ve kad\u0131n\u0131n belki de o g\u00fcne kadar yedi\u011fi en lezzetli \u00e7orbay\u0131 yapmaya ba\u015flar&#8230;  \u0130skandinav halk masallar\u0131 i\u00e7erisinde \u00e7e\u015fitli versiyonlar\u0131 olan bu g\u00fczel masal,  En G\u00fczel D\u00fcnya Hik\u00e2yeleri  serisinin de ikinci kitab\u0131. <\/p>\n","protected":false},"excerpt":{"rendered":"<p>A\u011fa\u00e7lar\u0131n \u00e7\u0131plak dallar\u0131na karlar d\u00fc\u015ferken ormanda ilerleyen bir seyyah, geceyi ge\u00e7irebilmek umuduyla bir kul\u00fcbenin \u00f6n\u00fcnde durur. Kap\u0131y\u0131 a\u00e7an as\u0131k suratl\u0131 kad\u0131n seyyaha yerde k\u0131vr\u0131l\u0131p yatabilece\u011fini ama<span class=\"excerpt-hellip\"> [\u2026]<\/span><\/p>\n","protected":false},"featured_media":0,"template":"","meta":{"_monsterinsights_skip_tracking":false,"_monsterinsights_sitenote_active":false,"_monsterinsights_sitenote_note":"","_monsterinsights_sitenote_category":0},"product_brand":[],"product_cat":[12274,12284],"product_tag":[],"class_list":{"0":"post-701593","1":"product","2":"type-product","3":"status-publish","5":"product_cat-cocuk-ve-genclik-kitaplari","6":"product_cat-hikayeler","7":"pa_cilt-ciltsiz","8":"pa_tur-kitap","9":"pa_yayinevi-mandolin-yayinlari","10":"pa_yazar-eric-maddern","12":"first","13":"instock","14":"sale","15":"shipping-taxable","16":"purchasable","17":"product-type-simple"},"_links":{"self":[{"href":"https:\/\/roveyayinevi.com.tr\/index.php\/wp-json\/wp\/v2\/product\/701593","targetHints":{"allow":["GET"]}}],"collection":[{"href":"https:\/\/roveyayinevi.com.tr\/index.php\/wp-json\/wp\/v2\/product"}],"about":[{"href":"https:\/\/roveyayinevi.com.tr\/index.php\/wp-json\/wp\/v2\/types\/product"}],"wp:attachment":[{"href":"https:\/\/roveyayinevi.com.tr\/index.php\/wp-json\/wp\/v2\/media?parent=701593"}],"wp:term":[{"taxonomy":"product_brand","embeddable":true,"href":"https:\/\/roveyayinevi.com.tr\/index.php\/wp-json\/wp\/v2\/product_brand?post=701593"},{"taxonomy":"product_cat","embeddable":true,"href":"https:\/\/roveyayinevi.com.tr\/index.php\/wp-json\/wp\/v2\/product_cat?post=701593"},{"taxonomy":"product_tag","embeddable":true,"href":"https:\/\/roveyayinevi.com.tr\/index.php\/wp-json\/wp\/v2\/product_tag?post=701593"}],"curies":[{"name":"wp","href":"https:\/\/api.w.org\/{rel}","templated":true}]}}