{"id":701590,"date":"2025-08-27T15:10:16","date_gmt":"2025-08-27T12:10:16","guid":{"rendered":"https:\/\/roveyayinevi.com.tr\/index.php\/urun\/cicekler-buyur\/"},"modified":"2026-04-16T02:10:50","modified_gmt":"2026-04-15T23:10:50","slug":"cicekler-buyur","status":"publish","type":"product","link":"https:\/\/roveyayinevi.com.tr\/index.php\/urun\/cicekler-buyur\/","title":{"rendered":"\u00c7i\u00e7ekler B\u00fcy\u00fcr"},"content":{"rendered":"<p>1976\u2019lardan bu yana, Bulgaristan\u2019da ya\u015fayan milletta\u015flar\u0131m\u0131za, Bulgar H\u00fck\u00fbmetleri\u2019nin uygulad\u0131\u011f\u0131, insanl\u0131k utanc\u0131 politikalar ve kanl\u0131 bask\u0131lar&#8230; \u0130lay, bir k\u00fc\u00e7\u00fck kad\u0131n, bunlara nas\u0131l kar\u015f\u0131 koyabilir?.. Ger\u00e7i tabancas\u0131nda tek kur\u015fun kalm\u0131\u015ft\u0131r ama, silah\u0131 kendisine \u00e7evirmek, \u0130lay\u2019\u0131n karakterine \u00e7ok ters bir tutumdur. Oysa, bedenler, beyinler ve sevdalar, bu topra\u011fa g\u00fcbre olabilir, i\u015f ki \u00e7i\u00e7ekler, her y\u0131l yeniden b\u00fcy\u00fcyebilsin&#8230; <\/p>\n","protected":false},"excerpt":{"rendered":"<p>1976\u2019lardan bu yana, Bulgaristan\u2019da ya\u015fayan milletta\u015flar\u0131m\u0131za, Bulgar H\u00fck\u00fbmetleri\u2019nin uygulad\u0131\u011f\u0131, insanl\u0131k utanc\u0131 politikalar ve kanl\u0131 bask\u0131lar&#8230; \u0130lay, bir k\u00fc\u00e7\u00fck kad\u0131n, bunlara nas\u0131l kar\u015f\u0131 koyabilir?.. Ger\u00e7i tabancas\u0131nda tek<span class=\"excerpt-hellip\"> [\u2026]<\/span><\/p>\n","protected":false},"featured_media":0,"template":"","meta":{"_monsterinsights_skip_tracking":false,"_monsterinsights_sitenote_active":false,"_monsterinsights_sitenote_note":"","_monsterinsights_sitenote_category":0},"product_brand":[],"product_cat":[12291,12292],"product_tag":[],"class_list":{"0":"post-701590","1":"product","2":"type-product","3":"status-publish","5":"product_cat-edebiyat","6":"product_cat-turk-edebiyati","7":"pa_cilt-ciltsiz","8":"pa_tur-kitap","9":"pa_yayinevi-bilge-kultur-sanat","10":"pa_yazar-emine-isinsu","12":"first","13":"instock","14":"sale","15":"shipping-taxable","16":"purchasable","17":"product-type-simple"},"_links":{"self":[{"href":"https:\/\/roveyayinevi.com.tr\/index.php\/wp-json\/wp\/v2\/product\/701590","targetHints":{"allow":["GET"]}}],"collection":[{"href":"https:\/\/roveyayinevi.com.tr\/index.php\/wp-json\/wp\/v2\/product"}],"about":[{"href":"https:\/\/roveyayinevi.com.tr\/index.php\/wp-json\/wp\/v2\/types\/product"}],"wp:attachment":[{"href":"https:\/\/roveyayinevi.com.tr\/index.php\/wp-json\/wp\/v2\/media?parent=701590"}],"wp:term":[{"taxonomy":"product_brand","embeddable":true,"href":"https:\/\/roveyayinevi.com.tr\/index.php\/wp-json\/wp\/v2\/product_brand?post=701590"},{"taxonomy":"product_cat","embeddable":true,"href":"https:\/\/roveyayinevi.com.tr\/index.php\/wp-json\/wp\/v2\/product_cat?post=701590"},{"taxonomy":"product_tag","embeddable":true,"href":"https:\/\/roveyayinevi.com.tr\/index.php\/wp-json\/wp\/v2\/product_tag?post=701590"}],"curies":[{"name":"wp","href":"https:\/\/api.w.org\/{rel}","templated":true}]}}