{"id":701586,"date":"2025-08-27T15:10:14","date_gmt":"2025-08-27T12:10:14","guid":{"rendered":"https:\/\/roveyayinevi.com.tr\/index.php\/urun\/alice-harikalar-ulkesinde-2\/"},"modified":"2026-04-16T02:10:50","modified_gmt":"2026-04-15T23:10:50","slug":"alice-harikalar-ulkesinde-2","status":"publish","type":"product","link":"https:\/\/roveyayinevi.com.tr\/index.php\/urun\/alice-harikalar-ulkesinde-2\/","title":{"rendered":"Alice Harikalar \u00dclkesinde"},"content":{"rendered":"<p>Alice\u2019le Harikalar \u00dclkesi\u2019nde gezmeye ne dersiniz? S\u0131radan, k\u00fc\u00e7\u00fck bir k\u0131z olan Alice, g\u00fcnlerden bir g\u00fcn yolda tuhaf giyimli bir tav\u015fanla kar\u015f\u0131la\u015f\u0131r. Tav\u015fan, randevusuna ge\u00e7 kalmamak i\u00e7in ko\u015ftururken, Alice de onun pe\u015finden bir deli\u011fe dalar ve o anda kendini ola\u011fan\u00fcst\u00fc bir ser\u00fcvenin i\u00e7inde bulur. K\u00fc\u00e7\u00fck k\u0131z, inan\u0131lmaz kahramanlarla dolu Harikalar \u00dclkesi\u2019ne girmi\u015ftir. Alice merakla ve heyecanla gezinmeye ba\u015flar; neler g\u00f6r\u00fcr neler&#8230; Okuyun, bay\u0131lacaks\u0131n\u0131z! <\/p>\n","protected":false},"excerpt":{"rendered":"<p>Alice\u2019le Harikalar \u00dclkesi\u2019nde gezmeye ne dersiniz? S\u0131radan, k\u00fc\u00e7\u00fck bir k\u0131z olan Alice, g\u00fcnlerden bir g\u00fcn yolda tuhaf giyimli bir tav\u015fanla kar\u015f\u0131la\u015f\u0131r. Tav\u015fan, randevusuna ge\u00e7 kalmamak i\u00e7in<span class=\"excerpt-hellip\"> [\u2026]<\/span><\/p>\n","protected":false},"featured_media":0,"template":"","meta":{"_monsterinsights_skip_tracking":false,"_monsterinsights_sitenote_active":false,"_monsterinsights_sitenote_note":"","_monsterinsights_sitenote_category":0},"product_brand":[],"product_cat":[12274,12284],"product_tag":[],"class_list":{"0":"post-701586","1":"product","2":"type-product","3":"status-publish","5":"product_cat-cocuk-ve-genclik-kitaplari","6":"product_cat-hikayeler","7":"pa_cilt-ciltsiz","8":"pa_tur-kitap","9":"pa_yayinevi-can-cocuk-yayinlari","10":"pa_yazar-lewis-carroll","12":"first","13":"instock","14":"sale","15":"shipping-taxable","16":"purchasable","17":"product-type-simple"},"_links":{"self":[{"href":"https:\/\/roveyayinevi.com.tr\/index.php\/wp-json\/wp\/v2\/product\/701586","targetHints":{"allow":["GET"]}}],"collection":[{"href":"https:\/\/roveyayinevi.com.tr\/index.php\/wp-json\/wp\/v2\/product"}],"about":[{"href":"https:\/\/roveyayinevi.com.tr\/index.php\/wp-json\/wp\/v2\/types\/product"}],"wp:attachment":[{"href":"https:\/\/roveyayinevi.com.tr\/index.php\/wp-json\/wp\/v2\/media?parent=701586"}],"wp:term":[{"taxonomy":"product_brand","embeddable":true,"href":"https:\/\/roveyayinevi.com.tr\/index.php\/wp-json\/wp\/v2\/product_brand?post=701586"},{"taxonomy":"product_cat","embeddable":true,"href":"https:\/\/roveyayinevi.com.tr\/index.php\/wp-json\/wp\/v2\/product_cat?post=701586"},{"taxonomy":"product_tag","embeddable":true,"href":"https:\/\/roveyayinevi.com.tr\/index.php\/wp-json\/wp\/v2\/product_tag?post=701586"}],"curies":[{"name":"wp","href":"https:\/\/api.w.org\/{rel}","templated":true}]}}