{"id":701578,"date":"2025-08-27T15:10:11","date_gmt":"2025-08-27T12:10:11","guid":{"rendered":"https:\/\/roveyayinevi.com.tr\/index.php\/urun\/hastalik-hastasi-4\/"},"modified":"2026-04-16T02:10:50","modified_gmt":"2026-04-15T23:10:50","slug":"hastalik-hastasi-4","status":"publish","type":"product","link":"https:\/\/roveyayinevi.com.tr\/index.php\/urun\/hastalik-hastasi-4\/","title":{"rendered":"Hastal\u0131k Hastas\u0131"},"content":{"rendered":"<p>Moliere [Jean-Baptiste Poquelin] (1622-1673): Clermont Koleji\u2019nde Latin ve Yunan dili ve edebiyat\u0131 dersleri ald\u0131. Hukuk \u00f6\u011frenimi g\u00f6rd\u00fc, 1641\u2019de kabul edildi\u011fi barodan ayr\u0131ld\u0131. Zaman\u0131n\u0131 ve dehas\u0131n\u0131 tiyatroya adad\u0131. \u00d6lene dek, yani otuz y\u0131l boyunca tiyatro eserleri yazd\u0131, y\u00f6netti ve temsillerde rol ald\u0131. Klasik Frans\u0131z komedyas\u0131n\u0131n kurucusu olarak kabul edilmesini sa\u011flayan bir gelenek yaratmay\u0131 ba\u015fard\u0131. \u0130lk olarak 1673 y\u0131l\u0131nda Palais-Royal\u2019de sahnelenen bu oyun Moliere\u2019in yazd\u0131\u011f\u0131 son komedyad\u0131r. Daha \u00f6nce Orta \u00c7a\u011f tiyatrosu ve commedia dell\u2019arte taraf\u0131ndan da i\u015flenen t\u0131p e\u011fitimi, hekimlik gibi temalar\u0131 ele al\u0131r, bu iki kurumu ac\u0131mas\u0131zca ele\u015ftirir. Oyunun ilk temsillerinde hastal\u0131k hastas\u0131 Argan\u2019\u0131 da kendisi oynam\u0131\u015ft\u0131r. Bu temsillerden birinin sonuna do\u011fru sahnede fenala\u015fm\u0131\u015f, k\u0131sa bir s\u00fcre sonra da hayat\u0131n\u0131 kaybetmi\u015ftir. Hastal\u0131k Hastas\u0131 prologlar\u0131 ve ara oyunlar\u0131 da i\u00e7eren tam metniyle Hasan Ali Y\u00fccel Klasikler Dizisi\u2019nde. \ufffcTan\u0131t\u0131m Metni<\/p>\n","protected":false},"excerpt":{"rendered":"<p>Moliere [Jean-Baptiste Poquelin] (1622-1673): Clermont Koleji\u2019nde Latin ve Yunan dili ve edebiyat\u0131 dersleri ald\u0131. Hukuk \u00f6\u011frenimi g\u00f6rd\u00fc, 1641\u2019de kabul edildi\u011fi barodan ayr\u0131ld\u0131. Zaman\u0131n\u0131 ve dehas\u0131n\u0131 tiyatroya<span class=\"excerpt-hellip\"> [\u2026]<\/span><\/p>\n","protected":false},"featured_media":0,"template":"","meta":{"_monsterinsights_skip_tracking":false,"_monsterinsights_sitenote_active":false,"_monsterinsights_sitenote_note":"","_monsterinsights_sitenote_category":0},"product_brand":[],"product_cat":[13021,12408],"product_tag":[],"class_list":{"0":"post-701578","1":"product","2":"type-product","3":"status-publish","5":"product_cat-sahne-sanatlari","6":"product_cat-sanat","7":"pa_cilt-ciltsiz","8":"pa_tur-kitap","9":"pa_yayinevi-is-bankasi-kultur-yayinlari","10":"pa_yazar-moliere","12":"first","13":"instock","14":"sale","15":"shipping-taxable","16":"purchasable","17":"product-type-simple"},"_links":{"self":[{"href":"https:\/\/roveyayinevi.com.tr\/index.php\/wp-json\/wp\/v2\/product\/701578","targetHints":{"allow":["GET"]}}],"collection":[{"href":"https:\/\/roveyayinevi.com.tr\/index.php\/wp-json\/wp\/v2\/product"}],"about":[{"href":"https:\/\/roveyayinevi.com.tr\/index.php\/wp-json\/wp\/v2\/types\/product"}],"wp:attachment":[{"href":"https:\/\/roveyayinevi.com.tr\/index.php\/wp-json\/wp\/v2\/media?parent=701578"}],"wp:term":[{"taxonomy":"product_brand","embeddable":true,"href":"https:\/\/roveyayinevi.com.tr\/index.php\/wp-json\/wp\/v2\/product_brand?post=701578"},{"taxonomy":"product_cat","embeddable":true,"href":"https:\/\/roveyayinevi.com.tr\/index.php\/wp-json\/wp\/v2\/product_cat?post=701578"},{"taxonomy":"product_tag","embeddable":true,"href":"https:\/\/roveyayinevi.com.tr\/index.php\/wp-json\/wp\/v2\/product_tag?post=701578"}],"curies":[{"name":"wp","href":"https:\/\/api.w.org\/{rel}","templated":true}]}}