{"id":701571,"date":"2025-08-27T15:10:09","date_gmt":"2025-08-27T12:10:09","guid":{"rendered":"https:\/\/roveyayinevi.com.tr\/index.php\/urun\/afrodit-ask-tanricasi\/"},"modified":"2026-04-16T02:10:49","modified_gmt":"2026-04-15T23:10:49","slug":"afrodit-ask-tanricasi","status":"publish","type":"product","link":"https:\/\/roveyayinevi.com.tr\/index.php\/urun\/afrodit-ask-tanricasi\/","title":{"rendered":"Afrodit &#8211; A\u015fk Tanr\u0131\u00e7as\u0131"},"content":{"rendered":"<p>Olimposlular dizisinde yer alan kitaplar, fantastik g\u00fc\u00e7lere sahip kahramanlar\u0131n maceralar\u0131n\u0131 anlat\u0131yor; yeri g\u00f6\u011f\u00fc titreten, y\u0131ld\u0131r\u0131mlar savuran, denizlerde h\u00e2kimiyet kuran, \u015fekil de\u011fi\u015ftiren, hatta g\u00f6r\u00fcnmez olabilen kahramanlar\u2026 <\/p>\n","protected":false},"excerpt":{"rendered":"<p>Olimposlular dizisinde yer alan kitaplar, fantastik g\u00fc\u00e7lere sahip kahramanlar\u0131n maceralar\u0131n\u0131 anlat\u0131yor; yeri g\u00f6\u011f\u00fc titreten, y\u0131ld\u0131r\u0131mlar savuran, denizlerde h\u00e2kimiyet kuran, \u015fekil de\u011fi\u015ftiren, hatta g\u00f6r\u00fcnmez olabilen kahramanlar\u2026<\/p>\n","protected":false},"featured_media":0,"template":"","meta":{"_monsterinsights_skip_tracking":false,"_monsterinsights_sitenote_active":false,"_monsterinsights_sitenote_note":"","_monsterinsights_sitenote_category":0},"product_brand":[],"product_cat":[12689,12274],"product_tag":[],"class_list":{"0":"post-701571","1":"product","2":"type-product","3":"status-publish","5":"product_cat-cizgi-roman-cocuk-ve-genclik-kitaplari","6":"product_cat-cocuk-ve-genclik-kitaplari","7":"pa_cilt-ciltsiz","8":"pa_tur-kitap","9":"pa_yayinevi-1001-cicek-kitaplar","10":"pa_yazar-george-oconnor","12":"first","13":"instock","14":"sale","15":"shipping-taxable","16":"purchasable","17":"product-type-simple"},"_links":{"self":[{"href":"https:\/\/roveyayinevi.com.tr\/index.php\/wp-json\/wp\/v2\/product\/701571","targetHints":{"allow":["GET"]}}],"collection":[{"href":"https:\/\/roveyayinevi.com.tr\/index.php\/wp-json\/wp\/v2\/product"}],"about":[{"href":"https:\/\/roveyayinevi.com.tr\/index.php\/wp-json\/wp\/v2\/types\/product"}],"wp:attachment":[{"href":"https:\/\/roveyayinevi.com.tr\/index.php\/wp-json\/wp\/v2\/media?parent=701571"}],"wp:term":[{"taxonomy":"product_brand","embeddable":true,"href":"https:\/\/roveyayinevi.com.tr\/index.php\/wp-json\/wp\/v2\/product_brand?post=701571"},{"taxonomy":"product_cat","embeddable":true,"href":"https:\/\/roveyayinevi.com.tr\/index.php\/wp-json\/wp\/v2\/product_cat?post=701571"},{"taxonomy":"product_tag","embeddable":true,"href":"https:\/\/roveyayinevi.com.tr\/index.php\/wp-json\/wp\/v2\/product_tag?post=701571"}],"curies":[{"name":"wp","href":"https:\/\/api.w.org\/{rel}","templated":true}]}}