{"id":701556,"date":"2025-08-27T15:10:04","date_gmt":"2025-08-27T12:10:04","guid":{"rendered":"https:\/\/roveyayinevi.com.tr\/index.php\/urun\/kendinize-ve-baskalarina-yasam-koclugu\/"},"modified":"2026-04-12T02:12:42","modified_gmt":"2026-04-11T23:12:42","slug":"kendinize-ve-baskalarina-yasam-koclugu","status":"publish","type":"product","link":"https:\/\/roveyayinevi.com.tr\/index.php\/urun\/kendinize-ve-baskalarina-yasam-koclugu\/","title":{"rendered":"Kendinize ve Ba\u015fkalar\u0131na Ya\u015fam Ko\u00e7lu\u011fu"},"content":{"rendered":"<p>Hem kendi kendinin ko\u00e7u olmak isteyenlerin hem de profesyonel ya\u015fam ko\u00e7lar\u0131n\u0131n yararlanaca\u011f\u0131 g\u00fc\u00e7l\u00fc bir rehber kitap. \ufffcTan\u0131t\u0131m Metni<\/p>\n","protected":false},"excerpt":{"rendered":"<p>Hem kendi kendinin ko\u00e7u olmak isteyenlerin hem de profesyonel ya\u015fam ko\u00e7lar\u0131n\u0131n yararlanaca\u011f\u0131 g\u00fc\u00e7l\u00fc bir rehber kitap. \ufffcTan\u0131t\u0131m Metni<\/p>\n","protected":false},"featured_media":0,"template":"","meta":{"_monsterinsights_skip_tracking":false,"_monsterinsights_sitenote_active":false,"_monsterinsights_sitenote_note":"","_monsterinsights_sitenote_category":0},"product_brand":[],"product_cat":[12364,12376],"product_tag":[],"class_list":{"0":"post-701556","1":"product","2":"type-product","3":"status-publish","5":"product_cat-genel-konular","6":"product_cat-kisisel-gelisim","7":"pa_tur-kitap","8":"pa_yayinevi-kuraldisi-yayinevi","9":"pa_yazar-joseph-luciani","11":"first","12":"instock","13":"sale","14":"shipping-taxable","15":"purchasable","16":"product-type-simple"},"_links":{"self":[{"href":"https:\/\/roveyayinevi.com.tr\/index.php\/wp-json\/wp\/v2\/product\/701556","targetHints":{"allow":["GET"]}}],"collection":[{"href":"https:\/\/roveyayinevi.com.tr\/index.php\/wp-json\/wp\/v2\/product"}],"about":[{"href":"https:\/\/roveyayinevi.com.tr\/index.php\/wp-json\/wp\/v2\/types\/product"}],"wp:attachment":[{"href":"https:\/\/roveyayinevi.com.tr\/index.php\/wp-json\/wp\/v2\/media?parent=701556"}],"wp:term":[{"taxonomy":"product_brand","embeddable":true,"href":"https:\/\/roveyayinevi.com.tr\/index.php\/wp-json\/wp\/v2\/product_brand?post=701556"},{"taxonomy":"product_cat","embeddable":true,"href":"https:\/\/roveyayinevi.com.tr\/index.php\/wp-json\/wp\/v2\/product_cat?post=701556"},{"taxonomy":"product_tag","embeddable":true,"href":"https:\/\/roveyayinevi.com.tr\/index.php\/wp-json\/wp\/v2\/product_tag?post=701556"}],"curies":[{"name":"wp","href":"https:\/\/api.w.org\/{rel}","templated":true}]}}