{"id":701555,"date":"2025-08-27T15:10:03","date_gmt":"2025-08-27T12:10:03","guid":{"rendered":"https:\/\/roveyayinevi.com.tr\/index.php\/urun\/yahudi-modernitesinin-sonu\/"},"modified":"2026-04-16T02:10:49","modified_gmt":"2026-04-15T23:10:49","slug":"yahudi-modernitesinin-sonu","status":"publish","type":"product","link":"https:\/\/roveyayinevi.com.tr\/index.php\/urun\/yahudi-modernitesinin-sonu\/","title":{"rendered":"Yahudi Modernitesinin Sonu"},"content":{"rendered":"<p>Tarihsel s\u00fcre\u00e7 i\u00e7inde Yahudi toplumu, genellikle yerle\u015fik medeniyetlerin kurucu \u201c\u00f6tekisi\u201d, d\u0131\u015fsal \u201ck\u00f6t\u00fcl\u00fck\u201d unsuru olarak anlamland\u0131r\u0131lm\u0131\u015ft\u0131r. S\u00f6z konusu kurucu \u201c\u00f6telik\u201d modernitenin daha ba\u015flang\u0131\u00e7 d\u00f6nemlerinden g\u00fcn\u00fcm\u00fcze kadar uzanan bir hat i\u00e7inde \u00e7e\u015fitli \u015fekiller alm\u0131\u015f olsa da, Yahudi toplumuna ili\u015fkin alg\u0131 ve imgelerde de zamanla kimi k\u0131r\u0131lmalar ya\u015fanm\u0131\u015ft\u0131r. Yahudi Modernitesi adl\u0131 \u00e7al\u0131\u015fma, ele\u015ftirel stratejisiyle i\u015fte bu k\u0131r\u0131lma d\u00f6nemlerini ve bunlar\u0131n art\u00e7\u0131 etkilerini mercek alt\u0131na al\u0131yor. Yirminci y\u00fczy\u0131l\u0131n ba\u015flar\u0131nda, \u00f6zellikle de B\u00fcy\u00fck Ekim Devrimi sonras\u0131nda Yahudi toplumunun entelekt\u00fcel ve politik a\u00e7\u0131lardan sol-sosyalist d\u00fcnya g\u00f6r\u00fc\u015f\u00fcyle olan temaslar\u0131, \u0130kinci D\u00fcnya Sava\u015f\u0131\u2019ndan sonra ve \u0130srail devletinin kurulmas\u0131yla birikte bir ba\u015fka nitelik kazanm\u0131\u015ft\u0131r: <\/p>\n","protected":false},"excerpt":{"rendered":"<p>Tarihsel s\u00fcre\u00e7 i\u00e7inde Yahudi toplumu, genellikle yerle\u015fik medeniyetlerin kurucu \u201c\u00f6tekisi\u201d, d\u0131\u015fsal \u201ck\u00f6t\u00fcl\u00fck\u201d unsuru olarak anlamland\u0131r\u0131lm\u0131\u015ft\u0131r. S\u00f6z konusu kurucu \u201c\u00f6telik\u201d modernitenin daha ba\u015flang\u0131\u00e7 d\u00f6nemlerinden g\u00fcn\u00fcm\u00fcze kadar uzanan<span class=\"excerpt-hellip\"> [\u2026]<\/span><\/p>\n","protected":false},"featured_media":0,"template":"","meta":{"_monsterinsights_skip_tracking":false,"_monsterinsights_sitenote_active":false,"_monsterinsights_sitenote_note":"","_monsterinsights_sitenote_category":0},"product_brand":[],"product_cat":[13590,12337],"product_tag":[],"class_list":{"0":"post-701555","1":"product","2":"type-product","3":"status-publish","5":"product_cat-arastirma-inceleme-politika-siyaset","6":"product_cat-politika-siyaset","7":"pa_cilt-ciltsiz","8":"pa_tur-kitap","9":"pa_yayinevi-ayrinti-yayinlari","10":"pa_yazar-enzo-traverso","12":"first","13":"instock","14":"sale","15":"shipping-taxable","16":"purchasable","17":"product-type-simple"},"_links":{"self":[{"href":"https:\/\/roveyayinevi.com.tr\/index.php\/wp-json\/wp\/v2\/product\/701555","targetHints":{"allow":["GET"]}}],"collection":[{"href":"https:\/\/roveyayinevi.com.tr\/index.php\/wp-json\/wp\/v2\/product"}],"about":[{"href":"https:\/\/roveyayinevi.com.tr\/index.php\/wp-json\/wp\/v2\/types\/product"}],"wp:attachment":[{"href":"https:\/\/roveyayinevi.com.tr\/index.php\/wp-json\/wp\/v2\/media?parent=701555"}],"wp:term":[{"taxonomy":"product_brand","embeddable":true,"href":"https:\/\/roveyayinevi.com.tr\/index.php\/wp-json\/wp\/v2\/product_brand?post=701555"},{"taxonomy":"product_cat","embeddable":true,"href":"https:\/\/roveyayinevi.com.tr\/index.php\/wp-json\/wp\/v2\/product_cat?post=701555"},{"taxonomy":"product_tag","embeddable":true,"href":"https:\/\/roveyayinevi.com.tr\/index.php\/wp-json\/wp\/v2\/product_tag?post=701555"}],"curies":[{"name":"wp","href":"https:\/\/api.w.org\/{rel}","templated":true}]}}