{"id":701554,"date":"2025-08-27T15:10:03","date_gmt":"2025-08-27T12:10:03","guid":{"rendered":"https:\/\/roveyayinevi.com.tr\/index.php\/urun\/yeter-ki-onursuz-olmasin-is\/"},"modified":"2026-04-16T02:10:49","modified_gmt":"2026-04-15T23:10:49","slug":"yeter-ki-onursuz-olmasin-is","status":"publish","type":"product","link":"https:\/\/roveyayinevi.com.tr\/index.php\/urun\/yeter-ki-onursuz-olmasin-is\/","title":{"rendered":"Yeter ki Onursuz Olmas\u0131n \u0130\u015f"},"content":{"rendered":"<p>&#8220;Yeter ki Onursuz Olmas\u0131n \u0130\u015f&#8221; adl\u0131 kitab\u0131n sayfalar\u0131nda y\u00f6neticilere \u015f\u00f6yle sesleniyor yazar, &#8220;Korkutarak y\u00f6netmek&#8221;, tedavi edilmezse t\u00fcm \u00e7al\u0131\u015fanlar\u0131n ve \u015firketin sonunu getirebilecek g\u00fc\u00e7te bula\u015f\u0131c\u0131 bir hastal\u0131k gibidir. Bu y\u00fczden g\u00fcc\u00fcn\u00fcz\u00fc korkudan de\u011fil, bilgiden al\u0131n. B\u00fcy\u00fck ba\u015far\u0131lar\u0131m\u0131z kadar g\u00fcndelik k\u00fc\u00e7\u00fck zaferlerimizin de fark\u0131na vararak takdir ederseniz bu ho\u015fumuza gider. Belki de o ayak\u00fcst\u00fc s\u00f6ylenen &#8220;Eline sa\u011fl\u0131k&#8221;\u0131n verdi\u011fi motivasyonla yarat\u0131c\u0131 bir fikir ortaya koyabiliriz. Ve devam ediyor i\u015f arkada\u015flar\u0131na y\u00f6nelik ba\u015fka bir mektupla, G\u00fcn gelip birimizden biri di\u011ferinin amiri olursa bu yazd\u0131klar\u0131m\u0131 mutlaka yeniden birlikte okuyal\u0131m. Olaylar\u0131 birbirimizin g\u00f6zlerinden g\u00f6rebilmek, kendimizi fazla \u00f6nemseyip &#8220;ne oldum delisi&#8221; haline gelmemizi engeller. K\u0131skan\u00e7l\u0131k zaman\u0131 bo\u015fa harcamam\u0131za yol a\u00e7an bir duygu, sahip olduklar\u0131m\u0131z\u0131n k\u0131ymetini bilip \u00e7ok \u00e7al\u0131\u015farak gerisini ak\u0131\u015fa b\u0131rakmay\u0131 birbirimize hat\u0131rlatabiliriz\u2026 \u0130\u015f ortam\u0131nda ya\u015fan\u0131lan huzursuzluklar, mobbing, etik d\u0131\u015f\u0131 uygulamalar gibi bir\u00e7ok konuya de\u011finen yazar, sizleri \u00e7aresiz de b\u0131rakm\u0131yor. Her \u00f6rnek hik\u00e2yenin arkas\u0131na ekledi\u011fi uzman g\u00f6r\u00fc\u015fleriyle adeta dan\u0131\u015fmanl\u0131k yap\u0131yor okuyucusuna. Ve Elma Yay\u0131nevi, Mehpare Kileci&#8217;nin bu yeni eseriyle Yeter ki Onursuz Olmas\u0131n \u0130\u015f diyor bu sefer okuyucular\u0131na&#8230; <\/p>\n","protected":false},"excerpt":{"rendered":"<p>&#8220;Yeter ki Onursuz Olmas\u0131n \u0130\u015f&#8221; adl\u0131 kitab\u0131n sayfalar\u0131nda y\u00f6neticilere \u015f\u00f6yle sesleniyor yazar, &#8220;Korkutarak y\u00f6netmek&#8221;, tedavi edilmezse t\u00fcm \u00e7al\u0131\u015fanlar\u0131n ve \u015firketin sonunu getirebilecek g\u00fc\u00e7te bula\u015f\u0131c\u0131 bir hastal\u0131k<span class=\"excerpt-hellip\"> [\u2026]<\/span><\/p>\n","protected":false},"featured_media":0,"template":"","meta":{"_monsterinsights_skip_tracking":false,"_monsterinsights_sitenote_active":false,"_monsterinsights_sitenote_note":"","_monsterinsights_sitenote_category":0},"product_brand":[],"product_cat":[13043,19008],"product_tag":[],"class_list":{"0":"post-701554","1":"product","2":"type-product","3":"status-publish","5":"product_cat-ekonomi","6":"product_cat-yonetim","7":"pa_cilt-ciltsiz","8":"pa_tur-kitap","9":"pa_yayinevi-elma-yayinevi","10":"pa_yazar-mehpare-kileci","12":"first","13":"instock","14":"sale","15":"shipping-taxable","16":"purchasable","17":"product-type-simple"},"_links":{"self":[{"href":"https:\/\/roveyayinevi.com.tr\/index.php\/wp-json\/wp\/v2\/product\/701554","targetHints":{"allow":["GET"]}}],"collection":[{"href":"https:\/\/roveyayinevi.com.tr\/index.php\/wp-json\/wp\/v2\/product"}],"about":[{"href":"https:\/\/roveyayinevi.com.tr\/index.php\/wp-json\/wp\/v2\/types\/product"}],"wp:attachment":[{"href":"https:\/\/roveyayinevi.com.tr\/index.php\/wp-json\/wp\/v2\/media?parent=701554"}],"wp:term":[{"taxonomy":"product_brand","embeddable":true,"href":"https:\/\/roveyayinevi.com.tr\/index.php\/wp-json\/wp\/v2\/product_brand?post=701554"},{"taxonomy":"product_cat","embeddable":true,"href":"https:\/\/roveyayinevi.com.tr\/index.php\/wp-json\/wp\/v2\/product_cat?post=701554"},{"taxonomy":"product_tag","embeddable":true,"href":"https:\/\/roveyayinevi.com.tr\/index.php\/wp-json\/wp\/v2\/product_tag?post=701554"}],"curies":[{"name":"wp","href":"https:\/\/api.w.org\/{rel}","templated":true}]}}