{"id":701542,"date":"2025-08-27T15:09:59","date_gmt":"2025-08-27T12:09:59","guid":{"rendered":"https:\/\/roveyayinevi.com.tr\/index.php\/urun\/durmak-yok\/"},"modified":"2026-04-16T02:10:49","modified_gmt":"2026-04-15T23:10:49","slug":"durmak-yok","status":"publish","type":"product","link":"https:\/\/roveyayinevi.com.tr\/index.php\/urun\/durmak-yok\/","title":{"rendered":"Durmak Yok"},"content":{"rendered":"<p>1983 y\u0131l\u0131nda R\u0131fat Ilgaz ve o\u011flu Ayd\u0131n Ilgaz taraf\u0131ndan kurulan \u00c7\u0131nar Yay\u0131nlar\u0131, R\u0131fat Ilgaz\u2019\u0131n  B\u00fct\u00fcn Eserleri ni yay\u0131mlamaya devam ediyor. \u00d6zenli bir ara\u015ft\u0131rma sonucunda, R\u0131fat Ilgaz\u2019\u0131n \u00e7ocuklar ve gen\u00e7ler i\u00e7in yazd\u0131\u011f\u0131 \u015fiirleri  Durmak Yok  ad\u0131yla kitapla\u015ft\u0131r\u0131ld\u0131. Kitapta 35 \u015fiir yer al\u0131yor&#8230; Durmak Yok (&#8230;) Hele davran\u0131n \u00e7ocuklar, Hoooop!.. Emineler, Aliler, Ay\u015feler, kalk\u0131n, Keremler, Zeynepler, Elifler siz de Denizler, Defneler tutu\u015fun elele! Adlar\u0131 sabah ezanlar\u0131nda Kulaklar\u0131na besmeleyle okunanlar, Durdular, Durmu\u015flar, Dursunlar, Ne duruyorsunuz!&#8230; <\/p>\n","protected":false},"excerpt":{"rendered":"<p>1983 y\u0131l\u0131nda R\u0131fat Ilgaz ve o\u011flu Ayd\u0131n Ilgaz taraf\u0131ndan kurulan \u00c7\u0131nar Yay\u0131nlar\u0131, R\u0131fat Ilgaz\u2019\u0131n B\u00fct\u00fcn Eserleri ni yay\u0131mlamaya devam ediyor. \u00d6zenli bir ara\u015ft\u0131rma sonucunda, R\u0131fat Ilgaz\u2019\u0131n<span class=\"excerpt-hellip\"> [\u2026]<\/span><\/p>\n","protected":false},"featured_media":0,"template":"","meta":{"_monsterinsights_skip_tracking":false,"_monsterinsights_sitenote_active":false,"_monsterinsights_sitenote_note":"","_monsterinsights_sitenote_category":0},"product_brand":[],"product_cat":[12291,12509],"product_tag":[],"class_list":{"0":"post-701542","1":"product","2":"type-product","3":"status-publish","5":"product_cat-edebiyat","6":"product_cat-siir","7":"pa_tur-kitap","8":"pa_yayinevi-cinar-yayinlari","9":"pa_yazar-rifat-ilgaz","11":"first","12":"instock","13":"sale","14":"shipping-taxable","15":"purchasable","16":"product-type-simple"},"_links":{"self":[{"href":"https:\/\/roveyayinevi.com.tr\/index.php\/wp-json\/wp\/v2\/product\/701542","targetHints":{"allow":["GET"]}}],"collection":[{"href":"https:\/\/roveyayinevi.com.tr\/index.php\/wp-json\/wp\/v2\/product"}],"about":[{"href":"https:\/\/roveyayinevi.com.tr\/index.php\/wp-json\/wp\/v2\/types\/product"}],"wp:attachment":[{"href":"https:\/\/roveyayinevi.com.tr\/index.php\/wp-json\/wp\/v2\/media?parent=701542"}],"wp:term":[{"taxonomy":"product_brand","embeddable":true,"href":"https:\/\/roveyayinevi.com.tr\/index.php\/wp-json\/wp\/v2\/product_brand?post=701542"},{"taxonomy":"product_cat","embeddable":true,"href":"https:\/\/roveyayinevi.com.tr\/index.php\/wp-json\/wp\/v2\/product_cat?post=701542"},{"taxonomy":"product_tag","embeddable":true,"href":"https:\/\/roveyayinevi.com.tr\/index.php\/wp-json\/wp\/v2\/product_tag?post=701542"}],"curies":[{"name":"wp","href":"https:\/\/api.w.org\/{rel}","templated":true}]}}