{"id":701541,"date":"2025-08-27T15:09:58","date_gmt":"2025-08-27T12:09:58","guid":{"rendered":"https:\/\/roveyayinevi.com.tr\/index.php\/urun\/enerji\/"},"modified":"2025-09-15T10:10:24","modified_gmt":"2025-09-15T07:10:24","slug":"enerji","status":"publish","type":"product","link":"https:\/\/roveyayinevi.com.tr\/index.php\/urun\/enerji\/","title":{"rendered":"Enerji"},"content":{"rendered":"<p>B\u00fcy\u00fcl\u00fc do\u011fas\u0131n\u0131 ve t\u00fcm g\u00fczelliklerini korumak i\u00e7in, d\u00fcnyam\u0131z\u0131n de\u011ferini anlamam\u0131z ve her \u015feyden \u00f6nce onu tan\u0131mam\u0131z gerekir. Haydi o zaman, evimizi, D\u00fcnya gezegenini, u\u00e7suz bucaks\u0131z Evren\u2019in i\u00e7indeki bu k\u00fc\u00e7\u00fcc\u00fck noktac\u0131\u011f\u0131 tan\u0131yal\u0131m! \u0130\u015fte bu ama\u00e7la, siz \u00e7ocuklara Dinozor \u00c7ocuk olarak Zincir Dizisi\u2019ni yay\u0131ml\u0131yoruz. Evren nas\u0131l i\u015fler? Ne gibi s\u0131rlar sakl\u0131yor? Peki, etraf\u0131m\u0131zdaki her \u015fey niye s\u00fcrekli de\u011fi\u015fir? Bunlar\u0131 merak ediyorsunuz de\u011fil mi? \u00c7\u00fcnk\u00fc Evren gizemli. \u0130\u015fte bu kitapta, Evren\u2019in gizemini ke\u015ffe \u00e7\u0131kaca\u011f\u0131z. Onu olu\u015fturan atomlarla ve onu bir arada tutup s\u00fcrekli de\u011fi\u015ftiren enerjiyle tan\u0131\u015faca\u011f\u0131z. Enerjinin \u00e7e\u015fitlerini \u00f6\u011frenece\u011fiz. Buluttan ya\u011fmurun, a\u011fa\u00e7tan elman\u0131n, y\u00fckseklerden topun, sal\u0131ncaktan bizim d\u00fc\u015fmemize sebep olan hangi enerji dersiniz? Haydi enerjik olun ve enerji ta\u015fan bu kitab\u0131 okuyun! \ufffcTan\u0131t\u0131m Metni<\/p>\n","protected":false},"excerpt":{"rendered":"<p>B\u00fcy\u00fcl\u00fc do\u011fas\u0131n\u0131 ve t\u00fcm g\u00fczelliklerini korumak i\u00e7in, d\u00fcnyam\u0131z\u0131n de\u011ferini anlamam\u0131z ve her \u015feyden \u00f6nce onu tan\u0131mam\u0131z gerekir. Haydi o zaman, evimizi, D\u00fcnya gezegenini, u\u00e7suz bucaks\u0131z Evren\u2019in<span class=\"excerpt-hellip\"> [\u2026]<\/span><\/p>\n","protected":false},"featured_media":0,"template":"","meta":{"_monsterinsights_skip_tracking":false,"_monsterinsights_sitenote_active":false,"_monsterinsights_sitenote_note":"","_monsterinsights_sitenote_category":0},"product_brand":[],"product_cat":[13829,12274],"product_tag":[],"class_list":{"0":"post-701541","1":"product","2":"type-product","3":"status-publish","5":"product_cat-bilimsel-kitaplar","6":"product_cat-cocuk-ve-genclik-kitaplari","7":"pa_cilt-ciltli","8":"pa_tur-kitap","9":"pa_yayinevi-dinozor-cocuk","10":"pa_yazar-anna-hatzimanoli","12":"first","13":"instock","14":"sale","15":"shipping-taxable","16":"purchasable","17":"product-type-simple"},"_links":{"self":[{"href":"https:\/\/roveyayinevi.com.tr\/index.php\/wp-json\/wp\/v2\/product\/701541","targetHints":{"allow":["GET"]}}],"collection":[{"href":"https:\/\/roveyayinevi.com.tr\/index.php\/wp-json\/wp\/v2\/product"}],"about":[{"href":"https:\/\/roveyayinevi.com.tr\/index.php\/wp-json\/wp\/v2\/types\/product"}],"wp:attachment":[{"href":"https:\/\/roveyayinevi.com.tr\/index.php\/wp-json\/wp\/v2\/media?parent=701541"}],"wp:term":[{"taxonomy":"product_brand","embeddable":true,"href":"https:\/\/roveyayinevi.com.tr\/index.php\/wp-json\/wp\/v2\/product_brand?post=701541"},{"taxonomy":"product_cat","embeddable":true,"href":"https:\/\/roveyayinevi.com.tr\/index.php\/wp-json\/wp\/v2\/product_cat?post=701541"},{"taxonomy":"product_tag","embeddable":true,"href":"https:\/\/roveyayinevi.com.tr\/index.php\/wp-json\/wp\/v2\/product_tag?post=701541"}],"curies":[{"name":"wp","href":"https:\/\/api.w.org\/{rel}","templated":true}]}}