{"id":701503,"date":"2025-08-27T15:09:46","date_gmt":"2025-08-27T12:09:46","guid":{"rendered":"https:\/\/roveyayinevi.com.tr\/index.php\/urun\/aydaki-kadin\/"},"modified":"2026-04-16T02:10:48","modified_gmt":"2026-04-15T23:10:48","slug":"aydaki-kadin","status":"publish","type":"product","link":"https:\/\/roveyayinevi.com.tr\/index.php\/urun\/aydaki-kadin\/","title":{"rendered":"Aydaki Kad\u0131n"},"content":{"rendered":"<p>Aydaki Kad\u0131n Ahmet Hamdi Tanp\u0131nar\u2019\u0131n d\u00f6rtte \u00fc\u00e7\u00fc bitmi\u015f son roman\u0131n, da\u011f\u0131n\u0131k m\u00fcsveddelerinden merhum G\u00fcler G\u00fcven taraf\u0131ndan in\u015fa edilmi\u015f \u015feklidir. Huzur ve Saatleri Ayarlama Enstit\u00fcs\u00fc Tanp\u0131nar\u2019\u0131n hayatta iken kitap olarak \u00e7\u0131kabilmi\u015f iki roman\u0131d\u0131r. Tefrika olarak bas\u0131lan Sahnenin D\u0131\u015f\u0131ndakiler ile tefrikas\u0131 yar\u0131m kalan Mahur Beste\u2019yi de okuyucular y\u0131llar sonra okudular. \u0130lk roman\u0131 Mahur Beste de yar\u0131md\u0131, son roman\u0131 da yar\u0131m kalm\u0131\u015ft\u0131. Tanp\u0131nar y\u0131llarca \u00fczerinde \u00e7al\u0131\u015ft\u0131\u011f\u0131  eserim  diyece\u011fi bu roman\u0131n pe\u015findeydi:  Roman bug\u00fcnk\u00fc \u015fekliyle hi\u00e7 fena de\u011fil. E\u011fer pazarl\u0131k etmez, paras\u0131zl\u0131\u011fa teslim olmazsam gelecek sene m\u00fchim bir eserim olur  demektedir g\u00fcnl\u00fcklerinde. Aydaki Kad\u0131n tam anlam\u0131yla bir Tanp\u0131nar roman\u0131d\u0131r. Eser kahraman\u0131n\u0131n nice tan\u0131d\u0131klar\u0131n\u0131n binbir hat\u0131ras\u0131yla mek\u00e2n\u0131 doldurdu\u011fu \u0130stanbul\u2019un, \u00f6zellikle Bo\u011faz\u2019\u0131n ve denizin roman\u0131 oldu\u011fu kadar, bir t\u00fcrl\u00fc dile getirilemedi\u011fi i\u00e7in, i\u00e7te geni\u015fleyen, k\u0131vranan ve zehirleyici bir g\u00fcce d\u00f6n\u00fc\u015fen a\u015fk\u0131n roman\u0131d\u0131r.  Ben \u00e7ocuklu\u011fumla evlendim. Bu evde do\u011fmu\u015ftum. Orada \u00f6lmek i\u00e7in evlendim  diyen Leyl\u00e2 Bo\u011fazi\u00e7i\u2019dir. Yazar eserini ayr\u0131ca siyas\u00ee bir roman olarak tasarlam\u0131\u015ft\u0131r. T\u00fcrkiye\u2019nin demokrasi tecr\u00fcbelerinin iflas\u0131, insanlar\u0131n iflas\u0131yla birle\u015fir. Bir bak\u0131ma hem Huzur hem de Saatleri Ayarlama Enstit\u00fcs\u00fc ile birle\u015fen noktalar\u0131 \u00e7oktur. Her roman\u0131na kendisini koymu\u015f olan Tanp\u0131nar bu romanda da vard\u0131r. Aydaki Kad\u0131n\u2019\u0131 g\u00fcnl\u00fckleriyle birlikte okuyunca, Tanp\u0131nar\u2019\u0131n hayalleri ve g\u00fcnl\u00fck ger\u00e7ekler aras\u0131nda par\u00e7alan\u0131\u015f\u0131, Selim\u2019in ya\u015fad\u0131klar\u0131nda da takip edilebilir. <\/p>\n","protected":false},"excerpt":{"rendered":"<p>Aydaki Kad\u0131n Ahmet Hamdi Tanp\u0131nar\u2019\u0131n d\u00f6rtte \u00fc\u00e7\u00fc bitmi\u015f son roman\u0131n, da\u011f\u0131n\u0131k m\u00fcsveddelerinden merhum G\u00fcler G\u00fcven taraf\u0131ndan in\u015fa edilmi\u015f \u015feklidir. Huzur ve Saatleri Ayarlama Enstit\u00fcs\u00fc Tanp\u0131nar\u2019\u0131n hayatta<span class=\"excerpt-hellip\"> [\u2026]<\/span><\/p>\n","protected":false},"featured_media":0,"template":"","meta":{"_monsterinsights_skip_tracking":false,"_monsterinsights_sitenote_active":false,"_monsterinsights_sitenote_note":"","_monsterinsights_sitenote_category":0},"product_brand":[],"product_cat":[12291,12292],"product_tag":[],"class_list":{"0":"post-701503","1":"product","2":"type-product","3":"status-publish","5":"product_cat-edebiyat","6":"product_cat-turk-edebiyati","7":"pa_tur-kitap","8":"pa_yayinevi-dergah-yayinlari","9":"pa_yazar-ahmet-hamdi-tanpinar","11":"first","12":"instock","13":"sale","14":"shipping-taxable","15":"purchasable","16":"product-type-simple"},"_links":{"self":[{"href":"https:\/\/roveyayinevi.com.tr\/index.php\/wp-json\/wp\/v2\/product\/701503","targetHints":{"allow":["GET"]}}],"collection":[{"href":"https:\/\/roveyayinevi.com.tr\/index.php\/wp-json\/wp\/v2\/product"}],"about":[{"href":"https:\/\/roveyayinevi.com.tr\/index.php\/wp-json\/wp\/v2\/types\/product"}],"wp:attachment":[{"href":"https:\/\/roveyayinevi.com.tr\/index.php\/wp-json\/wp\/v2\/media?parent=701503"}],"wp:term":[{"taxonomy":"product_brand","embeddable":true,"href":"https:\/\/roveyayinevi.com.tr\/index.php\/wp-json\/wp\/v2\/product_brand?post=701503"},{"taxonomy":"product_cat","embeddable":true,"href":"https:\/\/roveyayinevi.com.tr\/index.php\/wp-json\/wp\/v2\/product_cat?post=701503"},{"taxonomy":"product_tag","embeddable":true,"href":"https:\/\/roveyayinevi.com.tr\/index.php\/wp-json\/wp\/v2\/product_tag?post=701503"}],"curies":[{"name":"wp","href":"https:\/\/api.w.org\/{rel}","templated":true}]}}