{"id":701489,"date":"2025-08-27T15:09:42","date_gmt":"2025-08-27T12:09:42","guid":{"rendered":"https:\/\/roveyayinevi.com.tr\/index.php\/urun\/ahlak-nizami\/"},"modified":"2025-11-22T03:19:47","modified_gmt":"2025-11-22T00:19:47","slug":"ahlak-nizami","status":"publish","type":"product","link":"https:\/\/roveyayinevi.com.tr\/index.php\/urun\/ahlak-nizami\/","title":{"rendered":"Ahlak Nizam\u0131"},"content":{"rendered":"<p>Ortadan \u00e7ekilip kaybolan ahlak nizam\u0131, hepimizin, hatta bug\u00fcnk\u00fc hayat \u015fartlar\u0131n\u0131n her t\u00fcrl\u00fc maziye nazaran daha m\u00fckemmel oldu\u011funu kendilerine bir teselli gibi kullanmaya \u00f6zenenlerin bile, i\u00e7in i\u00e7in ya\u015fatt\u0131klar\u0131 bir kahr\u0131n, bir derdin, bir ac\u0131n\u0131n en ufak devas\u0131n\u0131 elimizde b\u0131rakmad\u0131. Hayat\u0131m\u0131z\u0131 \u00e7ekilmez bir y\u00fck haline koyan bu ahlaki sefaletin ta i\u00e7imizdeki m\u00fcthi\u015f manzaras\u0131n\u0131 nas\u0131l anlatal\u0131m: Sanki korkun\u00e7 ve \u015ferir bir varl\u0131k, perdenin arkas\u0131ndaki o i\u011fren\u00e7 y\u00fczl\u00fc ifrit etrafa sald\u0131r\u0131yor. Gayz\u0131m\u0131z, isyan\u0131m\u0131z, son haddine gelmi\u015f g\u00fcya vurmak i\u00e7in, g\u00fcya ezmek i\u00e7in yumru\u011fumuzu kald\u0131r\u0131yoruz. Fakat heyhat, kolumuz bir bez par\u00e7as\u0131 gibi bitkin, kesilmi\u015f bir halde kuvvetsiz yere d\u00fc\u015f\u00fcyor. Etraf\u0131m\u0131zdan imdat istiyoruz, g\u00f6zlerimizin \u00f6n\u00fcnde kuvveti temsil eden z\u00fcmre lakay\u0131t g\u00fcl\u00fcyor. Halka \u00e7evriliyoruz, cemaat sarho\u015ftur, kendine gelemiyecek kadar s\u0131zm\u0131\u015f bir halde. Kime yalvaral\u0131m? Nereye \u00e7evrilelim?.. <\/p>\n","protected":false},"excerpt":{"rendered":"<p>Ortadan \u00e7ekilip kaybolan ahlak nizam\u0131, hepimizin, hatta bug\u00fcnk\u00fc hayat \u015fartlar\u0131n\u0131n her t\u00fcrl\u00fc maziye nazaran daha m\u00fckemmel oldu\u011funu kendilerine bir teselli gibi kullanmaya \u00f6zenenlerin bile, i\u00e7in i\u00e7in<span class=\"excerpt-hellip\"> [\u2026]<\/span><\/p>\n","protected":false},"featured_media":0,"template":"","meta":{"_monsterinsights_skip_tracking":false,"_monsterinsights_sitenote_active":false,"_monsterinsights_sitenote_note":"","_monsterinsights_sitenote_category":0},"product_brand":[],"product_cat":[15319,12388],"product_tag":[],"class_list":{"0":"post-701489","1":"product","2":"type-product","3":"status-publish","5":"product_cat-etik","6":"product_cat-felsefe","7":"pa_tur-kitap","8":"pa_yayinevi-dergah-yayinlari","9":"pa_yazar-nurettin-topcu","11":"first","12":"instock","13":"sale","14":"shipping-taxable","15":"purchasable","16":"product-type-simple"},"_links":{"self":[{"href":"https:\/\/roveyayinevi.com.tr\/index.php\/wp-json\/wp\/v2\/product\/701489","targetHints":{"allow":["GET"]}}],"collection":[{"href":"https:\/\/roveyayinevi.com.tr\/index.php\/wp-json\/wp\/v2\/product"}],"about":[{"href":"https:\/\/roveyayinevi.com.tr\/index.php\/wp-json\/wp\/v2\/types\/product"}],"wp:attachment":[{"href":"https:\/\/roveyayinevi.com.tr\/index.php\/wp-json\/wp\/v2\/media?parent=701489"}],"wp:term":[{"taxonomy":"product_brand","embeddable":true,"href":"https:\/\/roveyayinevi.com.tr\/index.php\/wp-json\/wp\/v2\/product_brand?post=701489"},{"taxonomy":"product_cat","embeddable":true,"href":"https:\/\/roveyayinevi.com.tr\/index.php\/wp-json\/wp\/v2\/product_cat?post=701489"},{"taxonomy":"product_tag","embeddable":true,"href":"https:\/\/roveyayinevi.com.tr\/index.php\/wp-json\/wp\/v2\/product_tag?post=701489"}],"curies":[{"name":"wp","href":"https:\/\/api.w.org\/{rel}","templated":true}]}}